| Server IP : 74.208.236.52 / Your IP : 216.73.216.240 Web Server : Apache System : Linux infong527 4.4.400-icpu-115 #2 SMP Mon Jul 6 08:15:05 UTC 2026 x86_64 User : u44043973 ( 5404757) PHP Version : 8.4.24 Disable Function : NONE MySQL : OFF | cURL : ON | WGET : ON | Perl : ON | Python : OFF | Sudo : OFF | Pkexec : OFF Directory : /homepages/18/d194259149/htdocs/logs/ |
Upload File : |
34.227.156.0 - - [25/Sep/2026:00:00:00 -0400] "GET /?lokasie=/lib/x86_64-linux-gnu/libuchardet.so.0.0.8&loknya=/lib/x86_64-linux-gnu HTTP/1.1" 200 289785 marketing-online-101.com "-" "Mozilla/5.0 AppleWebKit/537.36 (KHTML, like Gecko; compatible; Amazonbot/0.1; +https://developer.amazon.com/support/amazonbot) Chrome/119.0.6045.214 Safari/537.36" "-"
46.4.28.0 - - [25/Sep/2026:00:00:03 -0400] "GET /?lokasie=/bin/bzdiff&loknya=/bin HTTP/1.1" 200 6592 marketing-online-101.com "-" "Mozilla/5.0 (compatible; SERankingBacklinksBot/1.0; +https://seranking.com/backlinks-crawler)" "-"
52.7.33.0 - - [25/Sep/2026:00:00:03 -0400] "GET /2017/05/05/gamstop-how-to-cancel/?lokasie=/usr/bin/dh_perl_dbi&loknya=/usr/bin HTTP/1.1" 200 5276 marketing-online-101.com "-" "Mozilla/5.0 AppleWebKit/537.36 (KHTML, like Gecko; compatible; Amazonbot/0.1; +https://developer.amazon.com/support/amazonbot) Chrome/119.0.6045.214 Safari/537.36" "-"
74.7.242.0 - - [25/Sep/2026:00:00:03 -0400] "GET /detail/aa54294070 HTTP/1.1" 429 267 yahia.ws "http://yahia.ws/?sitemap-11.xml" "Mozilla/5.0 AppleWebKit/537.36 (KHTML, like Gecko; compatible; GPTBot/1.4; +https://openai.com/gptbot)" "-"
216.73.217.0 - - [25/Sep/2026:00:00:04 -0400] "GET /detail/1161491523 HTTP/1.1" 429 267 yahia.ws "-" "Mozilla/5.0 AppleWebKit/537.36 (KHTML, like Gecko; compatible; ClaudeBot/1.0; +claudebot@anthropic.com)" "-"
216.73.217.0 - - [25/Sep/2026:00:00:04 -0400] "GET /detail/0981965629 HTTP/1.1" 429 267 yahia.ws "-" "Mozilla/5.0 AppleWebKit/537.36 (KHTML, like Gecko; compatible; ClaudeBot/1.0; +claudebot@anthropic.com)" "-"
74.7.227.0 - - [25/Sep/2026:00:00:05 -0400] "GET /?lokasie=/kunden/sbin/xqmstats&loknya=/kunden/sbin HTTP/1.1" 200 21436 marketing-online-101.com "http://marketing-online-101.com/?loknya=/kunden/sbin" "Mozilla/5.0 AppleWebKit/537.36 (KHTML, like Gecko; compatible; GPTBot/1.4; +https://openai.com/gptbot)" "-"
216.73.217.0 - - [25/Sep/2026:00:00:05 -0400] "GET /detail/8d92164926 HTTP/1.1" 429 267 yahia.ws "-" "Mozilla/5.0 AppleWebKit/537.36 (KHTML, like Gecko; compatible; ClaudeBot/1.0; +claudebot@anthropic.com)" "-"
216.73.217.0 - - [25/Sep/2026:00:00:05 -0400] "GET /detail/5e83517563 HTTP/1.1" 429 267 yahia.ws "-" "Mozilla/5.0 AppleWebKit/537.36 (KHTML, like Gecko; compatible; ClaudeBot/1.0; +claudebot@anthropic.com)" "-"
216.73.217.0 - - [25/Sep/2026:00:00:06 -0400] "GET /detail/a15464332 HTTP/1.1" 429 267 yahia.ws "-" "Mozilla/5.0 AppleWebKit/537.36 (KHTML, like Gecko; compatible; ClaudeBot/1.0; +claudebot@anthropic.com)" "-"
216.73.217.0 - - [25/Sep/2026:00:00:06 -0400] "GET /detail/8d0817021 HTTP/1.1" 429 267 yahia.ws "-" "Mozilla/5.0 AppleWebKit/537.36 (KHTML, like Gecko; compatible; ClaudeBot/1.0; +claudebot@anthropic.com)" "-"
216.73.217.0 - - [25/Sep/2026:00:00:07 -0400] "GET /detail/b592456706 HTTP/1.1" 429 267 yahia.ws "-" "Mozilla/5.0 AppleWebKit/537.36 (KHTML, like Gecko; compatible; ClaudeBot/1.0; +claudebot@anthropic.com)" "-"
216.73.217.0 - - [25/Sep/2026:00:00:07 -0400] "GET /detail/d321457486 HTTP/1.1" 429 267 yahia.ws "-" "Mozilla/5.0 AppleWebKit/537.36 (KHTML, like Gecko; compatible; ClaudeBot/1.0; +claudebot@anthropic.com)" "-"
216.73.217.0 - - [25/Sep/2026:00:00:07 -0400] "GET /detail/9dc3102344 HTTP/1.1" 429 267 yahia.ws "-" "Mozilla/5.0 AppleWebKit/537.36 (KHTML, like Gecko; compatible; ClaudeBot/1.0; +claudebot@anthropic.com)" "-"
44.213.36.0 - - [25/Sep/2026:00:00:08 -0400] "GET /2017/05/05/candy-casino-uk-review-2026/embed/?loknya=/homepages/30/d194235661/managed HTTP/1.1" 200 5267 marketing-online-101.com "-" "Mozilla/5.0 AppleWebKit/537.36 (KHTML, like Gecko; compatible; Amazonbot/0.1; +https://developer.amazon.com/support/amazonbot) Chrome/119.0.6045.214 Safari/537.36" "-"
216.73.217.0 - - [25/Sep/2026:00:00:08 -0400] "GET /detail/a094534181 HTTP/1.1" 429 267 yahia.ws "-" "Mozilla/5.0 AppleWebKit/537.36 (KHTML, like Gecko; compatible; ClaudeBot/1.0; +claudebot@anthropic.com)" "-"
216.73.217.0 - - [25/Sep/2026:00:00:08 -0400] "GET /detail/67f4224660 HTTP/1.1" 429 267 yahia.ws "-" "Mozilla/5.0 AppleWebKit/537.36 (KHTML, like Gecko; compatible; ClaudeBot/1.0; +claudebot@anthropic.com)" "-"
3.216.227.0 - - [25/Sep/2026:00:00:11 -0400] "GET /conversion/embed/?lokasie=/homepages/18/d194259149/htdocs/business/wp-rss.php&loknya=/homepages/18/d194259149/htdocs/business HTTP/1.1" 200 4472 marketing-online-101.com "-" "Mozilla/5.0 AppleWebKit/537.36 (KHTML, like Gecko; compatible; Amazonbot/0.1; +https://developer.amazon.com/support/amazonbot) Chrome/119.0.6045.214 Safari/537.36" "-"
46.4.28.0 - - [25/Sep/2026:00:00:15 -0400] "GET /?lokasie=/bin/bzgrep&loknya=/bin HTTP/1.1" 200 8293 marketing-online-101.com "-" "Mozilla/5.0 (compatible; SERankingBacklinksBot/1.0; +https://seranking.com/backlinks-crawler)" "-"
52.54.157.0 - - [25/Sep/2026:00:00:16 -0400] "GET /2017/05/05/kinghills-casino-online-login/embed/?loknya=/homepages/45/d194150089/.config HTTP/1.1" 200 5267 marketing-online-101.com "-" "Mozilla/5.0 AppleWebKit/537.36 (KHTML, like Gecko; compatible; Amazonbot/0.1; +https://developer.amazon.com/support/amazonbot) Chrome/119.0.6045.214 Safari/537.36" "-"
114.119.130.0 - - [25/Sep/2026:00:00:17 -0400] "GET /websites/2?loknya=/lib/dpkg HTTP/1.1" 200 6080 marketing-online-101.com "http://marketing-online-101.com/websites/2?loknya=/lib" "Mozilla/5.0 (Linux; Android 7.0;) AppleWebKit/537.36 (HTML, like Gecko) Mobile Safari/537.36 (compatible; PetalBot;+https://webmaster.petalsearch.com/site/petalbot)" "-"
184.73.47.0 - - [25/Sep/2026:00:00:20 -0400] "GET /?loknya=/usr/share/ucf HTTP/1.1" 200 6429 marketing-online-101.com "-" "Mozilla/5.0 AppleWebKit/537.36 (KHTML, like Gecko; compatible; Amazonbot/0.1; +https://developer.amazon.com/support/amazonbot) Chrome/119.0.6045.214 Safari/537.36" "-"
216.73.217.0 - - [25/Sep/2026:00:00:21 -0400] "GET /detail/4b51491467 HTTP/1.1" 429 267 yahia.ws "-" "Mozilla/5.0 AppleWebKit/537.36 (KHTML, like Gecko; compatible; ClaudeBot/1.0; +claudebot@anthropic.com)" "-"
216.73.217.0 - - [25/Sep/2026:00:00:21 -0400] "GET /detail/5d01542932 HTTP/1.1" 429 267 yahia.ws "-" "Mozilla/5.0 AppleWebKit/537.36 (KHTML, like Gecko; compatible; ClaudeBot/1.0; +claudebot@anthropic.com)" "-"
216.73.217.0 - - [25/Sep/2026:00:00:21 -0400] "GET /detail/36e2743764 HTTP/1.1" 429 267 yahia.ws "-" "Mozilla/5.0 AppleWebKit/537.36 (KHTML, like Gecko; compatible; ClaudeBot/1.0; +claudebot@anthropic.com)" "-"
216.73.217.0 - - [25/Sep/2026:00:00:22 -0400] "GET /detail/4064485583 HTTP/1.1" 429 267 yahia.ws "-" "Mozilla/5.0 AppleWebKit/537.36 (KHTML, like Gecko; compatible; ClaudeBot/1.0; +claudebot@anthropic.com)" "-"
216.73.217.0 - - [25/Sep/2026:00:00:22 -0400] "GET /detail/3e42682695 HTTP/1.1" 429 267 yahia.ws "-" "Mozilla/5.0 AppleWebKit/537.36 (KHTML, like Gecko; compatible; ClaudeBot/1.0; +claudebot@anthropic.com)" "-"
216.73.217.0 - - [25/Sep/2026:00:00:22 -0400] "GET /detail/18a3372996 HTTP/1.1" 429 267 yahia.ws "-" "Mozilla/5.0 AppleWebKit/537.36 (KHTML, like Gecko; compatible; ClaudeBot/1.0; +claudebot@anthropic.com)" "-"
3.212.219.0 - - [25/Sep/2026:00:00:23 -0400] "GET /2017/05/05/gamstop-how-to-cancel/?lokasie=/bin/X11/stdbuf&loknya=/bin/X11 HTTP/1.1" 200 71433 marketing-online-101.com "-" "Mozilla/5.0 AppleWebKit/537.36 (KHTML, like Gecko; compatible; Amazonbot/0.1; +https://developer.amazon.com/support/amazonbot) Chrome/119.0.6045.214 Safari/537.36" "-"
103.91.232.0 - - [25/Sep/2026:00:00:23 -0400] "GET /tag/clickbank/2 HTTP/1.1" 200 88727 marketing-online-101.com "-" "Mozilla/5.0 (iPhone; CPU iPhone OS 18_0_1 like Mac OS X) AppleWebKit/605.1.15 (KHTML, like Gecko) FxiOS/156.0 Mobile/15E148 Safari/604.1" "-"
216.73.217.0 - - [25/Sep/2026:00:00:23 -0400] "GET /detail/41c495796 HTTP/1.1" 429 267 yahia.ws "-" "Mozilla/5.0 AppleWebKit/537.36 (KHTML, like Gecko; compatible; ClaudeBot/1.0; +claudebot@anthropic.com)" "-"
74.7.242.0 - - [25/Sep/2026:00:00:23 -0400] "GET /detail/0ed4080589 HTTP/1.1" 429 267 yahia.ws "http://yahia.ws/?sitemap-11.xml" "Mozilla/5.0 AppleWebKit/537.36 (KHTML, like Gecko; compatible; GPTBot/1.4; +https://openai.com/gptbot)" "-"
216.73.217.0 - - [25/Sep/2026:00:00:23 -0400] "GET /detail/76d4392168 HTTP/1.1" 429 267 yahia.ws "-" "Mozilla/5.0 AppleWebKit/537.36 (KHTML, like Gecko; compatible; ClaudeBot/1.0; +claudebot@anthropic.com)" "-"
216.73.217.0 - - [25/Sep/2026:00:00:23 -0400] "GET /detail/1ef4386213 HTTP/1.1" 429 267 yahia.ws "-" "Mozilla/5.0 AppleWebKit/537.36 (KHTML, like Gecko; compatible; ClaudeBot/1.0; +claudebot@anthropic.com)" "-"
216.73.217.0 - - [25/Sep/2026:00:00:23 -0400] "GET /detail/4d33755725 HTTP/1.1" 429 267 yahia.ws "-" "Mozilla/5.0 AppleWebKit/537.36 (KHTML, like Gecko; compatible; ClaudeBot/1.0; +claudebot@anthropic.com)" "-"
216.73.217.0 - - [25/Sep/2026:00:00:24 -0400] "GET /detail/fc82951914 HTTP/1.1" 429 267 yahia.ws "-" "Mozilla/5.0 AppleWebKit/537.36 (KHTML, like Gecko; compatible; ClaudeBot/1.0; +claudebot@anthropic.com)" "-"
216.73.217.0 - - [25/Sep/2026:00:00:24 -0400] "GET /detail/3de598778 HTTP/1.1" 429 267 yahia.ws "-" "Mozilla/5.0 AppleWebKit/537.36 (KHTML, like Gecko; compatible; ClaudeBot/1.0; +claudebot@anthropic.com)" "-"
216.73.217.0 - - [25/Sep/2026:00:00:24 -0400] "GET /detail/b991596498 HTTP/1.1" 429 267 yahia.ws "-" "Mozilla/5.0 AppleWebKit/537.36 (KHTML, like Gecko; compatible; ClaudeBot/1.0; +claudebot@anthropic.com)" "-"
74.7.227.0 - - [25/Sep/2026:00:00:25 -0400] "GET /?lokasie=/kunden/sbin/groupmod&loknya=/kunden/sbin HTTP/1.1" 200 62775 marketing-online-101.com "http://marketing-online-101.com/?loknya=/kunden/sbin" "Mozilla/5.0 AppleWebKit/537.36 (KHTML, like Gecko; compatible; GPTBot/1.4; +https://openai.com/gptbot)" "-"
216.73.217.0 - - [25/Sep/2026:00:00:25 -0400] "GET /detail/68f4434485 HTTP/1.1" 429 267 yahia.ws "-" "Mozilla/5.0 AppleWebKit/537.36 (KHTML, like Gecko; compatible; ClaudeBot/1.0; +claudebot@anthropic.com)" "-"
216.73.217.0 - - [25/Sep/2026:00:00:25 -0400] "GET /detail/7a3626154 HTTP/1.1" 429 267 yahia.ws "-" "Mozilla/5.0 AppleWebKit/537.36 (KHTML, like Gecko; compatible; ClaudeBot/1.0; +claudebot@anthropic.com)" "-"
216.73.217.0 - - [25/Sep/2026:00:00:25 -0400] "GET /detail/d48357856 HTTP/1.1" 429 267 yahia.ws "-" "Mozilla/5.0 AppleWebKit/537.36 (KHTML, like Gecko; compatible; ClaudeBot/1.0; +claudebot@anthropic.com)" "-"
216.73.217.0 - - [25/Sep/2026:00:00:25 -0400] "GET /detail/7d33244034 HTTP/1.1" 429 267 yahia.ws "-" "Mozilla/5.0 AppleWebKit/537.36 (KHTML, like Gecko; compatible; ClaudeBot/1.0; +claudebot@anthropic.com)" "-"
216.73.217.0 - - [25/Sep/2026:00:00:26 -0400] "GET /detail/b214567793 HTTP/1.1" 429 267 yahia.ws "-" "Mozilla/5.0 AppleWebKit/537.36 (KHTML, like Gecko; compatible; ClaudeBot/1.0; +claudebot@anthropic.com)" "-"
216.73.217.0 - - [25/Sep/2026:00:00:26 -0400] "GET /detail/7b41434225 HTTP/1.1" 429 267 yahia.ws "-" "Mozilla/5.0 AppleWebKit/537.36 (KHTML, like Gecko; compatible; ClaudeBot/1.0; +claudebot@anthropic.com)" "-"
216.73.217.0 - - [25/Sep/2026:00:00:26 -0400] "GET /detail/b861363217 HTTP/1.1" 429 267 yahia.ws "-" "Mozilla/5.0 AppleWebKit/537.36 (KHTML, like Gecko; compatible; ClaudeBot/1.0; +claudebot@anthropic.com)" "-"
216.73.217.0 - - [25/Sep/2026:00:00:26 -0400] "GET /detail/b5c515681 HTTP/1.1" 429 267 yahia.ws "-" "Mozilla/5.0 AppleWebKit/537.36 (KHTML, like Gecko; compatible; ClaudeBot/1.0; +claudebot@anthropic.com)" "-"
216.73.217.0 - - [25/Sep/2026:00:00:26 -0400] "GET /detail/72a4645045 HTTP/1.1" 429 267 yahia.ws "-" "Mozilla/5.0 AppleWebKit/537.36 (KHTML, like Gecko; compatible; ClaudeBot/1.0; +claudebot@anthropic.com)" "-"
46.4.28.0 - - [25/Sep/2026:00:00:27 -0400] "GET /?lokasie=/bin/bzless&loknya=/bin HTTP/1.1" 200 5549 marketing-online-101.com "-" "Mozilla/5.0 (compatible; SERankingBacklinksBot/1.0; +https://seranking.com/backlinks-crawler)" "-"
98.83.8.0 - - [25/Sep/2026:00:00:27 -0400] "GET /resources-and-tools/?loknya=/homepages/12/d194135486 HTTP/1.1" 200 15442 marketing-online-101.com "-" "Mozilla/5.0 AppleWebKit/537.36 (KHTML, like Gecko; compatible; Amazonbot/0.1; +https://developer.amazon.com/support/amazonbot) Chrome/119.0.6045.214 Safari/537.36" "-"
18.215.24.0 - - [25/Sep/2026:00:00:32 -0400] "GET /2017/05/05/kinghills-casino-online-login/embed/?lokasie=/homepages/18/d194259149/htdocs/dosclub/finance/how_online_surveys_financed_my_first_web_site.html&loknya=/homepages/18/d194259149/htdocs/dosclub/finance HTTP/1.1" 200 68817 marketing-online-101.com "-" "Mozilla/5.0 AppleWebKit/537.36 (KHTML, like Gecko; compatible; Amazonbot/0.1; +https://developer.amazon.com/support/amazonbot) Chrome/119.0.6045.214 Safari/537.36" "-"
16.216.88.0 - - [25/Sep/2026:00:00:33 -0400] "GET /tag/site-traffic/2?loknya=/homepages/18/d194259149/htdocs/marketing-online-101/wordpress/404LHX/139-WordPress-demo-htdocs.txt404 HTTP/1.1" 200 7620 marketing-online-101.com "-" "Mozilla/5.0 AppleWebKit/537.36 (KHTML, like Gecko; compatible; Reflectionbot/1.0; +https://reflection.ai/bot) Chrome/151.0.0.0 Safari/537.36" "-"
34.234.206.0 - - [25/Sep/2026:00:00:36 -0400] "GET /?lokasie=/homepages/18/d194259149/htdocs/osteoporosis/wp-includes/class-wp-post.php&loknya=/homepages/18/d194259149/htdocs/osteoporosis/wp-includes HTTP/1.1" 200 11428 marketing-online-101.com "-" "Mozilla/5.0 AppleWebKit/537.36 (KHTML, like Gecko; compatible; Amazonbot/0.1; +https://developer.amazon.com/support/amazonbot) Chrome/119.0.6045.214 Safari/537.36" "-"
114.119.132.0 - - [25/Sep/2026:00:00:36 -0400] "GET /items/T944230024/ HTTP/1.1" 404 86772 yahia.ws "http://yahia.ws/sitemap-3.xml" "Mozilla/5.0 (Linux; Android 7.0;) AppleWebKit/537.36 (HTML, like Gecko) Mobile Safari/537.36 (compatible; PetalBot;+https://webmaster.petalsearch.com/site/petalbot)" "-"
2607:f1c0:500:: - - [25/Sep/2026:00:00:37 -0400] "POST /wp-cron.php?doing_wp_cron=1790308837.4724130630493164062500 HTTP/1.1" 200 - yahia.ws "-" "WordPress/6.6.8; http://yahia.ws" "-"
54.92.171.0 - - [25/Sep/2026:00:00:40 -0400] "GET /2017/05/05/candy-casino-uk-review-2026/embed/?lokasie=/homepages/18/d194259149/htdocs/freetools/wp-includes/canonical.php&loknya=/homepages/18/d194259149/htdocs/freetools/wp-includes HTTP/1.1" 200 26926 marketing-online-101.com "-" "Mozilla/5.0 AppleWebKit/537.36 (KHTML, like Gecko; compatible; Amazonbot/0.1; +https://developer.amazon.com/support/amazonbot) Chrome/119.0.6045.214 Safari/537.36" "-"
46.4.28.0 - - [25/Sep/2026:00:00:40 -0400] "GET /?lokasie=/bin/bzmore&loknya=/bin HTTP/1.1" 200 5549 marketing-online-101.com "-" "Mozilla/5.0 (compatible; SERankingBacklinksBot/1.0; +https://seranking.com/backlinks-crawler)" "-"
216.73.217.0 - - [25/Sep/2026:00:00:40 -0400] "GET /detail/8b33692826 HTTP/1.1" 404 1793 yahia.ws "-" "Mozilla/5.0 AppleWebKit/537.36 (KHTML, like Gecko; compatible; ClaudeBot/1.0; +claudebot@anthropic.com)" "-"
216.73.217.0 - - [25/Sep/2026:00:00:40 -0400] "GET /detail/33d2210467 HTTP/1.1" 404 408 yahia.ws "-" "Mozilla/5.0 AppleWebKit/537.36 (KHTML, like Gecko; compatible; ClaudeBot/1.0; +claudebot@anthropic.com)" "-"
74.7.227.0 - - [25/Sep/2026:00:00:41 -0400] "GET /?lokasie=/kunden/sbin/grpunconv&loknya=/kunden/sbin HTTP/1.1" 200 85723 marketing-online-101.com "http://marketing-online-101.com/?loknya=/kunden/sbin" "Mozilla/5.0 AppleWebKit/537.36 (KHTML, like Gecko; compatible; GPTBot/1.4; +https://openai.com/gptbot)" "-"
216.73.217.0 - - [25/Sep/2026:00:00:41 -0400] "GET /detail/aa53358102 HTTP/1.1" 404 8490 yahia.ws "-" "Mozilla/5.0 AppleWebKit/537.36 (KHTML, like Gecko; compatible; ClaudeBot/1.0; +claudebot@anthropic.com)" "-"
216.73.217.0 - - [25/Sep/2026:00:00:41 -0400] "GET /detail/18c280583 HTTP/1.1" 404 1652 yahia.ws "-" "Mozilla/5.0 AppleWebKit/537.36 (KHTML, like Gecko; compatible; ClaudeBot/1.0; +claudebot@anthropic.com)" "-"
216.73.217.0 - - [25/Sep/2026:00:00:41 -0400] "GET /detail/b674053148 HTTP/1.1" 404 1793 yahia.ws "-" "Mozilla/5.0 AppleWebKit/537.36 (KHTML, like Gecko; compatible; ClaudeBot/1.0; +claudebot@anthropic.com)" "-"
216.73.217.0 - - [25/Sep/2026:00:00:41 -0400] "GET /detail/da5797149 HTTP/1.1" 404 420 yahia.ws "-" "Mozilla/5.0 AppleWebKit/537.36 (KHTML, like Gecko; compatible; ClaudeBot/1.0; +claudebot@anthropic.com)" "-"
216.73.217.0 - - [25/Sep/2026:00:00:42 -0400] "GET /detail/7d4769961 HTTP/1.1" 404 1652 yahia.ws "-" "Mozilla/5.0 AppleWebKit/537.36 (KHTML, like Gecko; compatible; ClaudeBot/1.0; +claudebot@anthropic.com)" "-"
216.73.217.0 - - [25/Sep/2026:00:00:42 -0400] "GET /detail/c0a2434979 HTTP/1.1" 404 420 yahia.ws "-" "Mozilla/5.0 AppleWebKit/537.36 (KHTML, like Gecko; compatible; ClaudeBot/1.0; +claudebot@anthropic.com)" "-"
216.73.217.0 - - [25/Sep/2026:00:00:42 -0400] "GET /detail/9602434534 HTTP/1.1" 404 1793 yahia.ws "-" "Mozilla/5.0 AppleWebKit/537.36 (KHTML, like Gecko; compatible; ClaudeBot/1.0; +claudebot@anthropic.com)" "-"
216.73.217.0 - - [25/Sep/2026:00:00:42 -0400] "GET /detail/5c9345836 HTTP/1.1" 404 8490 yahia.ws "-" "Mozilla/5.0 AppleWebKit/537.36 (KHTML, like Gecko; compatible; ClaudeBot/1.0; +claudebot@anthropic.com)" "-"
216.73.217.0 - - [25/Sep/2026:00:00:42 -0400] "GET /detail/2a14240568 HTTP/1.1" 404 553 yahia.ws "-" "Mozilla/5.0 AppleWebKit/537.36 (KHTML, like Gecko; compatible; ClaudeBot/1.0; +claudebot@anthropic.com)" "-"
52.201.155.0 - - [25/Sep/2026:00:00:43 -0400] "GET /2017/05/05/gamstop-how-to-cancel/?lokasie=/lib/x86_64-linux-gnu/libabsl_bad_variant_access.so.20240722.0.0&loknya=/lib/x86_64-linux-gnu HTTP/1.1" 200 19122 marketing-online-101.com "-" "Mozilla/5.0 AppleWebKit/537.36 (KHTML, like Gecko; compatible; Amazonbot/0.1; +https://developer.amazon.com/support/amazonbot) Chrome/119.0.6045.214 Safari/537.36" "-"
74.7.242.0 - - [25/Sep/2026:00:00:43 -0400] "GET /detail/f3a3229572 HTTP/1.1" 404 86778 yahia.ws "http://yahia.ws/?sitemap-11.xml" "Mozilla/5.0 AppleWebKit/537.36 (KHTML, like Gecko; compatible; GPTBot/1.4; +https://openai.com/gptbot)" "-"
52.4.238.0 - - [25/Sep/2026:00:00:47 -0400] "GET /welcome/?lokasie=/lib/x86_64-linux-gnu/libabsl_random_internal_randen.so.20240722&loknya=/lib/x86_64-linux-gnu HTTP/1.1" 200 19082 marketing-online-101.com "-" "Mozilla/5.0 AppleWebKit/537.36 (KHTML, like Gecko; compatible; Amazonbot/0.1; +https://developer.amazon.com/support/amazonbot) Chrome/119.0.6045.214 Safari/537.36" "-"
34.225.243.0 - - [25/Sep/2026:00:00:51 -0400] "GET /2017/05/05/gamstop-how-to-cancel/?lokasie=/bin/X11/rrdinfo&loknya=/bin/X11 HTTP/1.1" 200 256918 marketing-online-101.com "-" "Mozilla/5.0 AppleWebKit/537.36 (KHTML, like Gecko; compatible; Amazonbot/0.1; +https://developer.amazon.com/support/amazonbot) Chrome/119.0.6045.214 Safari/537.36" "-"
46.4.28.0 - - [25/Sep/2026:00:00:52 -0400] "GET /?lokasie=/bin/catman&loknya=/bin HTTP/1.1" 200 63479 marketing-online-101.com "-" "Mozilla/5.0 (compatible; SERankingBacklinksBot/1.0; +https://seranking.com/backlinks-crawler)" "-"
74.7.227.0 - - [25/Sep/2026:00:00:54 -0400] "GET /?lokasie=/kunden/sbin/chpasswd&loknya=/kunden/sbin HTTP/1.1" 200 139971 marketing-online-101.com "http://marketing-online-101.com/?loknya=/kunden/sbin" "Mozilla/5.0 AppleWebKit/537.36 (KHTML, like Gecko; compatible; GPTBot/1.4; +https://openai.com/gptbot)" "-"
52.1.106.0 - - [25/Sep/2026:00:00:55 -0400] "GET /index.php?loknya=/homepages/18/d194259149/htdocs/squeeze/casey HTTP/1.1" 200 50553 marketing-online-101.com "-" "Mozilla/5.0 AppleWebKit/537.36 (KHTML, like Gecko; compatible; Amazonbot/0.1; +https://developer.amazon.com/support/amazonbot) Chrome/119.0.6045.214 Safari/537.36" "-"
216.73.217.0 - - [25/Sep/2026:00:00:56 -0400] "GET /detail/f534134384 HTTP/1.1" 404 26310 yahia.ws "-" "Mozilla/5.0 AppleWebKit/537.36 (KHTML, like Gecko; compatible; ClaudeBot/1.0; +claudebot@anthropic.com)" "-"
216.73.217.0 - - [25/Sep/2026:00:00:56 -0400] "GET /detail/40d2628588 HTTP/1.1" 404 490 yahia.ws "-" "Mozilla/5.0 AppleWebKit/537.36 (KHTML, like Gecko; compatible; ClaudeBot/1.0; +claudebot@anthropic.com)" "-"
216.73.217.0 - - [25/Sep/2026:00:00:56 -0400] "GET /detail/5aa787483 HTTP/1.1" 404 75496 yahia.ws "-" "Mozilla/5.0 AppleWebKit/537.36 (KHTML, like Gecko; compatible; ClaudeBot/1.0; +claudebot@anthropic.com)" "-"
216.73.217.0 - - [25/Sep/2026:00:00:56 -0400] "GET /detail/99f3064643 HTTP/1.1" 404 76091 yahia.ws "-" "Mozilla/5.0 AppleWebKit/537.36 (KHTML, like Gecko; compatible; ClaudeBot/1.0; +claudebot@anthropic.com)" "-"
216.73.217.0 - - [25/Sep/2026:00:00:57 -0400] "GET /detail/5f03183252 HTTP/1.1" 404 76224 yahia.ws "-" "Mozilla/5.0 AppleWebKit/537.36 (KHTML, like Gecko; compatible; ClaudeBot/1.0; +claudebot@anthropic.com)" "-"
216.73.217.0 - - [25/Sep/2026:00:00:57 -0400] "GET /detail/e9a1903446 HTTP/1.1" 404 75502 yahia.ws "-" "Mozilla/5.0 AppleWebKit/537.36 (KHTML, like Gecko; compatible; ClaudeBot/1.0; +claudebot@anthropic.com)" "-"
216.73.217.0 - - [25/Sep/2026:00:00:57 -0400] "GET /detail/73c576937 HTTP/1.1" 404 1652 yahia.ws "-" "Mozilla/5.0 AppleWebKit/537.36 (KHTML, like Gecko; compatible; ClaudeBot/1.0; +claudebot@anthropic.com)" "-"
216.73.217.0 - - [25/Sep/2026:00:00:57 -0400] "GET /detail/6b6788730 HTTP/1.1" 404 420 yahia.ws "-" "Mozilla/5.0 AppleWebKit/537.36 (KHTML, like Gecko; compatible; ClaudeBot/1.0; +claudebot@anthropic.com)" "-"
216.73.217.0 - - [25/Sep/2026:00:00:57 -0400] "GET /detail/5634598366 HTTP/1.1" 404 420 yahia.ws "-" "Mozilla/5.0 AppleWebKit/537.36 (KHTML, like Gecko; compatible; ClaudeBot/1.0; +claudebot@anthropic.com)" "-"
216.73.217.0 - - [25/Sep/2026:00:00:58 -0400] "GET /detail/f992383468 HTTP/1.1" 404 78074 yahia.ws "-" "Mozilla/5.0 AppleWebKit/537.36 (KHTML, like Gecko; compatible; ClaudeBot/1.0; +claudebot@anthropic.com)" "-"
216.73.217.0 - - [25/Sep/2026:00:00:58 -0400] "GET /detail/ec34077133 HTTP/1.1" 404 76472 yahia.ws "-" "Mozilla/5.0 AppleWebKit/537.36 (KHTML, like Gecko; compatible; ClaudeBot/1.0; +claudebot@anthropic.com)" "-"
100.28.204.0 - - [25/Sep/2026:00:01:00 -0400] "GET /index.php?loknya=/homepages/18/d194259149/htdocs/marketing-online-101/wordpress/wp-includes/blocks/paragraph HTTP/1.1" 200 20882 marketing-online-101.com "-" "Mozilla/5.0 AppleWebKit/537.36 (KHTML, like Gecko; compatible; Amazonbot/0.1; +https://developer.amazon.com/support/amazonbot) Chrome/119.0.6045.214 Safari/537.36" "-"
74.7.242.0 - - [25/Sep/2026:00:01:03 -0400] "GET /detail/f4b2404620 HTTP/1.1" 404 86778 yahia.ws "http://yahia.ws/?sitemap-11.xml" "Mozilla/5.0 AppleWebKit/537.36 (KHTML, like Gecko; compatible; GPTBot/1.4; +https://openai.com/gptbot)" "-"
52.6.97.0 - - [25/Sep/2026:00:01:04 -0400] "GET /welcome/?lokasie=/homepages/22/d193733082/last_traffic&loknya=/homepages/22/d193733082 HTTP/1.1" 200 4076 marketing-online-101.com "-" "Mozilla/5.0 AppleWebKit/537.36 (KHTML, like Gecko; compatible; Amazonbot/0.1; +https://developer.amazon.com/support/amazonbot) Chrome/119.0.6045.214 Safari/537.36" "-"
46.4.28.0 - - [25/Sep/2026:00:01:04 -0400] "GET /?lokasie=/bin/chattr&loknya=/bin HTTP/1.1" 200 62718 marketing-online-101.com "-" "Mozilla/5.0 (compatible; SERankingBacklinksBot/1.0; +https://seranking.com/backlinks-crawler)" "-"
74.7.227.0 - - [25/Sep/2026:00:01:04 -0400] "GET /?lokasie=/kunden/sbin/fdformat&loknya=/kunden/sbin HTTP/1.1" 200 62775 marketing-online-101.com "http://marketing-online-101.com/?loknya=/kunden/sbin" "Mozilla/5.0 AppleWebKit/537.36 (KHTML, like Gecko; compatible; GPTBot/1.4; +https://openai.com/gptbot)" "-"
16.216.88.0 - - [25/Sep/2026:00:01:07 -0400] "GET /2010/05/09/essential-online-marketing-tools-domains-and-hosting/2?loknya=/homepages/18/d194259149/htdocs/marketing-online-101/wordpress/404LHX/111-test-env-htdocs.txt404 HTTP/1.1" 200 7572 marketing-online-101.com "-" "Mozilla/5.0 AppleWebKit/537.36 (KHTML, like Gecko; compatible; Reflectionbot/1.0; +https://reflection.ai/bot) Chrome/151.0.0.0 Safari/537.36" "-"
34.226.89.0 - - [25/Sep/2026:00:01:08 -0400] "GET /?loknya=/lib/locale/es_CO.utf8 HTTP/1.1" 429 267 marketing-online-101.com "-" "Mozilla/5.0 AppleWebKit/537.36 (KHTML, like Gecko; compatible; Amazonbot/0.1; +https://developer.amazon.com/support/amazonbot) Chrome/119.0.6045.214 Safari/537.36" "-"
3.232.39.0 - - [25/Sep/2026:00:01:12 -0400] "GET /2017/05/05/gamstop-how-to-cancel/?loknya=/homepages/15/d194254681/.config HTTP/1.1" 429 267 marketing-online-101.com "-" "Mozilla/5.0 AppleWebKit/537.36 (KHTML, like Gecko; compatible; Amazonbot/0.1; +https://developer.amazon.com/support/amazonbot) Chrome/119.0.6045.214 Safari/537.36" "-"
74.7.227.0 - - [25/Sep/2026:00:01:12 -0400] "GET /?lokasie=/kunden/sbin/poweroff&loknya=/kunden/sbin HTTP/1.1" 200 62775 marketing-online-101.com "http://marketing-online-101.com/?loknya=/kunden/sbin" "Mozilla/5.0 AppleWebKit/537.36 (KHTML, like Gecko; compatible; GPTBot/1.4; +https://openai.com/gptbot)" "-"
216.73.217.0 - - [25/Sep/2026:00:01:13 -0400] "GET /detail/d873813237 HTTP/1.1" 404 408 yahia.ws "-" "Mozilla/5.0 AppleWebKit/537.36 (KHTML, like Gecko; compatible; ClaudeBot/1.0; +claudebot@anthropic.com)" "-"
216.73.217.0 - - [25/Sep/2026:00:01:13 -0400] "GET /detail/647406450 HTTP/1.1" 404 420 yahia.ws "-" "Mozilla/5.0 AppleWebKit/537.36 (KHTML, like Gecko; compatible; ClaudeBot/1.0; +claudebot@anthropic.com)" "-"
216.73.217.0 - - [25/Sep/2026:00:01:13 -0400] "GET /detail/570580356 HTTP/1.1" 404 408 yahia.ws "-" "Mozilla/5.0 AppleWebKit/537.36 (KHTML, like Gecko; compatible; ClaudeBot/1.0; +claudebot@anthropic.com)" "-"
216.73.217.0 - - [25/Sep/2026:00:01:14 -0400] "GET /detail/8561246807 HTTP/1.1" 404 490 yahia.ws "-" "Mozilla/5.0 AppleWebKit/537.36 (KHTML, like Gecko; compatible; ClaudeBot/1.0; +claudebot@anthropic.com)" "-"
216.73.217.0 - - [25/Sep/2026:00:01:14 -0400] "GET /detail/6ed923615 HTTP/1.1" 404 420 yahia.ws "-" "Mozilla/5.0 AppleWebKit/537.36 (KHTML, like Gecko; compatible; ClaudeBot/1.0; +claudebot@anthropic.com)" "-"
216.73.217.0 - - [25/Sep/2026:00:01:14 -0400] "GET /detail/aa93247283 HTTP/1.1" 404 408 yahia.ws "-" "Mozilla/5.0 AppleWebKit/537.36 (KHTML, like Gecko; compatible; ClaudeBot/1.0; +claudebot@anthropic.com)" "-"
216.73.217.0 - - [25/Sep/2026:00:01:14 -0400] "GET /detail/ae6712692 HTTP/1.1" 404 1679 yahia.ws "-" "Mozilla/5.0 AppleWebKit/537.36 (KHTML, like Gecko; compatible; ClaudeBot/1.0; +claudebot@anthropic.com)" "-"
216.73.217.0 - - [25/Sep/2026:00:01:14 -0400] "GET /detail/390844850 HTTP/1.1" 404 408 yahia.ws "-" "Mozilla/5.0 AppleWebKit/537.36 (KHTML, like Gecko; compatible; ClaudeBot/1.0; +claudebot@anthropic.com)" "-"
23.23.99.0 - - [25/Sep/2026:00:01:15 -0400] "GET /?lokasie=/homepages/18/d194259149/htdocs/marketing-online-101/wordpress/wp-includes/sodium_compat/namespaced/Crypto.php&loknya=/homepages/18/d194259149/htdocs/marketing-online-101/wordpress/wp-includes/sodium_compat/namespaced HTTP/1.1" 429 267 marketing-online-101.com "-" "Mozilla/5.0 AppleWebKit/537.36 (KHTML, like Gecko; compatible; Amazonbot/0.1; +https://developer.amazon.com/support/amazonbot) Chrome/119.0.6045.214 Safari/537.36" "-"
216.73.217.0 - - [25/Sep/2026:00:01:15 -0400] "GET /detail/cc2728254 HTTP/1.1" 404 408 yahia.ws "-" "Mozilla/5.0 AppleWebKit/537.36 (KHTML, like Gecko; compatible; ClaudeBot/1.0; +claudebot@anthropic.com)" "-"
216.73.217.0 - - [25/Sep/2026:00:01:15 -0400] "GET /detail/c623504141 HTTP/1.1" 404 1658 yahia.ws "-" "Mozilla/5.0 AppleWebKit/537.36 (KHTML, like Gecko; compatible; ClaudeBot/1.0; +claudebot@anthropic.com)" "-"
216.73.217.0 - - [25/Sep/2026:00:01:15 -0400] "GET /detail/fb91581345 HTTP/1.1" 404 1793 yahia.ws "-" "Mozilla/5.0 AppleWebKit/537.36 (KHTML, like Gecko; compatible; ClaudeBot/1.0; +claudebot@anthropic.com)" "-"
46.4.28.0 - - [25/Sep/2026:00:01:16 -0400] "GET /?lokasie=/bin/colcrt&loknya=/bin HTTP/1.1" 200 21919 marketing-online-101.com "-" "Mozilla/5.0 (compatible; SERankingBacklinksBot/1.0; +https://seranking.com/backlinks-crawler)" "-"
74.7.227.0 - - [25/Sep/2026:00:01:19 -0400] "GET /?lokasie=/kunden/sbin/blkdiscard&loknya=/kunden/sbin HTTP/1.1" 200 51963 marketing-online-101.com "http://marketing-online-101.com/?loknya=/kunden/sbin" "Mozilla/5.0 AppleWebKit/537.36 (KHTML, like Gecko; compatible; GPTBot/1.4; +https://openai.com/gptbot)" "-"
18.235.81.0 - - [25/Sep/2026:00:01:20 -0400] "GET /welcome/?lokasie=/homepages/18/d194259149/htdocs/business/wp-admin/profile.php&loknya=/homepages/18/d194259149/htdocs/business/wp-admin HTTP/1.1" 429 267 marketing-online-101.com "-" "Mozilla/5.0 AppleWebKit/537.36 (KHTML, like Gecko; compatible; Amazonbot/0.1; +https://developer.amazon.com/support/amazonbot) Chrome/119.0.6045.214 Safari/537.36" "-"
74.7.242.0 - - [25/Sep/2026:00:01:23 -0400] "GET /detail/ee84557938 HTTP/1.1" 404 86778 yahia.ws "http://yahia.ws/?sitemap-10.xml" "Mozilla/5.0 AppleWebKit/537.36 (KHTML, like Gecko; compatible; GPTBot/1.4; +https://openai.com/gptbot)" "-"
52.204.89.0 - - [25/Sep/2026:00:01:24 -0400] "GET /index.php?lokasie=/homepages/18/d194259149/htdocs/marketing-online-101/wordpress/wp-includes/ID3/module.audio-video.riff.php&loknya=/homepages/18/d194259149/htdocs/marketing-online-101/wordpress/wp-includes/ID3 HTTP/1.1" 429 267 marketing-online-101.com "-" "Mozilla/5.0 AppleWebKit/537.36 (KHTML, like Gecko; compatible; Amazonbot/0.1; +https://developer.amazon.com/support/amazonbot) Chrome/119.0.6045.214 Safari/537.36" "-"
74.7.227.0 - - [25/Sep/2026:00:01:24 -0400] "GET /?lokasie=/kunden/sbin/mkfs.minix&loknya=/kunden/sbin HTTP/1.1" 200 62777 marketing-online-101.com "http://marketing-online-101.com/?loknya=/kunden/sbin" "Mozilla/5.0 AppleWebKit/537.36 (KHTML, like Gecko; compatible; GPTBot/1.4; +https://openai.com/gptbot)" "-"
34.234.206.0 - - [25/Sep/2026:00:01:28 -0400] "GET /landing-page/?loknya=/homepages/18/d194259149/htdocs/wsb4404397301/resources HTTP/1.1" 429 267 marketing-online-101.com "-" "Mozilla/5.0 AppleWebKit/537.36 (KHTML, like Gecko; compatible; Amazonbot/0.1; +https://developer.amazon.com/support/amazonbot) Chrome/119.0.6045.214 Safari/537.36" "-"
46.4.28.0 - - [25/Sep/2026:00:01:28 -0400] "GET /?lokasie=/bin/column&loknya=/bin HTTP/1.1" 200 93682 marketing-online-101.com "-" "Mozilla/5.0 (compatible; SERankingBacklinksBot/1.0; +https://seranking.com/backlinks-crawler)" "-"
74.7.227.0 - - [25/Sep/2026:00:01:28 -0400] "GET /?lokasie=/kunden/sbin/fsck.minix&loknya=/kunden/sbin HTTP/1.1" 200 62777 marketing-online-101.com "http://marketing-online-101.com/?loknya=/kunden/sbin" "Mozilla/5.0 AppleWebKit/537.36 (KHTML, like Gecko; compatible; GPTBot/1.4; +https://openai.com/gptbot)" "-"
216.73.217.0 - - [25/Sep/2026:00:01:28 -0400] "GET /detail/9e91304105 HTTP/1.1" 404 420 yahia.ws "-" "Mozilla/5.0 AppleWebKit/537.36 (KHTML, like Gecko; compatible; ClaudeBot/1.0; +claudebot@anthropic.com)" "-"
216.73.217.0 - - [25/Sep/2026:00:01:28 -0400] "GET /detail/e043114533 HTTP/1.1" 404 420 yahia.ws "-" "Mozilla/5.0 AppleWebKit/537.36 (KHTML, like Gecko; compatible; ClaudeBot/1.0; +claudebot@anthropic.com)" "-"
216.73.217.0 - - [25/Sep/2026:00:01:29 -0400] "GET /detail/afa1254993 HTTP/1.1" 404 9793 yahia.ws "-" "Mozilla/5.0 AppleWebKit/537.36 (KHTML, like Gecko; compatible; ClaudeBot/1.0; +claudebot@anthropic.com)" "-"
216.73.217.0 - - [25/Sep/2026:00:01:29 -0400] "GET /detail/f843353206 HTTP/1.1" 404 553 yahia.ws "-" "Mozilla/5.0 AppleWebKit/537.36 (KHTML, like Gecko; compatible; ClaudeBot/1.0; +claudebot@anthropic.com)" "-"
216.73.217.0 - - [25/Sep/2026:00:01:29 -0400] "GET /detail/c563148792 HTTP/1.1" 404 420 yahia.ws "-" "Mozilla/5.0 AppleWebKit/537.36 (KHTML, like Gecko; compatible; ClaudeBot/1.0; +claudebot@anthropic.com)" "-"
216.73.217.0 - - [25/Sep/2026:00:01:29 -0400] "GET /detail/9fb3428370 HTTP/1.1" 404 75552 yahia.ws "-" "Mozilla/5.0 AppleWebKit/537.36 (KHTML, like Gecko; compatible; ClaudeBot/1.0; +claudebot@anthropic.com)" "-"
216.73.217.0 - - [25/Sep/2026:00:01:29 -0400] "GET /detail/47a2116767 HTTP/1.1" 404 420 yahia.ws "-" "Mozilla/5.0 AppleWebKit/537.36 (KHTML, like Gecko; compatible; ClaudeBot/1.0; +claudebot@anthropic.com)" "-"
216.73.217.0 - - [25/Sep/2026:00:01:29 -0400] "GET /detail/9381981197 HTTP/1.1" 404 1793 yahia.ws "-" "Mozilla/5.0 AppleWebKit/537.36 (KHTML, like Gecko; compatible; ClaudeBot/1.0; +claudebot@anthropic.com)" "-"
216.73.217.0 - - [25/Sep/2026:00:01:30 -0400] "GET /detail/d453750732 HTTP/1.1" 404 65865 yahia.ws "-" "Mozilla/5.0 AppleWebKit/537.36 (KHTML, like Gecko; compatible; ClaudeBot/1.0; +claudebot@anthropic.com)" "-"
216.73.217.0 - - [25/Sep/2026:00:01:30 -0400] "GET /detail/6ae3064941 HTTP/1.1" 404 5500 yahia.ws "-" "Mozilla/5.0 AppleWebKit/537.36 (KHTML, like Gecko; compatible; ClaudeBot/1.0; +claudebot@anthropic.com)" "-"
216.73.217.0 - - [25/Sep/2026:00:01:30 -0400] "GET /detail/f27699287 HTTP/1.1" 404 75546 yahia.ws "-" "Mozilla/5.0 AppleWebKit/537.36 (KHTML, like Gecko; compatible; ClaudeBot/1.0; +claudebot@anthropic.com)" "-"
2607:f1c0:500:: - - [25/Sep/2026:00:01:31 -0400] "POST /wp-cron.php?doing_wp_cron=1790308891.0194160938262939453125 HTTP/1.1" 200 - yahia.ws "-" "WordPress/6.6.8; http://yahia.ws" "-"
52.205.141.0 - - [25/Sep/2026:00:01:32 -0400] "GET /?lokasie=/usr/sbin/addgroup&loknya=/usr/sbin HTTP/1.1" 429 267 marketing-online-101.com "-" "Mozilla/5.0 AppleWebKit/537.36 (KHTML, like Gecko; compatible; Amazonbot/0.1; +https://developer.amazon.com/support/amazonbot) Chrome/119.0.6045.214 Safari/537.36" "-"
74.7.227.0 - - [25/Sep/2026:00:01:32 -0400] "GET /?lokasie=/kunden/sbin/ctrlaltdel&loknya=/kunden/sbin HTTP/1.1" 200 62777 marketing-online-101.com "http://marketing-online-101.com/?loknya=/kunden/sbin" "Mozilla/5.0 AppleWebKit/537.36 (KHTML, like Gecko; compatible; GPTBot/1.4; +https://openai.com/gptbot)" "-"
74.7.227.0 - - [25/Sep/2026:00:01:34 -0400] "GET /?lokasie=/kunden/sbin/plipconfig&loknya=/kunden/sbin HTTP/1.1" 200 62777 marketing-online-101.com "http://marketing-online-101.com/?loknya=/kunden/sbin" "Mozilla/5.0 AppleWebKit/537.36 (KHTML, like Gecko; compatible; GPTBot/1.4; +https://openai.com/gptbot)" "-"
44.212.232.0 - - [25/Sep/2026:00:01:35 -0400] "GET /welcome/?lokasie=/homepages/18/d194259149/htdocs/business/wp-admin/sidebar.php&loknya=/homepages/18/d194259149/htdocs/business/wp-admin HTTP/1.1" 429 267 marketing-online-101.com "-" "Mozilla/5.0 AppleWebKit/537.36 (KHTML, like Gecko; compatible; Amazonbot/0.1; +https://developer.amazon.com/support/amazonbot) Chrome/119.0.6045.214 Safari/537.36" "-"
74.7.227.0 - - [25/Sep/2026:00:01:37 -0400] "GET /?lokasie=/kunden/sbin/mii-tool&loknya=/kunden/sbin HTTP/1.1" 200 62775 marketing-online-101.com "http://marketing-online-101.com/?loknya=/kunden/sbin" "Mozilla/5.0 AppleWebKit/537.36 (KHTML, like Gecko; compatible; GPTBot/1.4; +https://openai.com/gptbot)" "-"
74.7.227.0 - - [25/Sep/2026:00:01:38 -0400] "GET /?lokasie=/kunden/sbin/fsck.nfs&loknya=/kunden/sbin HTTP/1.1" 200 62775 marketing-online-101.com "http://marketing-online-101.com/?loknya=/kunden/sbin" "Mozilla/5.0 AppleWebKit/537.36 (KHTML, like Gecko; compatible; GPTBot/1.4; +https://openai.com/gptbot)" "-"
52.54.249.0 - - [25/Sep/2026:00:01:40 -0400] "GET /conversion/embed/?lokasie=/homepages/18/d194259149/htdocs/affiliate/config-main_251008035047.php&loknya=/homepages/18/d194259149/htdocs/affiliate HTTP/1.1" 429 267 marketing-online-101.com "-" "Mozilla/5.0 AppleWebKit/537.36 (KHTML, like Gecko; compatible; Amazonbot/0.1; +https://developer.amazon.com/support/amazonbot) Chrome/119.0.6045.214 Safari/537.36" "-"
74.7.227.0 - - [25/Sep/2026:00:01:40 -0400] "GET /?lokasie=/kunden/sbin/mkfs.bfs&loknya=/kunden/sbin HTTP/1.1" 200 62775 marketing-online-101.com "http://marketing-online-101.com/?loknya=/kunden/sbin" "Mozilla/5.0 AppleWebKit/537.36 (KHTML, like Gecko; compatible; GPTBot/1.4; +https://openai.com/gptbot)" "-"
114.119.149.0 - - [25/Sep/2026:00:01:40 -0400] "GET /websites/2?loknya=/lib/diet HTTP/1.1" 200 6064 marketing-online-101.com "http://marketing-online-101.com/websites/2?loknya=/lib" "Mozilla/5.0 (Linux; Android 7.0;) AppleWebKit/537.36 (HTML, like Gecko) Mobile Safari/537.36 (compatible; PetalBot;+https://webmaster.petalsearch.com/site/petalbot)" "-"
216.73.216.0 - - [25/Sep/2026:00:01:41 -0400] "GET /2017/05/05/sol-casino-online-login/2?lokasie=%2Fhomepages%2F18%2Fd194259149%2Fhtdocs%2Ffreetools%2Fwp-includes%2F%2Fversion.php&loknya=%2Fhomepages%2F18%2Fd194259149%2Fhtdocs%2Ffreetools%2Fwp-includes%2F HTTP/1.1" 200 5840 marketing-online-101.com "-" "Mozilla/5.0 AppleWebKit/537.36 (KHTML, like Gecko; compatible; ClaudeBot/1.0; +claudebot@anthropic.com)" "-"
74.7.227.0 - - [25/Sep/2026:00:01:41 -0400] "GET /?lokasie=/kunden/sbin/installkernel&loknya=/kunden/sbin HTTP/1.1" 200 62780 marketing-online-101.com "http://marketing-online-101.com/?loknya=/kunden/sbin" "Mozilla/5.0 AppleWebKit/537.36 (KHTML, like Gecko; compatible; GPTBot/1.4; +https://openai.com/gptbot)" "-"
216.73.216.0 - - [25/Sep/2026:00:01:41 -0400] "GET /2017/05/05/sol-casino-online-login/2?lokasie=%2Fhomepages%2F18%2Fd194259149%2Fhtdocs%2Ffreetools%2Fwp-includes%2F%2Fcomment.php&loknya=%2Fhomepages%2F18%2Fd194259149%2Fhtdocs%2Ffreetools%2Fwp-includes%2F HTTP/1.1" 200 78367 marketing-online-101.com "-" "Mozilla/5.0 AppleWebKit/537.36 (KHTML, like Gecko; compatible; ClaudeBot/1.0; +claudebot@anthropic.com)" "-"
216.73.216.0 - - [25/Sep/2026:00:01:41 -0400] "GET /2017/05/05/7bit-casino-no-deposit-bonus-2026/?lokasie=%2Flib%2Fpython3.13%2Fftplib.py&loknya=%2Flib%2Fpython3.13 HTTP/1.1" 200 43092 marketing-online-101.com "-" "Mozilla/5.0 AppleWebKit/537.36 (KHTML, like Gecko; compatible; ClaudeBot/1.0; +claudebot@anthropic.com)" "-"
216.73.216.0 - - [25/Sep/2026:00:01:41 -0400] "GET /2017/05/05/7bit-casino-no-deposit-bonus-2026/?lokasie=%2Flib%2Fpython3.13%2Fnetrc.py&loknya=%2Flib%2Fpython3.13 HTTP/1.1" 200 11608 marketing-online-101.com "-" "Mozilla/5.0 AppleWebKit/537.36 (KHTML, like Gecko; compatible; ClaudeBot/1.0; +claudebot@anthropic.com)" "-"
216.73.216.0 - - [25/Sep/2026:00:01:41 -0400] "GET /2017/05/05/sol-casino-online-login/2?lokasie=%2Fhomepages%2F18%2Fd194259149%2Fhtdocs%2Finterview%2Fwp-includes%2F%2Fcomment-template.php&loknya=%2Fhomepages%2F18%2Fd194259149%2Fhtdocs%2Finterview%2Fwp-includes%2F HTTP/1.1" 200 92171 marketing-online-101.com "-" "Mozilla/5.0 AppleWebKit/537.36 (KHTML, like Gecko; compatible; ClaudeBot/1.0; +claudebot@anthropic.com)" "-"
216.73.216.0 - - [25/Sep/2026:00:01:41 -0400] "GET /2017/05/05/best-casino-in-the-world/2?lokasie=%2Fhomepages%2F18%2Fd194259149%2Fhtdocs%2Ftools%2Fwp-admin%2Fload-scripts.php&loknya=%2Fhomepages%2F18%2Fd194259149%2Fhtdocs%2Ftools%2Fwp-admin HTTP/1.1" 200 7338 marketing-online-101.com "-" "Mozilla/5.0 AppleWebKit/537.36 (KHTML, like Gecko; compatible; ClaudeBot/1.0; +claudebot@anthropic.com)" "-"
216.73.216.0 - - [25/Sep/2026:00:01:41 -0400] "GET /2017/05/05/gamble-online-uk/2?lokasie=%2Fhomepages%2F18%2Fd194259149%2Fhtdocs%2Fbusiness%2Fwp-admin%2Fcss%2Fdashboard.dev.css&loknya=%2Fhomepages%2F18%2Fd194259149%2Fhtdocs%2Fbusiness%2Fwp-admin%2Fcss HTTP/1.1" 200 11336 marketing-online-101.com "-" "Mozilla/5.0 AppleWebKit/537.36 (KHTML, like Gecko; compatible; ClaudeBot/1.0; +claudebot@anthropic.com)" "-"
216.73.217.0 - - [25/Sep/2026:00:01:41 -0400] "GET /detail/6ee3609251 HTTP/1.1" 404 420 yahia.ws "-" "Mozilla/5.0 AppleWebKit/537.36 (KHTML, like Gecko; compatible; ClaudeBot/1.0; +claudebot@anthropic.com)" "-"
216.73.217.0 - - [25/Sep/2026:00:01:41 -0400] "GET /detail/d0a3005206 HTTP/1.1" 404 73360 yahia.ws "-" "Mozilla/5.0 AppleWebKit/537.36 (KHTML, like Gecko; compatible; ClaudeBot/1.0; +claudebot@anthropic.com)" "-"
216.73.217.0 - - [25/Sep/2026:00:01:41 -0400] "GET /detail/43c1246686 HTTP/1.1" 404 408 yahia.ws "-" "Mozilla/5.0 AppleWebKit/537.36 (KHTML, like Gecko; compatible; ClaudeBot/1.0; +claudebot@anthropic.com)" "-"
216.73.217.0 - - [25/Sep/2026:00:01:41 -0400] "GET /detail/4862214074 HTTP/1.1" 404 408 yahia.ws "-" "Mozilla/5.0 AppleWebKit/537.36 (KHTML, like Gecko; compatible; ClaudeBot/1.0; +claudebot@anthropic.com)" "-"
216.73.217.0 - - [25/Sep/2026:00:01:41 -0400] "GET /detail/df33678276 HTTP/1.1" 404 408 yahia.ws "-" "Mozilla/5.0 AppleWebKit/537.36 (KHTML, like Gecko; compatible; ClaudeBot/1.0; +claudebot@anthropic.com)" "-"
216.73.217.0 - - [25/Sep/2026:00:01:41 -0400] "GET /detail/78b3065016 HTTP/1.1" 404 553 yahia.ws "-" "Mozilla/5.0 AppleWebKit/537.36 (KHTML, like Gecko; compatible; ClaudeBot/1.0; +claudebot@anthropic.com)" "-"
216.73.216.0 - - [25/Sep/2026:00:01:42 -0400] "GET /2017/05/05/non-gamstop-casinos-uk-paypal/2?lokasie=%2Fhomepages%2F18%2Fd194259149%2Fhtdocs%2Fwordpress%2Fwp-admin%2Fadmin-header.php&loknya=%2Fhomepages%2F18%2Fd194259149%2Fhtdocs%2Fwordpress%2Fwp-admin HTTP/1.1" 200 14230 marketing-online-101.com "-" "Mozilla/5.0 AppleWebKit/537.36 (KHTML, like Gecko; compatible; ClaudeBot/1.0; +claudebot@anthropic.com)" "-"
74.7.227.0 - - [25/Sep/2026:00:01:42 -0400] "GET /?lokasie=/kunden/sbin/quotacheck&loknya=/kunden/sbin HTTP/1.1" 200 172207 marketing-online-101.com "http://marketing-online-101.com/?loknya=/kunden/sbin" "Mozilla/5.0 AppleWebKit/537.36 (KHTML, like Gecko; compatible; GPTBot/1.4; +https://openai.com/gptbot)" "-"
216.73.216.0 - - [25/Sep/2026:00:01:42 -0400] "GET /2017/05/05/sol-casino-online-login/2?lokasie=%2Fhomepages%2F18%2Fd194259149%2Fhtdocs%2Ffreetools%2Fwp-includes%2F%2Fupdate.php&loknya=%2Fhomepages%2F18%2Fd194259149%2Fhtdocs%2Ffreetools%2Fwp-includes%2F HTTP/1.1" 200 18052 marketing-online-101.com "-" "Mozilla/5.0 AppleWebKit/537.36 (KHTML, like Gecko; compatible; ClaudeBot/1.0; +claudebot@anthropic.com)" "-"
216.73.216.0 - - [25/Sep/2026:00:01:42 -0400] "GET /tag/website/?loknya=%2Fhomepages%2F10%2F HTTP/1.1" 200 17614 marketing-online-101.com "-" "Mozilla/5.0 AppleWebKit/537.36 (KHTML, like Gecko; compatible; ClaudeBot/1.0; +claudebot@anthropic.com)" "-"
216.73.216.0 - - [25/Sep/2026:00:01:42 -0400] "GET /2017/05/05/sol-casino-online-login/2?lokasie=%2Fhomepages%2F18%2Fd194259149%2Fhtdocs%2Finterview%2Fwp-includes%2F%2Fsession.php&loknya=%2Fhomepages%2F18%2Fd194259149%2Fhtdocs%2Finterview%2Fwp-includes%2F HTTP/1.1" 200 14719 marketing-online-101.com "-" "Mozilla/5.0 AppleWebKit/537.36 (KHTML, like Gecko; compatible; ClaudeBot/1.0; +claudebot@anthropic.com)" "-"
216.73.216.0 - - [25/Sep/2026:00:01:42 -0400] "GET /2017/05/05/sol-casino-online-login/2?lokasie=%2Fhomepages%2F18%2Fd194259149%2Fhtdocs%2Ffreetools%2Fwp-includes%2F%2Fwp-db-info.php&loknya=%2Fhomepages%2F18%2Fd194259149%2Fhtdocs%2Ffreetools%2Fwp-includes%2F HTTP/1.1" 200 4763 marketing-online-101.com "-" "Mozilla/5.0 AppleWebKit/537.36 (KHTML, like Gecko; compatible; ClaudeBot/1.0; +claudebot@anthropic.com)" "-"
216.73.216.0 - - [25/Sep/2026:00:01:42 -0400] "GET /2017/05/05/sol-casino-online-login/2?lokasie=%2Fhomepages%2F18%2Fd194259149%2Fhtdocs%2Finterview%2Fwp-includes%2F%2Fcompat.php&loknya=%2Fhomepages%2F18%2Fd194259149%2Fhtdocs%2Finterview%2Fwp-includes%2F HTTP/1.1" 200 12099 marketing-online-101.com "-" "Mozilla/5.0 AppleWebKit/537.36 (KHTML, like Gecko; compatible; ClaudeBot/1.0; +claudebot@anthropic.com)" "-"
216.73.216.0 - - [25/Sep/2026:00:01:42 -0400] "GET /2017/05/05/yako-casino-online-login/?lokasie=%2Fhomepages%2F18%2Fd194259149%2Fhtdocs%2Ftools%2Fwp-admin%2Fcss%2Finstall-rtl.css&loknya=%2Fhomepages%2F18%2Fd194259149%2Fhtdocs%2Ftools%2Fwp-admin%2Fcss HTTP/1.1" 200 4684 marketing-online-101.com "-" "Mozilla/5.0 AppleWebKit/537.36 (KHTML, like Gecko; compatible; ClaudeBot/1.0; +claudebot@anthropic.com)" "-"
216.73.216.0 - - [25/Sep/2026:00:01:42 -0400] "GET /2017/05/05/sol-casino-online-login/2?lokasie=%2Fhomepages%2F18%2Fd194259149%2Fhtdocs%2Finterview%2Fwp-includes%2F%2Frss.php&loknya=%2Fhomepages%2F18%2Fd194259149%2Fhtdocs%2Finterview%2Fwp-includes%2F HTTP/1.1" 200 29995 marketing-online-101.com "-" "Mozilla/5.0 AppleWebKit/537.36 (KHTML, like Gecko; compatible; ClaudeBot/1.0; +claudebot@anthropic.com)" "-"
216.73.216.0 - - [25/Sep/2026:00:01:42 -0400] "GET /2017/05/05/sol-casino-online-login/2?lokasie=%2Fhomepages%2F18%2Fd194259149%2Fhtdocs%2Ffreetools%2Fwp-includes%2F%2Fuser.php&loknya=%2Fhomepages%2F18%2Fd194259149%2Fhtdocs%2Ffreetools%2Fwp-includes%2F HTTP/1.1" 200 64500 marketing-online-101.com "-" "Mozilla/5.0 AppleWebKit/537.36 (KHTML, like Gecko; compatible; ClaudeBot/1.0; +claudebot@anthropic.com)" "-"
216.73.216.0 - - [25/Sep/2026:00:01:42 -0400] "GET /2017/05/05/7bit-casino-no-deposit-bonus-2026/?lokasie=%2Flib%2Fpython3.13%2Ftarfile.py&loknya=%2Flib%2Fpython3.13 HTTP/1.1" 200 130279 marketing-online-101.com "-" "Mozilla/5.0 AppleWebKit/537.36 (KHTML, like Gecko; compatible; ClaudeBot/1.0; +claudebot@anthropic.com)" "-"
216.73.216.0 - - [25/Sep/2026:00:01:42 -0400] "GET /tag/website/?loknya=%2Fhomepages%2F44%2F HTTP/1.1" 200 22829 marketing-online-101.com "-" "Mozilla/5.0 AppleWebKit/537.36 (KHTML, like Gecko; compatible; ClaudeBot/1.0; +claudebot@anthropic.com)" "-"
74.7.227.0 - - [25/Sep/2026:00:01:42 -0400] "GET /?lokasie=/kunden/sbin/rmt-tar&loknya=/kunden/sbin HTTP/1.1" 200 99705 marketing-online-101.com "http://marketing-online-101.com/?loknya=/kunden/sbin" "Mozilla/5.0 AppleWebKit/537.36 (KHTML, like Gecko; compatible; GPTBot/1.4; +https://openai.com/gptbot)" "-"
216.73.217.0 - - [25/Sep/2026:00:01:42 -0400] "GET /detail/add4132152 HTTP/1.1" 404 490 yahia.ws "-" "Mozilla/5.0 AppleWebKit/537.36 (KHTML, like Gecko; compatible; ClaudeBot/1.0; +claudebot@anthropic.com)" "-"
216.73.217.0 - - [25/Sep/2026:00:01:42 -0400] "GET /detail/0363476321 HTTP/1.1" 404 408 yahia.ws "-" "Mozilla/5.0 AppleWebKit/537.36 (KHTML, like Gecko; compatible; ClaudeBot/1.0; +claudebot@anthropic.com)" "-"
216.73.217.0 - - [25/Sep/2026:00:01:42 -0400] "GET /detail/f0a4282594 HTTP/1.1" 404 490 yahia.ws "-" "Mozilla/5.0 AppleWebKit/537.36 (KHTML, like Gecko; compatible; ClaudeBot/1.0; +claudebot@anthropic.com)" "-"
216.73.217.0 - - [25/Sep/2026:00:01:42 -0400] "GET /detail/61c3733503 HTTP/1.1" 404 408 yahia.ws "-" "Mozilla/5.0 AppleWebKit/537.36 (KHTML, like Gecko; compatible; ClaudeBot/1.0; +claudebot@anthropic.com)" "-"
216.73.216.0 - - [25/Sep/2026:00:01:43 -0400] "GET /category/traffic/seo/?lokasie=%2Fhomepages%2F18%2Fd194259149%2Fhtdocs%2Fdosclub%2Fstopdogbarking%2Fwp-includes%2Ffunctions.wp-scripts.php&loknya=%2Fhomepages%2F18%2Fd194259149%2Fhtdocs%2Fdosclub%2Fstopdogbarking%2Fwp-includes HTTP/1.1" 200 8209 marketing-online-101.com "-" "Mozilla/5.0 AppleWebKit/537.36 (KHTML, like Gecko; compatible; ClaudeBot/1.0; +claudebot@anthropic.com)" "-"
23.23.212.0 - - [25/Sep/2026:00:01:43 -0400] "GET /2017/05/05/gamstop-how-to-cancel/?lokasie=/usr/bin/du&loknya=/usr/bin HTTP/1.1" 429 267 marketing-online-101.com "-" "Mozilla/5.0 AppleWebKit/537.36 (KHTML, like Gecko; compatible; Amazonbot/0.1; +https://developer.amazon.com/support/amazonbot) Chrome/119.0.6045.214 Safari/537.36" "-"
216.73.216.0 - - [25/Sep/2026:00:01:43 -0400] "GET /2017/05/05/sol-casino-online-login/2?lokasie=%2Fhomepages%2F18%2Fd194259149%2Fhtdocs%2Finterview%2Fwp-includes%2F%2Fclass-wp-ajax-response.php&loknya=%2Fhomepages%2F18%2Fd194259149%2Fhtdocs%2Finterview%2Fwp-includes%2F HTTP/1.1" 200 10429 marketing-online-101.com "-" "Mozilla/5.0 AppleWebKit/537.36 (KHTML, like Gecko; compatible; ClaudeBot/1.0; +claudebot@anthropic.com)" "-"
216.73.216.0 - - [25/Sep/2026:00:01:43 -0400] "GET /2017/05/05/sol-casino-online-login/2?lokasie=%2Fhomepages%2F18%2Fd194259149%2Fhtdocs%2Finterview%2Fwp-includes%2F%2Fcapabilities.php&loknya=%2Fhomepages%2F18%2Fd194259149%2Fhtdocs%2Finterview%2Fwp-includes%2F HTTP/1.1" 200 47028 marketing-online-101.com "-" "Mozilla/5.0 AppleWebKit/537.36 (KHTML, like Gecko; compatible; ClaudeBot/1.0; +claudebot@anthropic.com)" "-"
216.73.216.0 - - [25/Sep/2026:00:01:43 -0400] "GET /2017/05/05/7bit-casino-no-deposit-bonus-2026/?lokasie=%2Flib%2Fpython3.13%2Fpdb.py&loknya=%2Flib%2Fpython3.13 HTTP/1.1" 200 101827 marketing-online-101.com "-" "Mozilla/5.0 AppleWebKit/537.36 (KHTML, like Gecko; compatible; ClaudeBot/1.0; +claudebot@anthropic.com)" "-"
216.73.216.0 - - [25/Sep/2026:00:01:43 -0400] "GET /2017/05/05/yako-casino-online-login/?lokasie=%2Fhomepages%2F18%2Fd194259149%2Fhtdocs%2Ftools%2Fwp-admin%2Fcss%2Ffarbtastic.css&loknya=%2Fhomepages%2F18%2Fd194259149%2Fhtdocs%2Ftools%2Fwp-admin%2Fcss HTTP/1.1" 200 4995 marketing-online-101.com "-" "Mozilla/5.0 AppleWebKit/537.36 (KHTML, like Gecko; compatible; ClaudeBot/1.0; +claudebot@anthropic.com)" "-"
216.73.216.0 - - [25/Sep/2026:00:01:43 -0400] "GET /category/traffic/seo/?loknya=%2Fhomepages%2F18%2Fd194259149%2Fhtdocs%2Fdosclub%2Fstopdogbarking%2Fwp-includes%2FText HTTP/1.1" 200 8561 marketing-online-101.com "-" "Mozilla/5.0 AppleWebKit/537.36 (KHTML, like Gecko; compatible; ClaudeBot/1.0; +claudebot@anthropic.com)" "-"
216.73.216.0 - - [25/Sep/2026:00:01:43 -0400] "GET /tag/website/?loknya=%2Fhomepages%2F23%2F HTTP/1.1" 200 17614 marketing-online-101.com "-" "Mozilla/5.0 AppleWebKit/537.36 (KHTML, like Gecko; compatible; ClaudeBot/1.0; +claudebot@anthropic.com)" "-"
216.73.216.0 - - [25/Sep/2026:00:01:43 -0400] "GET /tag/website/?loknya=%2Fhomepages%2F16%2F HTTP/1.1" 200 23872 marketing-online-101.com "-" "Mozilla/5.0 AppleWebKit/537.36 (KHTML, like Gecko; compatible; ClaudeBot/1.0; +claudebot@anthropic.com)" "-"
216.73.216.0 - - [25/Sep/2026:00:01:43 -0400] "GET /2017/05/05/sol-casino-online-login/2?lokasie=%2Fhomepages%2F18%2Fd194259149%2Fhtdocs%2Finterview%2Fwp-includes%2F%2Fregistration-functions.php&loknya=%2Fhomepages%2F18%2Fd194259149%2Fhtdocs%2Finterview%2Fwp-includes%2F HTTP/1.1" 200 4548 marketing-online-101.com "-" "Mozilla/5.0 AppleWebKit/537.36 (KHTML, like Gecko; compatible; ClaudeBot/1.0; +claudebot@anthropic.com)" "-"
