| Server IP : 74.208.236.52 / Your IP : 216.73.217.139 Web Server : Apache System : Linux infong527 4.4.400-icpu-115 #2 SMP Mon Jul 6 08:15:05 UTC 2026 x86_64 User : u44043973 ( 5404757) PHP Version : 8.4.24 Disable Function : NONE MySQL : OFF | cURL : ON | WGET : ON | Perl : ON | Python : OFF | Sudo : OFF | Pkexec : OFF Directory : /homepages/18/d194259149/htdocs/logs/ |
Upload File : |
2607:f1c0:500:: - - [21/Sep/2026:00:00:29 -0400] "POST /wp-cron.php?doing_wp_cron=1789963229.9782280921936035156250 HTTP/1.1" 200 - yahia.ws "-" "WordPress/6.6.8; http://yahia.ws" "-"
114.119.132.0 - - [21/Sep/2026:00:00:29 -0400] "GET /items/T945295340/ HTTP/1.1" 404 86899 yahia.ws "http://yahia.ws/sitemap-5.xml" "Mozilla/5.0 (Linux; Android 7.0;) AppleWebKit/537.36 (HTML, like Gecko) Mobile Safari/537.36 (compatible; PetalBot;+https://webmaster.petalsearch.com/site/petalbot)" "-"
74.208.57.0 - - [21/Sep/2026:00:00:44 -0400] "POST /wp-cron.php?doing_wp_cron=1789963244.8656539916992187500000 HTTP/1.1" 200 - marketing-online-101.com "-" "WordPress/6.6.8; http://marketing-online-101.com" "-"
114.119.130.0 - - [21/Sep/2026:00:00:44 -0400] "GET /?p=5482 HTTP/1.1" 301 - marketing-online-101.com "http://marketing-online-101.com/?p=6167" "Mozilla/5.0 (Linux; Android 7.0;) AppleWebKit/537.36 (HTML, like Gecko) Mobile Safari/537.36 (compatible; PetalBot;+https://webmaster.petalsearch.com/site/petalbot)" "-"
114.119.130.0 - - [21/Sep/2026:00:00:46 -0400] "GET /2017/05/05/casino-jackpot-slots-real-money-download-for-android/ HTTP/1.1" 200 47654 marketing-online-101.com "http://marketing-online-101.com/?p=6167" "Mozilla/5.0 (Linux; Android 7.0;) AppleWebKit/537.36 (HTML, like Gecko) Mobile Safari/537.36 (compatible; PetalBot;+https://webmaster.petalsearch.com/site/petalbot)" "-"
216.73.216.0 - - [21/Sep/2026:00:00:52 -0400] "GET /detail/9594485587 HTTP/1.1" 404 8490 yahia.ws "-" "Mozilla/5.0 AppleWebKit/537.36 (KHTML, like Gecko; compatible; ClaudeBot/1.0; +claudebot@anthropic.com)" "-"
216.73.216.0 - - [21/Sep/2026:00:00:52 -0400] "GET /detail/9a9557285 HTTP/1.1" 404 1652 yahia.ws "-" "Mozilla/5.0 AppleWebKit/537.36 (KHTML, like Gecko; compatible; ClaudeBot/1.0; +claudebot@anthropic.com)" "-"
2607:f1c0:500:: - - [21/Sep/2026:00:00:53 -0400] "POST /wp-cron.php?doing_wp_cron=1789963253.0073409080505371093750 HTTP/1.1" 200 - yahia.ws "-" "WordPress/6.6.8; http://yahia.ws" "-"
216.73.216.0 - - [21/Sep/2026:00:00:57 -0400] "GET /detail/5112382542 HTTP/1.1" 404 75502 yahia.ws "-" "Mozilla/5.0 AppleWebKit/537.36 (KHTML, like Gecko; compatible; ClaudeBot/1.0; +claudebot@anthropic.com)" "-"
15.207.248.0 - - [21/Sep/2026:00:01:00 -0400] "GET /wp-admin/css/ HTTP/1.1" 403 1271 www.marketing-online-101.com "binance.com" "Mozilla/5.0 (Windows NT 10.0; Win64; x64) AppleWebKit/537.36 (KHTML, like Gecko) Chrome/90.0.4430.85 Safari/537.36" "-"
216.73.216.0 - - [21/Sep/2026:00:01:02 -0400] "GET /detail/6af791839 HTTP/1.1" 404 65705 yahia.ws "-" "Mozilla/5.0 AppleWebKit/537.36 (KHTML, like Gecko; compatible; ClaudeBot/1.0; +claudebot@anthropic.com)" "-"
216.73.216.0 - - [21/Sep/2026:00:01:02 -0400] "GET /detail/1512753421 HTTP/1.1" 404 553 yahia.ws "-" "Mozilla/5.0 AppleWebKit/537.36 (KHTML, like Gecko; compatible; ClaudeBot/1.0; +claudebot@anthropic.com)" "-"
136.243.220.0 - - [21/Sep/2026:00:01:18 -0400] "GET /detail/7803060083 HTTP/1.1" 404 86905 yahia.ws "-" "Mozilla/5.0 (compatible; DataForSeoBot/1.0; +https://dataforseo.com/dataforseo-bot)" "-"
216.73.217.0 - - [21/Sep/2026:00:01:32 -0400] "GET /2017/05/05/bingo-site-not-on-gamstop/2 HTTP/1.1" 301 - marketing-online-101.com "-" "Mozilla/5.0 AppleWebKit/537.36 (KHTML, like Gecko; compatible; ClaudeBot/1.0; +claudebot@anthropic.com)" "-"
216.73.217.0 - - [21/Sep/2026:00:01:33 -0400] "GET /2017/05/05/bingo-site-not-on-gamstop/ HTTP/1.1" 200 46769 marketing-online-101.com "http://marketing-online-101.com/2017/05/05/bingo-site-not-on-gamstop/2" "Mozilla/5.0 AppleWebKit/537.36 (KHTML, like Gecko; compatible; ClaudeBot/1.0; +claudebot@anthropic.com)" "-"
74.208.57.0 - - [21/Sep/2026:00:01:34 -0400] "POST /wp-cron.php?doing_wp_cron=1789963294.0669970512390136718750 HTTP/1.1" 200 - marketing-online-101.com "-" "WordPress/6.6.8; http://marketing-online-101.com" "-"
216.73.216.0 - - [21/Sep/2026:00:01:34 -0400] "GET /detail/ff82305463 HTTP/1.1" 404 78249 yahia.ws "-" "Mozilla/5.0 AppleWebKit/537.36 (KHTML, like Gecko; compatible; ClaudeBot/1.0; +claudebot@anthropic.com)" "-"
2607:f1c0:500:: - - [21/Sep/2026:00:01:35 -0400] "POST /wp-cron.php?doing_wp_cron=1789963295.4496018886566162109375 HTTP/1.1" 200 - yahia.ws "-" "WordPress/6.6.8; http://yahia.ws" "-"
216.73.217.0 - - [21/Sep/2026:00:01:37 -0400] "GET /2017/05/05/24spin-casino-uk-review-2026/2 HTTP/1.1" 301 - marketing-online-101.com "-" "Mozilla/5.0 AppleWebKit/537.36 (KHTML, like Gecko; compatible; ClaudeBot/1.0; +claudebot@anthropic.com)" "-"
216.73.217.0 - - [21/Sep/2026:00:01:38 -0400] "GET /2017/05/05/24spin-casino-uk-review-2026/ HTTP/1.1" 200 47435 marketing-online-101.com "-" "Mozilla/5.0 AppleWebKit/537.36 (KHTML, like Gecko; compatible; ClaudeBot/1.0; +claudebot@anthropic.com)" "-"
216.73.217.0 - - [21/Sep/2026:00:01:38 -0400] "GET /2017/05/05/24spin-casino-uk-review-2026/ HTTP/1.1" 200 47435 marketing-online-101.com "http://marketing-online-101.com/2017/05/05/24spin-casino-uk-review-2026/2" "Mozilla/5.0 AppleWebKit/537.36 (KHTML, like Gecko; compatible; ClaudeBot/1.0; +claudebot@anthropic.com)" "-"
216.73.216.0 - - [21/Sep/2026:00:01:39 -0400] "GET /detail/8ec3580558 HTTP/1.1" 404 415 yahia.ws "-" "Mozilla/5.0 AppleWebKit/537.36 (KHTML, like Gecko; compatible; ClaudeBot/1.0; +claudebot@anthropic.com)" "-"
216.73.216.0 - - [21/Sep/2026:00:01:39 -0400] "GET /detail/8964470802 HTTP/1.1" 404 8490 yahia.ws "-" "Mozilla/5.0 AppleWebKit/537.36 (KHTML, like Gecko; compatible; ClaudeBot/1.0; +claudebot@anthropic.com)" "-"
216.73.216.0 - - [21/Sep/2026:00:01:39 -0400] "GET /detail/b47391272 HTTP/1.1" 404 76085 yahia.ws "-" "Mozilla/5.0 AppleWebKit/537.36 (KHTML, like Gecko; compatible; ClaudeBot/1.0; +claudebot@anthropic.com)" "-"
136.243.220.0 - - [21/Sep/2026:00:01:41 -0400] "GET /detail/6493975573 HTTP/1.1" 404 86905 yahia.ws "-" "Mozilla/5.0 (compatible; DataForSeoBot/1.0; +https://dataforseo.com/dataforseo-bot)" "-"
114.119.135.0 - - [21/Sep/2026:00:01:51 -0400] "GET /items/T944680631/ HTTP/1.1" 404 86899 yahia.ws "http://yahia.ws/sitemap-14.xml" "Mozilla/5.0 (Linux; Android 7.0;) AppleWebKit/537.36 (HTML, like Gecko) Mobile Safari/537.36 (compatible; PetalBot;+https://webmaster.petalsearch.com/site/petalbot)" "-"
136.243.220.0 - - [21/Sep/2026:00:02:05 -0400] "GET /detail/b154126676 HTTP/1.1" 404 86905 yahia.ws "-" "Mozilla/5.0 (compatible; DataForSeoBot/1.0; +https://dataforseo.com/dataforseo-bot)" "-"
114.119.161.0 - - [21/Sep/2026:00:02:11 -0400] "GET /?p=5477 HTTP/1.1" 301 - marketing-online-101.com "http://marketing-online-101.com/2017/05/05/royal-casino-uk-review-2026/2" "Mozilla/5.0 (Linux; Android 7.0;) AppleWebKit/537.36 (HTML, like Gecko) Mobile Safari/537.36 (compatible; PetalBot;+https://webmaster.petalsearch.com/site/petalbot)" "-"
114.119.161.0 - - [21/Sep/2026:00:02:13 -0400] "GET /2017/05/05/lanista-casino-uk-review-2026/ HTTP/1.1" 200 47068 marketing-online-101.com "http://marketing-online-101.com/2017/05/05/royal-casino-uk-review-2026/2" "Mozilla/5.0 (Linux; Android 7.0;) AppleWebKit/537.36 (HTML, like Gecko) Mobile Safari/537.36 (compatible; PetalBot;+https://webmaster.petalsearch.com/site/petalbot)" "-"
136.243.220.0 - - [21/Sep/2026:00:02:29 -0400] "GET /detail/2982024428 HTTP/1.1" 404 86905 yahia.ws "-" "Mozilla/5.0 (compatible; DataForSeoBot/1.0; +https://dataforseo.com/dataforseo-bot)" "-"
114.119.128.0 - - [21/Sep/2026:00:02:31 -0400] "GET /category/investing HTTP/1.1" 500 - dosclub.com "http://dosclub.com/make-money-online-2/an-instant-business-in-a-box-a-gift-for-single-parents-out-there" "Mozilla/5.0 (Linux; Android 7.0;) AppleWebKit/537.36 (HTML, like Gecko) Mobile Safari/537.36 (compatible; PetalBot;+https://webmaster.petalsearch.com/site/petalbot)" "-"
136.243.220.0 - - [21/Sep/2026:00:02:54 -0400] "GET /detail/d3a2212034 HTTP/1.1" 404 86905 yahia.ws "-" "Mozilla/5.0 (compatible; DataForSeoBot/1.0; +https://dataforseo.com/dataforseo-bot)" "-"
2607:f1c0:500:: - - [21/Sep/2026:00:02:55 -0400] "POST /wp-cron.php?doing_wp_cron=1789963375.3594000339508056640625 HTTP/1.1" 200 - yahia.ws "-" "WordPress/6.6.8; http://yahia.ws" "-"
52.167.144.0 - - [21/Sep/2026:00:03:12 -0400] "GET /detail/4d3563208 HTTP/1.1" 200 177258 yahia.ws "-" "Mozilla/5.0 AppleWebKit/537.36 (KHTML, like Gecko; compatible; bingbot/2.0; +http://www.bing.com/bingbot.htm) Chrome/116.0.1938.76 Safari/537.36" "-"
74.208.57.0 - - [21/Sep/2026:00:03:16 -0400] "POST /wp-cron.php?doing_wp_cron=1789963396.6009449958801269531250 HTTP/1.1" 200 - marketing-online-101.com "-" "WordPress/6.6.8; http://marketing-online-101.com" "-"
112.86.225.0 - - [21/Sep/2026:00:03:16 -0400] "GET /campaigning/ HTTP/1.1" 200 49657 marketing-online-101.com "-" "Sogou web spider/4.0(+http://www.sogou.com/docs/help/webmasters.htm#07)" "-"
136.243.220.0 - - [21/Sep/2026:00:03:20 -0400] "GET /detail/852202590 HTTP/1.1" 404 86899 yahia.ws "-" "Mozilla/5.0 (compatible; DataForSeoBot/1.0; +https://dataforseo.com/dataforseo-bot)" "-"
2607:f1c0:500:: - - [21/Sep/2026:00:03:21 -0400] "POST /wp-cron.php?doing_wp_cron=1789963401.1531090736389160156250 HTTP/1.1" 200 - yahia.ws "-" "WordPress/6.6.8; http://yahia.ws" "-"
114.119.158.0 - - [21/Sep/2026:00:03:26 -0400] "GET /items/T944456312/ HTTP/1.1" 404 86899 yahia.ws "http://yahia.ws/sitemap-12.xml" "Mozilla/5.0 (Linux; Android 7.0;) AppleWebKit/537.36 (HTML, like Gecko) Mobile Safari/537.36 (compatible; PetalBot;+https://webmaster.petalsearch.com/site/petalbot)" "-"
74.208.57.0 - - [21/Sep/2026:00:03:34 -0400] "POST /wp-cron.php?doing_wp_cron=1789963414.5856819152832031250000 HTTP/1.1" 200 - marketing-online-101.com "-" "WordPress/6.6.8; http://marketing-online-101.com" "-"
114.119.143.0 - - [21/Sep/2026:00:03:34 -0400] "GET /welcome/ HTTP/1.1" 200 44392 marketing-online-101.com "http://marketing-online-101.com/?p=2463" "Mozilla/5.0 (Linux; Android 7.0;) AppleWebKit/537.36 (HTML, like Gecko) Mobile Safari/537.36 (compatible; PetalBot;+https://webmaster.petalsearch.com/site/petalbot)" "-"
136.243.220.0 - - [21/Sep/2026:00:03:46 -0400] "GET /detail/b9a1731 HTTP/1.1" 404 86887 yahia.ws "-" "Mozilla/5.0 (compatible; DataForSeoBot/1.0; +https://dataforseo.com/dataforseo-bot)" "-"
2607:f1c0:500:: - - [21/Sep/2026:00:03:47 -0400] "POST /wp-cron.php?doing_wp_cron=1789963427.6760048866271972656250 HTTP/1.1" 200 - yahia.ws "-" "WordPress/6.6.8; http://yahia.ws" "-"
66.249.79.0 - - [21/Sep/2026:00:03:54 -0400] "GET /items/J705895537/ HTTP/1.1" 200 179541 yahia.ws "-" "Mozilla/5.0 (Linux; Android 6.0.1; Nexus 5X Build/MMB29P) AppleWebKit/537.36 (KHTML, like Gecko) Chrome/153.0.8010.47 Mobile Safari/537.36 (compatible; Googlebot/2.1; +http://www.google.com/bot.html)" "-"
121.229.156.0 - - [21/Sep/2026:00:03:56 -0400] "GET /tag/mailing-list/ HTTP/1.1" 200 39543 marketing-online-101.com "-" "Sogou web spider/4.0(+http://www.sogou.com/docs/help/webmasters.htm#07)" "-"
52.167.144.0 - - [21/Sep/2026:00:04:08 -0400] "GET /detail/5744208686 HTTP/1.1" 200 178835 yahia.ws "-" "Mozilla/5.0 AppleWebKit/537.36 (KHTML, like Gecko; compatible; bingbot/2.0; +http://www.bing.com/bingbot.htm) Chrome/116.0.1938.76 Safari/537.36" "-"
136.243.220.0 - - [21/Sep/2026:00:04:12 -0400] "GET /detail/e473855429 HTTP/1.1" 404 86905 yahia.ws "-" "Mozilla/5.0 (compatible; DataForSeoBot/1.0; +https://dataforseo.com/dataforseo-bot)" "-"
40.77.167.0 - - [21/Sep/2026:00:04:33 -0400] "GET /detail/0ae3089416 HTTP/1.1" 200 171112 www.yahia.ws "-" "Mozilla/5.0 AppleWebKit/537.36 (KHTML, like Gecko; compatible; bingbot/2.0; +http://www.bing.com/bingbot.htm) Chrome/116.0.1938.76 Safari/537.36" "-"
2607:f1c0:500:: - - [21/Sep/2026:00:04:37 -0400] "POST /wp-cron.php?doing_wp_cron=1789963477.8906059265136718750000 HTTP/1.1" 200 - yahia.ws "-" "WordPress/6.6.8; http://yahia.ws" "-"
136.243.220.0 - - [21/Sep/2026:00:04:37 -0400] "GET /detail/3713425862 HTTP/1.1" 404 86905 yahia.ws "-" "Mozilla/5.0 (compatible; DataForSeoBot/1.0; +https://dataforseo.com/dataforseo-bot)" "-"
114.119.158.0 - - [21/Sep/2026:00:04:39 -0400] "GET /items/T944430108/ HTTP/1.1" 404 86899 yahia.ws "http://yahia.ws/sitemap-13.xml" "Mozilla/5.0 (Linux; Android 7.0;) AppleWebKit/537.36 (HTML, like Gecko) Mobile Safari/537.36 (compatible; PetalBot;+https://webmaster.petalsearch.com/site/petalbot)" "-"
114.119.135.0 - - [21/Sep/2026:00:04:54 -0400] "GET /tag/sales-pitch/ HTTP/1.1" 200 39767 marketing-online-101.com "http://marketing-online-101.com/page/2/" "Mozilla/5.0 (Linux; Android 7.0;) AppleWebKit/537.36 (HTML, like Gecko) Mobile Safari/537.36 (compatible; PetalBot;+https://webmaster.petalsearch.com/site/petalbot)" "-"
74.208.57.0 - - [21/Sep/2026:00:04:55 -0400] "POST /wp-cron.php?doing_wp_cron=1789963495.5607750415802001953125 HTTP/1.1" 200 - marketing-online-101.com "-" "WordPress/6.6.8; http://marketing-online-101.com" "-"
136.243.220.0 - - [21/Sep/2026:00:04:55 -0400] "GET /detail/85a2971193 HTTP/1.1" 404 86905 yahia.ws "-" "Mozilla/5.0 (compatible; DataForSeoBot/1.0; +https://dataforseo.com/dataforseo-bot)" "-"
136.243.220.0 - - [21/Sep/2026:00:05:12 -0400] "GET /detail/95e608779 HTTP/1.1" 404 86899 yahia.ws "-" "Mozilla/5.0 (compatible; DataForSeoBot/1.0; +https://dataforseo.com/dataforseo-bot)" "-"
181.198.178.0 - - [21/Sep/2026:00:05:21 -0400] "GET /descripcion-detallada-del-funcionamiento-de-los-casinos-en-plataformas-de-juegos-en-linea HTTP/1.1" 301 - yahia.ws "https://yahia.ws/" "Mozilla/5.0 (Windows NT 6.3; Win64; x64) AppleWebKit/537.36 (KHTML, like Gecko) Chrome/71.0.2859.134 Safari/537.36" "-"
181.198.178.0 - - [21/Sep/2026:00:05:23 -0400] "GET /descripcion-detallada-del-funcionamiento-de-los-casinos-en-plataformas-de-juegos-en-linea/ HTTP/1.1" 200 94121 yahia.ws "https://yahia.ws/" "Mozilla/5.0 (Windows NT 6.3; Win64; x64) AppleWebKit/537.36 (KHTML, like Gecko) Chrome/71.0.2859.134 Safari/537.36" "-"
40.77.167.0 - - [21/Sep/2026:00:05:23 -0400] "GET /detail/0472035479 HTTP/1.1" 200 178494 www.yahia.ws "-" "Mozilla/5.0 AppleWebKit/537.36 (KHTML, like Gecko; compatible; bingbot/2.0; +http://www.bing.com/bingbot.htm) Chrome/116.0.1938.76 Safari/537.36" "-"
136.243.220.0 - - [21/Sep/2026:00:05:29 -0400] "GET /detail/3a82222723 HTTP/1.1" 404 86905 yahia.ws "-" "Mozilla/5.0 (compatible; DataForSeoBot/1.0; +https://dataforseo.com/dataforseo-bot)" "-"
95.216.2.0 - - [21/Sep/2026:00:05:31 -0400] "GET /2026/07/15/nfl-wettstrategien-so-klappt-der-gewinn/ HTTP/1.1" 200 45683 marketing-online-101.com "http://marketing-online-101.com/" "Mozilla/5.0 (Windows NT 10.0; Win64; x64) AppleWebKit/537.36 (KHTML, like Gecko) Chrome/135.0.0.0 Safari/537.36" "-"
74.208.57.0 - - [21/Sep/2026:00:05:38 -0400] "POST /wp-cron.php?doing_wp_cron=1789963538.8048779964447021484375 HTTP/1.1" 200 - marketing-online-101.com "-" "WordPress/6.6.8; http://marketing-online-101.com" "-"
65.111.9.0 - - [21/Sep/2026:00:05:38 -0400] "GET /2026/06/21/zertifiziertes-casino-paypal-startguthaben-ohne-einzahlung-2026/ HTTP/1.1" 200 47753 marketing-online-101.com "http://marketing-online-101.com/" "Mozilla/5.0 (X11; Linux x86_64; rv:137.0) Gecko/20100101 Firefox/137.0" "-"
65.111.9.0 - - [21/Sep/2026:00:05:40 -0400] "GET /2026/06/21/zertifiziertes-casino-paypal-startguthaben-ohne-einzahlung-2026/ HTTP/1.1" 200 47753 marketing-online-101.com "http://marketing-online-101.com/2026/06/21/zertifiziertes-casino-paypal-startguthaben-ohne-einzahlung-2026/" "Mozilla/5.0 (X11; Linux x86_64; rv:137.0) Gecko/20100101 Firefox/137.0" "-"
136.243.220.0 - - [21/Sep/2026:00:05:46 -0400] "GET /detail/6b61203156 HTTP/1.1" 404 86905 yahia.ws "-" "Mozilla/5.0 (compatible; DataForSeoBot/1.0; +https://dataforseo.com/dataforseo-bot)" "-"
2607:f1c0:500:: - - [21/Sep/2026:00:05:47 -0400] "POST /wp-cron.php?doing_wp_cron=1789963547.6315801143646240234375 HTTP/1.1" 200 - yahia.ws "-" "WordPress/6.6.8; http://yahia.ws" "-"
114.119.135.0 - - [21/Sep/2026:00:06:03 -0400] "GET /items/T944318201/ HTTP/1.1" 404 86899 yahia.ws "http://yahia.ws/sitemap-6.xml" "Mozilla/5.0 (Linux; Android 7.0;) AppleWebKit/537.36 (HTML, like Gecko) Mobile Safari/537.36 (compatible; PetalBot;+https://webmaster.petalsearch.com/site/petalbot)" "-"
136.243.220.0 - - [21/Sep/2026:00:06:04 -0400] "GET /detail/0392585139 HTTP/1.1" 404 86905 yahia.ws "-" "Mozilla/5.0 (compatible; DataForSeoBot/1.0; +https://dataforseo.com/dataforseo-bot)" "-"
52.167.144.0 - - [21/Sep/2026:00:06:05 -0400] "GET /detail/f763701614 HTTP/1.1" 200 182939 yahia.ws "-" "Mozilla/5.0 AppleWebKit/537.36 (KHTML, like Gecko; compatible; bingbot/2.0; +http://www.bing.com/bingbot.htm) Chrome/116.0.1938.76 Safari/537.36" "-"
114.119.133.0 - - [21/Sep/2026:00:06:19 -0400] "GET /tag/promote-products/ HTTP/1.1" 200 39387 marketing-online-101.com "http://marketing-online-101.com/tag/affiliate-marketing/" "Mozilla/5.0 (Linux; Android 7.0;) AppleWebKit/537.36 (HTML, like Gecko) Mobile Safari/537.36 (compatible; PetalBot;+https://webmaster.petalsearch.com/site/petalbot)" "-"
136.243.220.0 - - [21/Sep/2026:00:06:22 -0400] "GET /detail/7453092293 HTTP/1.1" 404 86905 yahia.ws "-" "Mozilla/5.0 (compatible; DataForSeoBot/1.0; +https://dataforseo.com/dataforseo-bot)" "-"
66.249.79.0 - - [21/Sep/2026:00:06:40 -0400] "GET /detail/f8a2594659 HTTP/1.1" 200 181931 yahia.ws "-" "Mozilla/5.0 (Linux; Android 6.0.1; Nexus 5X Build/MMB29P) AppleWebKit/537.36 (KHTML, like Gecko) Chrome/153.0.8010.47 Mobile Safari/537.36 (compatible; Googlebot/2.1; +http://www.google.com/bot.html)" "-"
136.243.220.0 - - [21/Sep/2026:00:06:40 -0400] "GET /detail/59c2551056 HTTP/1.1" 404 86905 yahia.ws "-" "Mozilla/5.0 (compatible; DataForSeoBot/1.0; +https://dataforseo.com/dataforseo-bot)" "-"
2607:f1c0:500:: - - [21/Sep/2026:00:06:42 -0400] "POST /wp-cron.php?doing_wp_cron=1789963602.0200181007385253906250 HTTP/1.1" 200 - yahia.ws "-" "WordPress/6.6.8; http://yahia.ws" "-"
130.44.200.0 - - [21/Sep/2026:00:06:57 -0400] "GET /download-a-roulette-deposito-contando-le-carte/ HTTP/1.1" 200 92888 yahia.ws "http://yahia.ws/" "Mozilla/5.0 (Macintosh; Intel Mac OS X 10.15; rv:148.0) Gecko/20100101 Firefox/148.0" "-"
136.243.220.0 - - [21/Sep/2026:00:06:59 -0400] "GET /detail/c601733824 HTTP/1.1" 404 86905 yahia.ws "-" "Mozilla/5.0 (compatible; DataForSeoBot/1.0; +https://dataforseo.com/dataforseo-bot)" "-"
130.44.200.0 - - [21/Sep/2026:00:07:04 -0400] "GET /wp-login.php HTTP/1.1" 200 4005 yahia.ws "http://yahia.ws/download-a-roulette-deposito-contando-le-carte/" "Mozilla/5.0 (Windows NT 6.3; Win64; x64) AppleWebKit/537.36 (KHTML, like Gecko) Chrome/103.0.0.0 Safari/537.36" "-"
130.44.200.0 - - [21/Sep/2026:00:07:16 -0400] "GET /wp-login.php HTTP/1.1" 200 4005 yahia.ws "http://yahia.ws/wp-login.php" "Mozilla/5.0 (Windows NT 6.3; Win64; x64) AppleWebKit/537.36 (KHTML, like Gecko) Chrome/103.0.0.0 Safari/537.36" "-"
130.44.200.0 - - [21/Sep/2026:00:07:18 -0400] "GET /wp-admin/load-styles.php?c=1&dir=ltr&load%5Bchunk_0%5D=dashicons,buttons,forms,l10n,login&ver=6.6.8 HTTP/1.1" 200 103294 yahia.ws "http://yahia.ws/wp-login.php" "Mozilla/5.0 (Windows NT 10.0; Win64; x64) AppleWebKit/537.36 (KHTML, like Gecko) Chrome/149.0.0.0 Safari/537.36" "-"
136.243.220.0 - - [21/Sep/2026:00:07:19 -0400] "GET /detail/1721415696 HTTP/1.1" 404 86905 yahia.ws "-" "Mozilla/5.0 (compatible; DataForSeoBot/1.0; +https://dataforseo.com/dataforseo-bot)" "-"
223.109.255.0 - - [21/Sep/2026:00:07:24 -0400] "GET /conversion/ HTTP/1.1" 200 43067 marketing-online-101.com "-" "Sogou web spider/4.0(+http://www.sogou.com/docs/help/webmasters.htm#07)" "-"
74.208.57.0 - - [21/Sep/2026:00:07:25 -0400] "POST /wp-cron.php?doing_wp_cron=1789963645.5499820709228515625000 HTTP/1.1" 200 - marketing-online-101.com "-" "WordPress/6.6.8; http://marketing-online-101.com" "-"
114.119.135.0 - - [21/Sep/2026:00:07:26 -0400] "GET /items/T942130688/ HTTP/1.1" 404 86899 yahia.ws "http://yahia.ws/sitemap-13.xml" "Mozilla/5.0 (Linux; Android 7.0;) AppleWebKit/537.36 (HTML, like Gecko) Mobile Safari/537.36 (compatible; PetalBot;+https://webmaster.petalsearch.com/site/petalbot)" "-"
64.139.0.0 - - [21/Sep/2026:00:07:29 -0400] "GET /2026/07/15/puedes-ganar-la-ruleta-en-un-casino-certificado-en-espana/ HTTP/1.1" 200 47970 marketing-online-101.com "http://marketing-online-101.com/" "Mozilla/5.0 (Windows NT 10.0; Win64; x64) AppleWebKit/537.36 (KHTML, like Gecko) Chrome/91.0.4472.124 Safari/537.36" "-"
64.139.0.0 - - [21/Sep/2026:00:07:33 -0400] "GET /2026/07/15/puedes-ganar-la-ruleta-en-un-casino-certificado-en-espana/ HTTP/1.1" 200 47970 marketing-online-101.com "http://marketing-online-101.com/2026/07/15/puedes-ganar-la-ruleta-en-un-casino-certificado-en-espana/" "Mozilla/5.0 (Windows NT 10.0; Win64; x64) AppleWebKit/537.36 (KHTML, like Gecko) Chrome/91.0.4472.124 Safari/537.36" "-"
74.208.57.0 - - [21/Sep/2026:00:07:35 -0400] "POST /wp-cron.php?doing_wp_cron=1789963655.5994300842285156250000 HTTP/1.1" 200 - marketing-online-101.com "-" "WordPress/6.6.8; http://marketing-online-101.com" "-"
78.138.127.0 - - [21/Sep/2026:00:07:35 -0400] "GET /2026/07/15/pruvodce-pro-uplne-zacatecniky-jak-zacit-hrat-online/ HTTP/1.1" 200 45787 marketing-online-101.com "http://marketing-online-101.com/" "Mozilla/5.0 (Windows NT 10.0; Win64; x64) AppleWebKit/537.36 (KHTML, like Gecko) Chrome/147.0.0.0 Safari/537.36" "-"
78.138.127.0 - - [21/Sep/2026:00:07:37 -0400] "GET /wp-login.php?action=register HTTP/1.1" 302 - marketing-online-101.com "http://marketing-online-101.com/2026/07/15/pruvodce-pro-uplne-zacatecniky-jak-zacit-hrat-online/" "Mozilla/5.0 (Windows NT 6.3; Win64; x64) AppleWebKit/537.36 (KHTML, like Gecko) Chrome/103.0.0.0 Safari/537.36" "-"
2607:f1c0:500:: - - [21/Sep/2026:00:07:37 -0400] "POST /wp-cron.php?doing_wp_cron=1789963657.8842999935150146484375 HTTP/1.1" 200 - yahia.ws "-" "WordPress/6.6.8; http://yahia.ws" "-"
136.243.220.0 - - [21/Sep/2026:00:07:37 -0400] "GET /detail/2524088435 HTTP/1.1" 404 86905 yahia.ws "-" "Mozilla/5.0 (compatible; DataForSeoBot/1.0; +https://dataforseo.com/dataforseo-bot)" "-"
78.138.127.0 - - [21/Sep/2026:00:07:38 -0400] "GET /wp-login.php?registration=disabled HTTP/1.1" 200 4419 marketing-online-101.com "http://marketing-online-101.com/wp-login.php?action=register" "Mozilla/5.0 (Windows NT 6.3; Win64; x64) AppleWebKit/537.36 (KHTML, like Gecko) Chrome/103.0.0.0 Safari/537.36" "-"
114.119.144.0 - - [21/Sep/2026:00:07:42 -0400] "GET /tag/organic-traffic HTTP/1.1" 301 - marketing-online-101.com "http://marketing-online-101.com/2010/05/21/affiliate-marketing-101-residual-traffic" "Mozilla/5.0 (Linux; Android 7.0;) AppleWebKit/537.36 (HTML, like Gecko) Mobile Safari/537.36 (compatible; PetalBot;+https://webmaster.petalsearch.com/site/petalbot)" "-"
114.119.144.0 - - [21/Sep/2026:00:07:43 -0400] "GET /tag/organic-traffic/ HTTP/1.1" 200 39277 marketing-online-101.com "http://marketing-online-101.com/2010/05/21/affiliate-marketing-101-residual-traffic" "Mozilla/5.0 (Linux; Android 7.0;) AppleWebKit/537.36 (HTML, like Gecko) Mobile Safari/537.36 (compatible; PetalBot;+https://webmaster.petalsearch.com/site/petalbot)" "-"
40.77.167.0 - - [21/Sep/2026:00:07:50 -0400] "GET /detail/0f04077828 HTTP/1.1" 200 177525 www.yahia.ws "-" "Mozilla/5.0 AppleWebKit/537.36 (KHTML, like Gecko; compatible; bingbot/2.0; +http://www.bing.com/bingbot.htm) Chrome/116.0.1938.76 Safari/537.36" "-"
136.243.220.0 - - [21/Sep/2026:00:07:55 -0400] "GET /detail/1332863065 HTTP/1.1" 404 86905 yahia.ws "-" "Mozilla/5.0 (compatible; DataForSeoBot/1.0; +https://dataforseo.com/dataforseo-bot)" "-"
200.236.194.0 - - [21/Sep/2026:00:08:02 -0400] "GET /2026/06/13/articlessporopay-registracia-kancelaria/ HTTP/1.1" 200 45177 marketing-online-101.com "-" "Mozilla/5.0 (Macintosh; Intel Mac OS X 10_15_7) AppleWebKit/537.36 (KHTML, like Gecko) Chrome/124.0.6367.82 Safari/537.36" "-"
74.208.57.0 - - [21/Sep/2026:00:08:03 -0400] "POST /wp-cron.php?doing_wp_cron=1789963683.0797441005706787109375 HTTP/1.1" 200 - marketing-online-101.com "-" "WordPress/6.6.8; http://marketing-online-101.com" "-"
136.243.220.0 - - [21/Sep/2026:00:08:12 -0400] "GET /detail/6561880796 HTTP/1.1" 429 267 yahia.ws "-" "Mozilla/5.0 (compatible; DataForSeoBot/1.0; +https://dataforseo.com/dataforseo-bot)" "-"
2607:f1c0:500:: - - [21/Sep/2026:00:08:50 -0400] "POST /wp-cron.php?doing_wp_cron=1789963730.9339759349822998046875 HTTP/1.1" 200 - yahia.ws "-" "WordPress/6.6.8; http://yahia.ws" "-"
114.119.132.0 - - [21/Sep/2026:00:08:50 -0400] "GET /items/T941868145/ HTTP/1.1" 404 86899 yahia.ws "http://yahia.ws/sitemap-9.xml" "Mozilla/5.0 (Linux; Android 7.0;) AppleWebKit/537.36 (HTML, like Gecko) Mobile Safari/537.36 (compatible; PetalBot;+https://webmaster.petalsearch.com/site/petalbot)" "-"
114.119.161.0 - - [21/Sep/2026:00:09:05 -0400] "GET /tag/membership-script HTTP/1.1" 301 - marketing-online-101.com "http://marketing-online-101.com/tag/affiliate-marketing/page/2" "Mozilla/5.0 (Linux; Android 7.0;) AppleWebKit/537.36 (HTML, like Gecko) Mobile Safari/537.36 (compatible; PetalBot;+https://webmaster.petalsearch.com/site/petalbot)" "-"
74.208.57.0 - - [21/Sep/2026:00:09:06 -0400] "POST /wp-cron.php?doing_wp_cron=1789963746.2222480773925781250000 HTTP/1.1" 200 - marketing-online-101.com "-" "WordPress/6.6.8; http://marketing-online-101.com" "-"
114.119.161.0 - - [21/Sep/2026:00:09:07 -0400] "GET /tag/membership-script/ HTTP/1.1" 200 41408 marketing-online-101.com "http://marketing-online-101.com/tag/affiliate-marketing/page/2" "Mozilla/5.0 (Linux; Android 7.0;) AppleWebKit/537.36 (HTML, like Gecko) Mobile Safari/537.36 (compatible; PetalBot;+https://webmaster.petalsearch.com/site/petalbot)" "-"
40.77.167.0 - - [21/Sep/2026:00:09:28 -0400] "GET /detail/0e91382899 HTTP/1.1" 200 177406 www.yahia.ws "-" "Mozilla/5.0 AppleWebKit/537.36 (KHTML, like Gecko; compatible; bingbot/2.0; +http://www.bing.com/bingbot.htm) Chrome/116.0.1938.76 Safari/537.36" "-"
34.230.164.0 - - [21/Sep/2026:00:10:12 -0400] "GET /robots.txt HTTP/1.1" 200 113 dosclub.com "-" "Mozilla/5.0 (Macintosh; Intel Mac OS X 10_10_1) AppleWebKit/600.2.5 (KHTML, like Gecko) Version/8.0.2 Safari/600.2.5 (Gort)" "-"
114.119.132.0 - - [21/Sep/2026:00:10:14 -0400] "GET /items/T941759005/ HTTP/1.1" 404 86899 yahia.ws "http://yahia.ws/sitemap-13.xml" "Mozilla/5.0 (Linux; Android 7.0;) AppleWebKit/537.36 (HTML, like Gecko) Mobile Safari/537.36 (compatible; PetalBot;+https://webmaster.petalsearch.com/site/petalbot)" "-"
2607:f1c0:500:: - - [21/Sep/2026:00:10:15 -0400] "POST /wp-cron.php?doing_wp_cron=1789963815.1912269592285156250000 HTTP/1.1" 200 - yahia.ws "-" "WordPress/6.6.8; http://yahia.ws" "-"
114.119.149.0 - - [21/Sep/2026:00:10:29 -0400] "GET /tag/make-money-for-free-online HTTP/1.1" 301 - marketing-online-101.com "http://marketing-online-101.com/page/2" "Mozilla/5.0 (Linux; Android 7.0;) AppleWebKit/537.36 (HTML, like Gecko) Mobile Safari/537.36 (compatible; PetalBot;+https://webmaster.petalsearch.com/site/petalbot)" "-"
74.208.57.0 - - [21/Sep/2026:00:10:30 -0400] "POST /wp-cron.php?doing_wp_cron=1789963830.3119349479675292968750 HTTP/1.1" 200 - marketing-online-101.com "-" "WordPress/6.6.8; http://marketing-online-101.com" "-"
114.119.149.0 - - [21/Sep/2026:00:10:31 -0400] "GET /tag/make-money-for-free-online/ HTTP/1.1" 200 40557 marketing-online-101.com "http://marketing-online-101.com/page/2" "Mozilla/5.0 (Linux; Android 7.0;) AppleWebKit/537.36 (HTML, like Gecko) Mobile Safari/537.36 (compatible; PetalBot;+https://webmaster.petalsearch.com/site/petalbot)" "-"
216.73.216.0 - - [21/Sep/2026:00:11:31 -0400] "GET /robots.txt HTTP/1.1" 200 113 dosclub.com "-" "Mozilla/5.0 (Macintosh; Intel Mac OS X 10_15_7) AppleWebKit/537.36 (KHTML, like Gecko) Chrome/131.0.0.0 Safari/537.36; ClaudeBot/1.0; +claudebot@anthropic.com)" "-"
216.73.216.0 - - [21/Sep/2026:00:11:31 -0400] "GET /financial-tips/online-gambling-app/ HTTP/1.1" 500 - dosclub.com "-" "Mozilla/5.0 (Macintosh; Intel Mac OS X 10_15_7) AppleWebKit/537.36 (KHTML, like Gecko) Chrome/131.0.0.0 Safari/537.36; ClaudeBot/1.0; +claudebot@anthropic.com)" "-"
114.119.138.0 - - [21/Sep/2026:00:11:37 -0400] "GET /items/T941648999/ HTTP/1.1" 404 86899 yahia.ws "http://yahia.ws/sitemap-12.xml" "Mozilla/5.0 (Linux; Android 7.0;) AppleWebKit/537.36 (HTML, like Gecko) Mobile Safari/537.36 (compatible; PetalBot;+https://webmaster.petalsearch.com/site/petalbot)" "-"
52.167.144.0 - - [21/Sep/2026:00:11:39 -0400] "GET /detail/1c11464317 HTTP/1.1" 200 178194 yahia.ws "-" "Mozilla/5.0 AppleWebKit/537.36 (KHTML, like Gecko; compatible; bingbot/2.0; +http://www.bing.com/bingbot.htm) Chrome/116.0.1938.76 Safari/537.36" "-"
2607:f1c0:500:: - - [21/Sep/2026:00:11:39 -0400] "POST /wp-cron.php?doing_wp_cron=1789963899.1600329875946044921875 HTTP/1.1" 200 - yahia.ws "-" "WordPress/6.6.8; http://yahia.ws" "-"
74.208.57.0 - - [21/Sep/2026:00:11:55 -0400] "POST /wp-cron.php?doing_wp_cron=1789963915.7290070056915283203125 HTTP/1.1" 200 - marketing-online-101.com "-" "WordPress/6.6.8; http://marketing-online-101.com" "-"
114.119.130.0 - - [21/Sep/2026:00:11:55 -0400] "GET /tag/advertising HTTP/1.1" 301 - marketing-online-101.com "http://marketing-online-101.com/2010/02/27/affiliate-marketing-101-your-affiliate-site" "Mozilla/5.0 (Linux; Android 7.0;) AppleWebKit/537.36 (HTML, like Gecko) Mobile Safari/537.36 (compatible; PetalBot;+https://webmaster.petalsearch.com/site/petalbot)" "-"
114.119.130.0 - - [21/Sep/2026:00:11:57 -0400] "GET /tag/advertising/ HTTP/1.1" 200 53016 marketing-online-101.com "http://marketing-online-101.com/2010/02/27/affiliate-marketing-101-your-affiliate-site" "Mozilla/5.0 (Linux; Android 7.0;) AppleWebKit/537.36 (HTML, like Gecko) Mobile Safari/537.36 (compatible; PetalBot;+https://webmaster.petalsearch.com/site/petalbot)" "-"
31.134.10.0 - - [21/Sep/2026:00:12:16 -0400] "GET /spielautomaten-gratis-spielen-ohne-anmeldung-2026/ HTTP/1.1" 200 175432 yahia.ws "-" "Mozilla/5.0 (compatible; Googlebot/2.1; +http://www.google.com/bot.html)" "-"
64.90.148.0 - - [21/Sep/2026:00:12:24 -0400] "GET /robots.txt HTTP/1.1" 200 523 yahia.ws "-" "Mozilla/5.0 (Linux; Android 14; Pixel 8 Pro) AppleWebKit/537.36 (KHTML, like Gecko) Chrome/126.0.6478.122 Mobile Safari/537.36" "-"
114.119.132.0 - - [21/Sep/2026:00:13:01 -0400] "GET /detail/f9d4211591 HTTP/1.1" 404 86905 yahia.ws "http://yahia.ws?sitemap-9.xml" "Mozilla/5.0 (Linux; Android 7.0;) AppleWebKit/537.36 (HTML, like Gecko) Mobile Safari/537.36 (compatible; PetalBot;+https://webmaster.petalsearch.com/site/petalbot)" "-"
2607:f1c0:500:: - - [21/Sep/2026:00:13:02 -0400] "POST /wp-cron.php?doing_wp_cron=1789963982.3723640441894531250000 HTTP/1.1" 200 - yahia.ws "-" "WordPress/6.6.8; http://yahia.ws" "-"
114.119.142.0 - - [21/Sep/2026:00:13:15 -0400] "GET /tag/hosting-service HTTP/1.1" 200 22666 fomt.biz "http://fomt.biz/tag/hosting-service/" "Mozilla/5.0 (Linux; Android 7.0;) AppleWebKit/537.36 (HTML, like Gecko) Mobile Safari/537.36 (compatible; PetalBot;+https://webmaster.petalsearch.com/site/petalbot)" "-"
114.119.161.0 - - [21/Sep/2026:00:13:19 -0400] "GET /page/3/ HTTP/1.1" 200 61167 marketing-online-101.com "http://marketing-online-101.com/page/2/" "Mozilla/5.0 (Linux; Android 7.0;) AppleWebKit/537.36 (HTML, like Gecko) Mobile Safari/537.36 (compatible; PetalBot;+https://webmaster.petalsearch.com/site/petalbot)" "-"
74.208.57.0 - - [21/Sep/2026:00:13:20 -0400] "POST /wp-cron.php?doing_wp_cron=1789964000.6009919643402099609375 HTTP/1.1" 200 - marketing-online-101.com "-" "WordPress/6.6.8; http://marketing-online-101.com" "-"
15.207.248.0 - - [21/Sep/2026:00:13:50 -0400] "GET /wp-admin/css/ HTTP/1.1" 500 685 sss.fomt.biz "binance.com" "Mozilla/5.0 (Windows NT 10.0; Win64; x64) AppleWebKit/537.36 (KHTML, like Gecko) Chrome/90.0.4430.85 Safari/537.36" "-"
114.119.132.0 - - [21/Sep/2026:00:15:00 -0400] "GET /detail/d6f2086608 HTTP/1.1" 404 86905 yahia.ws "http://yahia.ws?sitemap-8.xml" "Mozilla/5.0 (Linux; Android 7.0;) AppleWebKit/537.36 (HTML, like Gecko) Mobile Safari/537.36 (compatible; PetalBot;+https://webmaster.petalsearch.com/site/petalbot)" "-"
2607:f1c0:500:: - - [21/Sep/2026:00:15:01 -0400] "POST /wp-cron.php?doing_wp_cron=1789964101.8573629856109619140625 HTTP/1.1" 200 - yahia.ws "-" "WordPress/6.6.8; http://yahia.ws" "-"
114.119.130.0 - - [21/Sep/2026:00:15:22 -0400] "GET /category/traffic/video HTTP/1.1" 301 - marketing-online-101.com "http://marketing-online-101.com/tag/mailing-list" "Mozilla/5.0 (Linux; Android 7.0;) AppleWebKit/537.36 (HTML, like Gecko) Mobile Safari/537.36 (compatible; PetalBot;+https://webmaster.petalsearch.com/site/petalbot)" "-"
74.208.57.0 - - [21/Sep/2026:00:15:23 -0400] "POST /wp-cron.php?doing_wp_cron=1789964123.4232380390167236328125 HTTP/1.1" 200 - marketing-online-101.com "-" "WordPress/6.6.8; http://marketing-online-101.com" "-"
114.119.130.0 - - [21/Sep/2026:00:15:26 -0400] "GET /category/traffic/video/ HTTP/1.1" 200 39455 marketing-online-101.com "http://marketing-online-101.com/tag/mailing-list" "Mozilla/5.0 (Linux; Android 7.0;) AppleWebKit/537.36 (HTML, like Gecko) Mobile Safari/537.36 (compatible; PetalBot;+https://webmaster.petalsearch.com/site/petalbot)" "-"
66.249.79.0 - - [21/Sep/2026:00:15:39 -0400] "GET /detail/1916413236 HTTP/1.1" 200 177884 yahia.ws "-" "Mozilla/5.0 (compatible; Googlebot/2.1; +http://www.google.com/bot.html)" "-"
52.167.144.0 - - [21/Sep/2026:00:15:43 -0400] "GET /detail/ec21409271 HTTP/1.1" 200 175996 yahia.ws "-" "Mozilla/5.0 AppleWebKit/537.36 (KHTML, like Gecko; compatible; bingbot/2.0; +http://www.bing.com/bingbot.htm) Chrome/116.0.1938.76 Safari/537.36" "-"
52.167.144.0 - - [21/Sep/2026:00:15:47 -0400] "GET /detail/0143432149 HTTP/1.1" 200 175275 yahia.ws "-" "Mozilla/5.0 AppleWebKit/537.36 (KHTML, like Gecko; compatible; bingbot/2.0; +http://www.bing.com/bingbot.htm) Chrome/116.0.1938.76 Safari/537.36" "-"
114.119.132.0 - - [21/Sep/2026:00:15:52 -0400] "GET /detail/cfd2586865 HTTP/1.1" 404 86905 yahia.ws "http://yahia.ws/detail/cfd2586865" "Mozilla/5.0 (Linux; Android 7.0;) AppleWebKit/537.36 (HTML, like Gecko) Mobile Safari/537.36 (compatible; PetalBot;+https://webmaster.petalsearch.com/site/petalbot)" "-"
2607:f1c0:500:: - - [21/Sep/2026:00:15:53 -0400] "POST /wp-cron.php?doing_wp_cron=1789964153.5431010723114013671875 HTTP/1.1" 200 - yahia.ws "-" "WordPress/6.6.8; http://yahia.ws" "-"
107.152.37.0 - - [21/Sep/2026:00:16:14 -0400] "GET /2026/07/03/comparativa-entre-apuestas-en-directo-y-pre-partido/ HTTP/1.1" 200 45543 marketing-online-101.com "http://marketing-online-101.com/" "Mozilla/5.0 (X11; Linux x86_64) AppleWebKit/537.36 (KHTML, like Gecko) Chrome/134.0.0.0 Safari/537.36" "-"
74.208.57.0 - - [21/Sep/2026:00:16:15 -0400] "POST /wp-cron.php?doing_wp_cron=1789964175.1596560478210449218750 HTTP/1.1" 200 - marketing-online-101.com "-" "WordPress/6.6.8; http://marketing-online-101.com" "-"
107.152.37.0 - - [21/Sep/2026:00:16:16 -0400] "GET /2026/07/03/comparativa-entre-apuestas-en-directo-y-pre-partido/ HTTP/1.1" 200 45543 marketing-online-101.com "http://marketing-online-101.com/2026/07/03/comparativa-entre-apuestas-en-directo-y-pre-partido/" "Mozilla/5.0 (X11; Linux x86_64) AppleWebKit/537.36 (KHTML, like Gecko) Chrome/134.0.0.0 Safari/537.36" "-"
114.119.143.0 - - [21/Sep/2026:00:16:27 -0400] "GET /campaigning/ HTTP/1.1" 200 49657 marketing-online-101.com "http://marketing-online-101.com/?p=2463" "Mozilla/5.0 (Linux; Android 7.0;) AppleWebKit/537.36 (HTML, like Gecko) Mobile Safari/537.36 (compatible; PetalBot;+https://webmaster.petalsearch.com/site/petalbot)" "-"
91.254.85.0 - - [21/Sep/2026:00:16:44 -0400] "GET /wp-login.php HTTP/1.1" 200 4227 marketing-online-101.com "-" "Mozilla/5.0 (Windows NT 10.0; Win64; x64) AppleWebKit/537.36 (KHTML, like Gecko) Chrome/151.0.0.0 Safari/537.36" "-"
74.208.57.0 - - [21/Sep/2026:00:16:45 -0400] "POST /wp-cron.php?doing_wp_cron=1789964205.4540920257568359375000 HTTP/1.1" 200 - marketing-online-101.com "-" "WordPress/6.6.8; http://marketing-online-101.com" "-"
95.108.213.0 - - [21/Sep/2026:00:16:49 -0400] "GET /financial-tips/ndb-codes-australia/ HTTP/1.1" 429 267 dosclub.com "-" "Mozilla/5.0 (compatible; YandexBot/3.0; +http://yandex.com/bots)" "-"
91.254.85.0 - - [21/Sep/2026:00:16:56 -0400] "POST /wp-login.php HTTP/1.1" 200 4645 marketing-online-101.com "http://marketing-online-101.com/wp-login.php" "Mozilla/5.0 (Windows NT 10.0; Win64; x64) AppleWebKit/537.36 (KHTML, like Gecko) Chrome/151.0.0.0 Safari/537.36" "-"
2607:f1c0:500:: - - [21/Sep/2026:00:17:15 -0400] "POST /wp-cron.php?doing_wp_cron=1789964235.7691099643707275390625 HTTP/1.1" 200 - yahia.ws "-" "WordPress/6.6.8; http://yahia.ws" "-"
114.119.158.0 - - [21/Sep/2026:00:17:15 -0400] "GET /detail/9b9686457 HTTP/1.1" 404 86899 yahia.ws "http://yahia.ws?sitemap-7.xml" "Mozilla/5.0 (Linux; Android 7.0;) AppleWebKit/537.36 (HTML, like Gecko) Mobile Safari/537.36 (compatible; PetalBot;+https://webmaster.petalsearch.com/site/petalbot)" "-"
74.208.57.0 - - [21/Sep/2026:00:17:35 -0400] "POST /wp-cron.php?doing_wp_cron=1789964255.8896250724792480468750 HTTP/1.1" 200 - marketing-online-101.com "-" "WordPress/6.6.8; http://marketing-online-101.com" "-"
114.119.141.0 - - [21/Sep/2026:00:17:35 -0400] "GET /?p=999 HTTP/1.1" 301 - marketing-online-101.com "http://marketing-online-101.com/?p=2702" "Mozilla/5.0 (Linux; Android 7.0;) AppleWebKit/537.36 (HTML, like Gecko) Mobile Safari/537.36 (compatible; PetalBot;+https://webmaster.petalsearch.com/site/petalbot)" "-"
114.119.141.0 - - [21/Sep/2026:00:17:37 -0400] "GET /2017/05/05/casino-bonus-codes-no-deposit/ HTTP/1.1" 200 46769 marketing-online-101.com "http://marketing-online-101.com/?p=2702" "Mozilla/5.0 (Linux; Android 7.0;) AppleWebKit/537.36 (HTML, like Gecko) Mobile Safari/537.36 (compatible; PetalBot;+https://webmaster.petalsearch.com/site/petalbot)" "-"
2607:f1c0:500:: - - [21/Sep/2026:00:18:28 -0400] "POST /wp-cron.php?doing_wp_cron=1789964308.8302888870239257812500 HTTP/1.1" 200 - yahia.ws "-" "WordPress/6.6.8; http://yahia.ws" "-"
136.243.220.0 - - [21/Sep/2026:00:18:28 -0400] "GET /detail/5473588047 HTTP/1.1" 404 86905 yahia.ws "-" "Mozilla/5.0 (compatible; DataForSeoBot/1.0; +https://dataforseo.com/dataforseo-bot)" "-"
114.119.132.0 - - [21/Sep/2026:00:18:38 -0400] "GET /detail/8ac2180528 HTTP/1.1" 404 86905 yahia.ws "http://yahia.ws?sitemap-10.xml" "Mozilla/5.0 (Linux; Android 7.0;) AppleWebKit/537.36 (HTML, like Gecko) Mobile Safari/537.36 (compatible; PetalBot;+https://webmaster.petalsearch.com/site/petalbot)" "-"
2607:f1c0:500:: - - [21/Sep/2026:00:18:39 -0400] "POST /wp-cron.php?doing_wp_cron=1789964319.2138938903808593750000 HTTP/1.1" 200 - yahia.ws "-" "WordPress/6.6.8; http://yahia.ws" "-"
136.243.220.0 - - [21/Sep/2026:00:18:46 -0400] "GET /detail/b53634764 HTTP/1.1" 404 86899 yahia.ws "-" "Mozilla/5.0 (compatible; DataForSeoBot/1.0; +https://dataforseo.com/dataforseo-bot)" "-"
74.208.57.0 - - [21/Sep/2026:00:18:49 -0400] "POST /wp-cron.php?doing_wp_cron=1789964329.8146479129791259765625 HTTP/1.1" 200 - marketing-online-101.com "-" "WordPress/6.6.8; http://marketing-online-101.com" "-"
93.92.20.0 - - [21/Sep/2026:00:18:49 -0400] "GET /?p=1114 HTTP/1.1" 301 - marketing-online-101.com "-" "Mozilla/5.0 (Macintosh; Intel Mac OS X 10_15_7) AppleWebKit/537.36 (KHTML, like Gecko) Chrome/104.0.0.0 Safari/537.36" "-"
93.92.20.0 - - [21/Sep/2026:00:18:50 -0400] "GET /2017/05/05/what-online-casino-gives-you-a-welcome-bonus/ HTTP/1.1" 200 47314 marketing-online-101.com "-" "Mozilla/5.0 (Macintosh; Intel Mac OS X 10_15_7) AppleWebKit/537.36 (KHTML, like Gecko) Chrome/104.0.0.0 Safari/537.36" "-"
93.92.20.0 - - [21/Sep/2026:00:18:51 -0400] "GET /2026/05/ HTTP/1.1" 404 37204 marketing-online-101.com "-" "Mozilla/5.0 (Macintosh; Intel Mac OS X 10_15_7) AppleWebKit/537.36 (KHTML, like Gecko) Chrome/104.0.0.0 Safari/537.36" "-"
93.92.20.0 - - [21/Sep/2026:00:18:52 -0400] "GET /?p=1033 HTTP/1.1" 301 - marketing-online-101.com "-" "Mozilla/5.0 (Macintosh; Intel Mac OS X 10_15_7) AppleWebKit/537.36 (KHTML, like Gecko) Chrome/104.0.0.0 Safari/537.36" "-"
114.119.130.0 - - [21/Sep/2026:00:18:53 -0400] "GET /?p=993 HTTP/1.1" 301 - marketing-online-101.com "http://marketing-online-101.com/?p=2045" "Mozilla/5.0 (Linux; Android 7.0;) AppleWebKit/537.36 (HTML, like Gecko) Mobile Safari/537.36 (compatible; PetalBot;+https://webmaster.petalsearch.com/site/petalbot)" "-"
93.92.20.0 - - [21/Sep/2026:00:18:53 -0400] "GET /2017/05/05/ibet-casino-no-deposit-bonus-2026/ HTTP/1.1" 200 47161 marketing-online-101.com "-" "Mozilla/5.0 (Macintosh; Intel Mac OS X 10_15_7) AppleWebKit/537.36 (KHTML, like Gecko) Chrome/104.0.0.0 Safari/537.36" "-"
93.92.20.0 - - [21/Sep/2026:00:18:54 -0400] "GET /?p=1234 HTTP/1.1" 301 - marketing-online-101.com "-" "Mozilla/5.0 (Macintosh; Intel Mac OS X 10_15_7) AppleWebKit/537.36 (KHTML, like Gecko) Chrome/104.0.0.0 Safari/537.36" "-"
114.119.130.0 - - [21/Sep/2026:00:18:54 -0400] "GET /2017/05/05/no-deposit-casino-bonus-codes-instant-play-uk/ HTTP/1.1" 200 47289 marketing-online-101.com "http://marketing-online-101.com/?p=2045" "Mozilla/5.0 (Linux; Android 7.0;) AppleWebKit/537.36 (HTML, like Gecko) Mobile Safari/537.36 (compatible; PetalBot;+https://webmaster.petalsearch.com/site/petalbot)" "-"
93.92.20.0 - - [21/Sep/2026:00:18:55 -0400] "GET /2017/05/05/best-usa-online-casino/ HTTP/1.1" 200 46766 marketing-online-101.com "-" "Mozilla/5.0 (Macintosh; Intel Mac OS X 10_15_7) AppleWebKit/537.36 (KHTML, like Gecko) Chrome/104.0.0.0 Safari/537.36" "-"
93.92.20.0 - - [21/Sep/2026:00:18:56 -0400] "GET /author/ HTTP/1.1" 404 37192 marketing-online-101.com "-" "Mozilla/5.0 (Macintosh; Intel Mac OS X 10_15_7) AppleWebKit/537.36 (KHTML, like Gecko) Chrome/104.0.0.0 Safari/537.36" "-"
93.92.20.0 - - [21/Sep/2026:00:18:57 -0400] "GET /?p=1074 HTTP/1.1" 301 - marketing-online-101.com "-" "Mozilla/5.0 (Macintosh; Intel Mac OS X 10_15_7) AppleWebKit/537.36 (KHTML, like Gecko) Chrome/104.0.0.0 Safari/537.36" "-"
93.92.20.0 - - [21/Sep/2026:00:18:57 -0400] "GET /2017/05/05/slotbox-casino-online-login/ HTTP/1.1" 200 46591 marketing-online-101.com "-" "Mozilla/5.0 (Macintosh; Intel Mac OS X 10_15_7) AppleWebKit/537.36 (KHTML, like Gecko) Chrome/104.0.0.0 Safari/537.36" "-"
93.92.20.0 - - [21/Sep/2026:00:18:58 -0400] "GET /?p=976 HTTP/1.1" 301 - marketing-online-101.com "-" "Mozilla/5.0 (Macintosh; Intel Mac OS X 10_15_7) AppleWebKit/537.36 (KHTML, like Gecko) Chrome/104.0.0.0 Safari/537.36" "-"
93.92.20.0 - - [21/Sep/2026:00:18:59 -0400] "GET /2017/05/05/thehighroller-casino-online-login/ HTTP/1.1" 200 47822 marketing-online-101.com "-" "Mozilla/5.0 (Macintosh; Intel Mac OS X 10_15_7) AppleWebKit/537.36 (KHTML, like Gecko) Chrome/104.0.0.0 Safari/537.36" "-"
93.92.20.0 - - [21/Sep/2026:00:19:00 -0400] "GET /?p=1197 HTTP/1.1" 301 - marketing-online-101.com "-" "Mozilla/5.0 (Macintosh; Intel Mac OS X 10_15_7) AppleWebKit/537.36 (KHTML, like Gecko) Chrome/104.0.0.0 Safari/537.36" "-"
93.92.20.0 - - [21/Sep/2026:00:19:01 -0400] "GET /2017/05/05/caspero-casino-uk-review-2026/ HTTP/1.1" 200 47017 marketing-online-101.com "-" "Mozilla/5.0 (Macintosh; Intel Mac OS X 10_15_7) AppleWebKit/537.36 (KHTML, like Gecko) Chrome/104.0.0.0 Safari/537.36" "-"
93.92.20.0 - - [21/Sep/2026:00:19:02 -0400] "GET /2026/07/ HTTP/1.1" 404 37204 marketing-online-101.com "-" "Mozilla/5.0 (Macintosh; Intel Mac OS X 10_15_7) AppleWebKit/537.36 (KHTML, like Gecko) Chrome/104.0.0.0 Safari/537.36" "-"
93.92.20.0 - - [21/Sep/2026:00:19:03 -0400] "GET /?p=752 HTTP/1.1" 301 - marketing-online-101.com "-" "Mozilla/5.0 (Macintosh; Intel Mac OS X 10_15_7) AppleWebKit/537.36 (KHTML, like Gecko) Chrome/104.0.0.0 Safari/537.36" "-"
93.92.20.0 - - [21/Sep/2026:00:19:04 -0400] "GET /2017/05/05/metropolitan-casino-uk-review-2026/ HTTP/1.1" 200 47297 marketing-online-101.com "-" "Mozilla/5.0 (Macintosh; Intel Mac OS X 10_15_7) AppleWebKit/537.36 (KHTML, like Gecko) Chrome/104.0.0.0 Safari/537.36" "-"
136.243.220.0 - - [21/Sep/2026:00:19:04 -0400] "GET /detail/01a1981136 HTTP/1.1" 404 86905 yahia.ws "-" "Mozilla/5.0 (compatible; DataForSeoBot/1.0; +https://dataforseo.com/dataforseo-bot)" "-"
15.207.248.0 - - [21/Sep/2026:00:19:11 -0400] "GET /wp-admin/css/ HTTP/1.1" 403 1271 yahia.ws "binance.com" "Mozilla/5.0 (Windows NT 10.0; Win64; x64) AppleWebKit/537.36 (KHTML, like Gecko) Chrome/90.0.4430.85 Safari/537.36" "-"
136.243.220.0 - - [21/Sep/2026:00:19:21 -0400] "GET /detail/2e83708307 HTTP/1.1" 404 86905 yahia.ws "-" "Mozilla/5.0 (compatible; DataForSeoBot/1.0; +https://dataforseo.com/dataforseo-bot)" "-"
136.243.220.0 - - [21/Sep/2026:00:19:38 -0400] "GET /detail/7c22261429 HTTP/1.1" 404 86905 yahia.ws "-" "Mozilla/5.0 (compatible; DataForSeoBot/1.0; +https://dataforseo.com/dataforseo-bot)" "-"
2607:f1c0:500:: - - [21/Sep/2026:00:19:39 -0400] "POST /wp-cron.php?doing_wp_cron=1789964379.1809980869293212890625 HTTP/1.1" 200 - yahia.ws "-" "WordPress/6.6.8; http://yahia.ws" "-"
107.152.37.0 - - [21/Sep/2026:00:19:49 -0400] "GET /spielautomaten-gratis-spielen-ohne-anmeldung-2026/ HTTP/1.1" 200 96287 yahia.ws "http://yahia.ws/" "Mozilla/5.0 (Windows NT 10.0; Win64; x64; rv:151.0) Gecko/20100101 Firefox/151.0" "-"
107.152.37.0 - - [21/Sep/2026:00:19:50 -0400] "GET /play-auto-roulette-slot-online-uk-p-play-auto-roulette-slot-online-uk-lets-take-a-look-at-why-that-is-you-will-find-all-the-instructions-that-you-have-to-follow-to-receive-a-bonus-yes-you-can-play-a-d/ HTTP/1.1" 200 116993 yahia.ws "http://yahia.ws/spielautomaten-gratis-spielen-ohne-anmeldung-2026/" "Mozilla/5.0 (Windows NT 10.0; Win64; x64; rv:151.0) Gecko/20100101 Firefox/151.0" "-"
136.243.220.0 - - [21/Sep/2026:00:19:55 -0400] "GET /detail/8521495573 HTTP/1.1" 404 86905 yahia.ws "-" "Mozilla/5.0 (compatible; DataForSeoBot/1.0; +https://dataforseo.com/dataforseo-bot)" "-"
114.119.135.0 - - [21/Sep/2026:00:20:03 -0400] "GET /items/T947197237/ HTTP/1.1" 404 86899 yahia.ws "http://yahia.ws/sitemap-20.xml" "Mozilla/5.0 (Linux; Android 7.0;) AppleWebKit/537.36 (HTML, like Gecko) Mobile Safari/537.36 (compatible; PetalBot;+https://webmaster.petalsearch.com/site/petalbot)" "-"
136.243.220.0 - - [21/Sep/2026:00:20:12 -0400] "GET /detail/8861342103 HTTP/1.1" 404 86905 yahia.ws "-" "Mozilla/5.0 (compatible; DataForSeoBot/1.0; +https://dataforseo.com/dataforseo-bot)" "-"
74.208.57.0 - - [21/Sep/2026:00:20:17 -0400] "POST /wp-cron.php?doing_wp_cron=1789964417.6098110675811767578125 HTTP/1.1" 200 - marketing-online-101.com "-" "WordPress/6.6.8; http://marketing-online-101.com" "-"
114.119.130.0 - - [21/Sep/2026:00:20:17 -0400] "GET /?p=992 HTTP/1.1" 301 - marketing-online-101.com "http://marketing-online-101.com/?p=2143" "Mozilla/5.0 (Linux; Android 7.0;) AppleWebKit/537.36 (HTML, like Gecko) Mobile Safari/537.36 (compatible; PetalBot;+https://webmaster.petalsearch.com/site/petalbot)" "-"
114.119.130.0 - - [21/Sep/2026:00:20:18 -0400] "GET /2017/05/05/best-bunny-casino/ HTTP/1.1" 200 46898 marketing-online-101.com "http://marketing-online-101.com/?p=2143" "Mozilla/5.0 (Linux; Android 7.0;) AppleWebKit/537.36 (HTML, like Gecko) Mobile Safari/537.36 (compatible; PetalBot;+https://webmaster.petalsearch.com/site/petalbot)" "-"
136.243.220.0 - - [21/Sep/2026:00:20:30 -0400] "GET /detail/5d1705894 HTTP/1.1" 404 86899 yahia.ws "-" "Mozilla/5.0 (compatible; DataForSeoBot/1.0; +https://dataforseo.com/dataforseo-bot)" "-"
93.92.20.0 - - [21/Sep/2026:00:20:33 -0400] "GET /?p=918 HTTP/1.1" 301 - marketing-online-101.com "-" "Mozilla/5.0 (Macintosh; Intel Mac OS X 10_15_7) AppleWebKit/537.36 (KHTML, like Gecko) Chrome/104.0.0.0 Safari/537.36" "-"
74.208.57.0 - - [21/Sep/2026:00:20:34 -0400] "POST /wp-cron.php?doing_wp_cron=1789964434.3504021167755126953125 HTTP/1.1" 200 - marketing-online-101.com "-" "WordPress/6.6.8; http://marketing-online-101.com" "-"
93.92.20.0 - - [21/Sep/2026:00:20:35 -0400] "GET /2017/05/05/sol-casino-online-login/ HTTP/1.1" 200 46876 marketing-online-101.com "-" "Mozilla/5.0 (Macintosh; Intel Mac OS X 10_15_7) AppleWebKit/537.36 (KHTML, like Gecko) Chrome/104.0.0.0 Safari/537.36" "-"
43.173.181.0 - - [21/Sep/2026:00:20:35 -0400] "GET / HTTP/1.1" 200 57060 marketing-online-101.com "-" "Mozilla/5.0 (Windows NT 10.0; Win64; x64) AppleWebKit/537.36 (KHTML, like Gecko) Chrome/108.0.0.0 Safari/537.36" "-"
93.92.20.0 - - [21/Sep/2026:00:20:36 -0400] "GET /?p=1055 HTTP/1.1" 301 - marketing-online-101.com "-" "Mozilla/5.0 (Macintosh; Intel Mac OS X 10_15_7) AppleWebKit/537.36 (KHTML, like Gecko) Chrome/104.0.0.0 Safari/537.36" "-"
93.92.20.0 - - [21/Sep/2026:00:20:37 -0400] "GET /2017/05/05/online-slots-casino-real-money/ HTTP/1.1" 200 47626 marketing-online-101.com "-" "Mozilla/5.0 (Macintosh; Intel Mac OS X 10_15_7) AppleWebKit/537.36 (KHTML, like Gecko) Chrome/104.0.0.0 Safari/537.36" "-"
93.92.20.0 - - [21/Sep/2026:00:20:38 -0400] "GET /?p=988 HTTP/1.1" 301 - marketing-online-101.com "-" "Mozilla/5.0 (Macintosh; Intel Mac OS X 10_15_7) AppleWebKit/537.36 (KHTML, like Gecko) Chrome/104.0.0.0 Safari/537.36" "-"
93.92.20.0 - - [21/Sep/2026:00:20:39 -0400] "GET /2017/05/05/duelz-casino-bonus-codes-for-free-spins-2026/ HTTP/1.1" 200 47917 marketing-online-101.com "-" "Mozilla/5.0 (Macintosh; Intel Mac OS X 10_15_7) AppleWebKit/537.36 (KHTML, like Gecko) Chrome/104.0.0.0 Safari/537.36" "-"
93.92.20.0 - - [21/Sep/2026:00:20:40 -0400] "GET /?p=978 HTTP/1.1" 301 - marketing-online-101.com "-" "Mozilla/5.0 (Macintosh; Intel Mac OS X 10_15_7) AppleWebKit/537.36 (KHTML, like Gecko) Chrome/104.0.0.0 Safari/537.36" "-"
93.92.20.0 - - [21/Sep/2026:00:20:41 -0400] "GET /2017/05/05/jacks-casino-online-login/ HTTP/1.1" 200 47006 marketing-online-101.com "-" "Mozilla/5.0 (Macintosh; Intel Mac OS X 10_15_7) AppleWebKit/537.36 (KHTML, like Gecko) Chrome/104.0.0.0 Safari/537.36" "-"
