93.92.20.0 - - [21/Sep/2026:00:20:42 -0400] "GET /?p=758 HTTP/1.1" 301 - marketing-online-101.com "-" "Mozilla/5.0 (Macintosh; Intel Mac OS X 10_15_7) AppleWebKit/537.36 (KHTML, like Gecko) Chrome/104.0.0.0 Safari/537.36" "-"
93.92.20.0 - - [21/Sep/2026:00:20:43 -0400] "GET /2017/05/05/-100-free-welcome-bonus-no-deposit-required-real-money-casino/ HTTP/1.1" 404 37606 marketing-online-101.com "-" "Mozilla/5.0 (Macintosh; Intel Mac OS X 10_15_7) AppleWebKit/537.36 (KHTML, like Gecko) Chrome/104.0.0.0 Safari/537.36" "-"
93.92.20.0 - - [21/Sep/2026:00:20:44 -0400] "GET /?p=963 HTTP/1.1" 301 - marketing-online-101.com "-" "Mozilla/5.0 (Macintosh; Intel Mac OS X 10_15_7) AppleWebKit/537.36 (KHTML, like Gecko) Chrome/104.0.0.0 Safari/537.36" "-"
93.92.20.0 - - [21/Sep/2026:00:20:45 -0400] "GET /2017/05/05/spin-station-casino-uk-review-2026/ HTTP/1.1" 200 46995 marketing-online-101.com "-" "Mozilla/5.0 (Macintosh; Intel Mac OS X 10_15_7) AppleWebKit/537.36 (KHTML, like Gecko) Chrome/104.0.0.0 Safari/537.36" "-"
93.92.20.0 - - [21/Sep/2026:00:20:46 -0400] "GET /2026/06/ HTTP/1.1" 404 37204 marketing-online-101.com "-" "Mozilla/5.0 (Macintosh; Intel Mac OS X 10_15_7) AppleWebKit/537.36 (KHTML, like Gecko) Chrome/104.0.0.0 Safari/537.36" "-"
136.243.220.0 - - [21/Sep/2026:00:20:47 -0400] "GET /detail/0514590866 HTTP/1.1" 404 86905 yahia.ws "-" "Mozilla/5.0 (compatible; DataForSeoBot/1.0; +https://dataforseo.com/dataforseo-bot)" "-"
93.92.20.0 - - [21/Sep/2026:00:20:47 -0400] "GET /2017/05/ HTTP/1.1" 404 37204 marketing-online-101.com "-" "Mozilla/5.0 (Macintosh; Intel Mac OS X 10_15_7) AppleWebKit/537.36 (KHTML, like Gecko) Chrome/104.0.0.0 Safari/537.36" "-"
2607:f1c0:500:: - - [21/Sep/2026:00:20:48 -0400] "POST /wp-cron.php?doing_wp_cron=1789964448.4481658935546875000000 HTTP/1.1" 200 - yahia.ws "-" "WordPress/6.6.8; http://yahia.ws" "-"
93.92.20.0 - - [21/Sep/2026:00:20:48 -0400] "GET /2026/09/ HTTP/1.1" 404 37204 marketing-online-101.com "-" "Mozilla/5.0 (Macintosh; Intel Mac OS X 10_15_7) AppleWebKit/537.36 (KHTML, like Gecko) Chrome/104.0.0.0 Safari/537.36" "-"
136.243.220.0 - - [21/Sep/2026:00:21:05 -0400] "GET /detail/3062129491 HTTP/1.1" 404 86905 yahia.ws "-" "Mozilla/5.0 (compatible; DataForSeoBot/1.0; +https://dataforseo.com/dataforseo-bot)" "-"
8.160.173.0 - - [21/Sep/2026:00:21:09 -0400] "GET / HTTP/1.1" 200 22645 fomt.biz "-" "Mozilla/5.0 (iPhone; CPU iPhone OS 13_2_3 like Mac OS X) AppleWebKit/605.1.15 (KHTML, like Gecko) Version/13.0.3 Mobile/15E148 Safari/604.1" "-"
136.243.220.0 - - [21/Sep/2026:00:21:22 -0400] "GET /detail/5363463678 HTTP/1.1" 404 86905 yahia.ws "-" "Mozilla/5.0 (compatible; DataForSeoBot/1.0; +https://dataforseo.com/dataforseo-bot)" "-"
114.119.132.0 - - [21/Sep/2026:00:21:26 -0400] "GET /items/T945891364/ HTTP/1.1" 404 86899 yahia.ws "http://yahia.ws/sitemap-20.xml" "Mozilla/5.0 (Linux; Android 7.0;) AppleWebKit/537.36 (HTML, like Gecko) Mobile Safari/537.36 (compatible; PetalBot;+https://webmaster.petalsearch.com/site/petalbot)" "-"
136.243.220.0 - - [21/Sep/2026:00:21:39 -0400] "GET /detail/d433554016 HTTP/1.1" 404 86905 yahia.ws "-" "Mozilla/5.0 (compatible; DataForSeoBot/1.0; +https://dataforseo.com/dataforseo-bot)" "-"
2607:f1c0:500:: - - [21/Sep/2026:00:21:40 -0400] "POST /wp-cron.php?doing_wp_cron=1789964500.0553219318389892578125 HTTP/1.1" 200 - yahia.ws "-" "WordPress/6.6.8; http://yahia.ws" "-"
74.208.57.0 - - [21/Sep/2026:00:21:42 -0400] "POST /wp-cron.php?doing_wp_cron=1789964502.7217419147491455078125 HTTP/1.1" 200 - marketing-online-101.com "-" "WordPress/6.6.8; http://marketing-online-101.com" "-"
114.119.143.0 - - [21/Sep/2026:00:21:42 -0400] "GET /?p=954 HTTP/1.1" 301 - marketing-online-101.com "http://marketing-online-101.com/2017/05/05/betiro-casino-bonus-codes-for-free-spins-2026/2" "Mozilla/5.0 (Linux; Android 7.0;) AppleWebKit/537.36 (HTML, like Gecko) Mobile Safari/537.36 (compatible; PetalBot;+https://webmaster.petalsearch.com/site/petalbot)" "-"
158.173.3.0 - - [21/Sep/2026:00:21:43 -0400] "GET /spielautomaten-gratis-spielen-ohne-anmeldung-2026/ HTTP/1.1" 200 96287 yahia.ws "http://yahia.ws/" "Mozilla/5.0 (Windows NT 10.0; Win64; x64) AppleWebKit/537.36 (KHTML, like Gecko) Chrome/91.0.4472.124 Safari/537.36" "-"
114.119.143.0 - - [21/Sep/2026:00:21:43 -0400] "GET /2017/05/05/betfaur-casino-bonus-codes-for-free-spins-2026/ HTTP/1.1" 200 47000 marketing-online-101.com "http://marketing-online-101.com/2017/05/05/betiro-casino-bonus-codes-for-free-spins-2026/2" "Mozilla/5.0 (Linux; Android 7.0;) AppleWebKit/537.36 (HTML, like Gecko) Mobile Safari/537.36 (compatible; PetalBot;+https://webmaster.petalsearch.com/site/petalbot)" "-"
136.243.220.0 - - [21/Sep/2026:00:21:56 -0400] "GET /detail/c5e2815169 HTTP/1.1" 404 86905 yahia.ws "-" "Mozilla/5.0 (compatible; DataForSeoBot/1.0; +https://dataforseo.com/dataforseo-bot)" "-"
181.189.16.0 - - [21/Sep/2026:00:21:57 -0400] "GET /2026/09/04/casino-en-linea-mejor-bono-de-deposito-en-es-2026/2 HTTP/1.1" 301 - marketing-online-101.com "http://marketing-online-101.com" "Mozilla/5.0 (Macintosh; Intel Mac OS X 10_15_7) AppleWebKit/537.36 (KHTML, like Gecko) Chrome/144.0.0.0 Safari/537.36" "-"
118.179.89.0 - - [21/Sep/2026:00:21:59 -0400] "GET /2026/09/04/casino-en-linea-mejor-bono-de-deposito-en-es-2026/ HTTP/1.1" 200 48057 marketing-online-101.com "http://marketing-online-101.com/2026/09/04/casino-en-linea-mejor-bono-de-deposito-en-es-2026/2" "Mozilla/5.0 (Macintosh; Intel Mac OS X 10_15_7) AppleWebKit/537.36 (KHTML, like Gecko) Chrome/144.0.0.0 Safari/537.36" "-"
136.243.220.0 - - [21/Sep/2026:00:22:12 -0400] "GET /detail/a972942178 HTTP/1.1" 404 86905 yahia.ws "-" "Mozilla/5.0 (compatible; DataForSeoBot/1.0; +https://dataforseo.com/dataforseo-bot)" "-"
136.243.220.0 - - [21/Sep/2026:00:22:29 -0400] "GET /detail/a842418917 HTTP/1.1" 404 86905 yahia.ws "-" "Mozilla/5.0 (compatible; DataForSeoBot/1.0; +https://dataforseo.com/dataforseo-bot)" "-"
216.73.217.0 - - [21/Sep/2026:00:22:38 -0400] "GET /?p=832 HTTP/1.1" 301 - marketing-online-101.com "-" "Mozilla/5.0 AppleWebKit/537.36 (KHTML, like Gecko; compatible; ClaudeBot/1.0; +claudebot@anthropic.com)" "-"
74.208.57.0 - - [21/Sep/2026:00:22:39 -0400] "POST /wp-cron.php?doing_wp_cron=1789964559.0965509414672851562500 HTTP/1.1" 200 - marketing-online-101.com "-" "WordPress/6.6.8; http://marketing-online-101.com" "-"
216.73.217.0 - - [21/Sep/2026:00:22:41 -0400] "GET /2017/05/05/mr-mobi-casino-no-deposit-bonus-2026/ HTTP/1.1" 200 47570 marketing-online-101.com "http://marketing-online-101.com/?p=832" "Mozilla/5.0 AppleWebKit/537.36 (KHTML, like Gecko; compatible; ClaudeBot/1.0; +claudebot@anthropic.com)" "-"
2607:f1c0:500:: - - [21/Sep/2026:00:22:44 -0400] "POST /wp-cron.php?doing_wp_cron=1789964564.7561190128326416015625 HTTP/1.1" 200 - yahia.ws "-" "WordPress/6.6.8; http://yahia.ws" "-"
124.156.204.0 - - [21/Sep/2026:00:22:44 -0400] "GET / HTTP/1.1" 200 138376 yahia.ws "-" "Mozilla/5.0 (iPhone; CPU iPhone OS 13_2_3 like Mac OS X) AppleWebKit/605.1.15 (KHTML, like Gecko) Version/13.0.3 Mobile/15E148 Safari/604.1" "-"
43.162.95.0 - - [21/Sep/2026:00:22:44 -0400] "GET / HTTP/1.1" 301 - www.marketing-online-101.com "-" "Mozilla/5.0 (iPhone; CPU iPhone OS 13_2_3 like Mac OS X) AppleWebKit/605.1.15 (KHTML, like Gecko) Version/13.0.3 Mobile/15E148 Safari/604.1" "-"
43.162.95.0 - - [21/Sep/2026:00:22:45 -0400] "GET / HTTP/1.1" 200 57060 marketing-online-101.com "http://www.marketing-online-101.com" "Mozilla/5.0 (iPhone; CPU iPhone OS 13_2_3 like Mac OS X) AppleWebKit/605.1.15 (KHTML, like Gecko) Version/13.0.3 Mobile/15E148 Safari/604.1" "-"
136.243.220.0 - - [21/Sep/2026:00:22:46 -0400] "GET /detail/f25755623 HTTP/1.1" 404 86899 yahia.ws "-" "Mozilla/5.0 (compatible; DataForSeoBot/1.0; +https://dataforseo.com/dataforseo-bot)" "-"
114.119.135.0 - - [21/Sep/2026:00:22:49 -0400] "GET /items/T945639632/ HTTP/1.1" 404 86899 yahia.ws "http://yahia.ws/sitemap-2.xml" "Mozilla/5.0 (Linux; Android 7.0;) AppleWebKit/537.36 (HTML, like Gecko) Mobile Safari/537.36 (compatible; PetalBot;+https://webmaster.petalsearch.com/site/petalbot)" "-"
45.181.134.0 - - [21/Sep/2026:00:23:02 -0400] "GET /2026/06/13/articlessporopay-registracia-kancelaria/2 HTTP/1.1" 301 - marketing-online-101.com "-" "Mozilla/5.0 (Windows NT 10.0; Win64; x64) AppleWebKit/537.36 (KHTML, like Gecko) Chrome/132.0.6834.160 Safari/537.36" "-"
136.243.220.0 - - [21/Sep/2026:00:23:03 -0400] "GET /detail/0324562057 HTTP/1.1" 404 86905 yahia.ws "-" "Mozilla/5.0 (compatible; DataForSeoBot/1.0; +https://dataforseo.com/dataforseo-bot)" "-"
216.73.217.0 - - [21/Sep/2026:00:23:03 -0400] "GET /sitemap.xml HTTP/1.1" 200 2271 marketing-online-101.com "-" "Mozilla/5.0 AppleWebKit/537.36 (KHTML, like Gecko; compatible; ClaudeBot/1.0; +claudebot@anthropic.com)" "-"
52.167.144.0 - - [21/Sep/2026:00:23:04 -0400] "GET /detail/f194464312 HTTP/1.1" 200 175740 yahia.ws "-" "Mozilla/5.0 AppleWebKit/537.36 (KHTML, like Gecko; compatible; bingbot/2.0; +http://www.bing.com/bingbot.htm) Chrome/116.0.1938.76 Safari/537.36" "-"
217.164.234.0 - - [21/Sep/2026:00:23:04 -0400] "GET /2026/06/13/articlessporopay-registracia-kancelaria/ HTTP/1.1" 200 45177 marketing-online-101.com "-" "Mozilla/5.0 (Windows NT 10.0; Win64; x64) AppleWebKit/537.36 (KHTML, like Gecko) Chrome/132.0.6834.160 Safari/537.36" "-"
114.119.149.0 - - [21/Sep/2026:00:23:05 -0400] "GET /?p=849 HTTP/1.1" 301 - marketing-online-101.com "http://marketing-online-101.com/?p=3097" "Mozilla/5.0 (Linux; Android 7.0;) AppleWebKit/537.36 (HTML, like Gecko) Mobile Safari/537.36 (compatible; PetalBot;+https://webmaster.petalsearch.com/site/petalbot)" "-"
114.119.149.0 - - [21/Sep/2026:00:23:06 -0400] "GET /2017/05/05/party-casino-bonus-codes-for-free-spins-2026/ HTTP/1.1" 200 47049 marketing-online-101.com "http://marketing-online-101.com/?p=3097" "Mozilla/5.0 (Linux; Android 7.0;) AppleWebKit/537.36 (HTML, like Gecko) Mobile Safari/537.36 (compatible; PetalBot;+https://webmaster.petalsearch.com/site/petalbot)" "-"
136.243.220.0 - - [21/Sep/2026:00:23:20 -0400] "GET /detail/0652661862 HTTP/1.1" 404 86905 yahia.ws "-" "Mozilla/5.0 (compatible; DataForSeoBot/1.0; +https://dataforseo.com/dataforseo-bot)" "-"
216.73.217.0 - - [21/Sep/2026:00:23:21 -0400] "GET /2017/05/05/kings-casino-uk-review-2026/ HTTP/1.1" 200 47089 marketing-online-101.com "-" "Mozilla/5.0 AppleWebKit/537.36 (KHTML, like Gecko; compatible; ClaudeBot/1.0; +claudebot@anthropic.com)" "-"
216.73.217.0 - - [21/Sep/2026:00:23:33 -0400] "GET /?p=995 HTTP/1.1" 301 - marketing-online-101.com "-" "Mozilla/5.0 AppleWebKit/537.36 (KHTML, like Gecko; compatible; ClaudeBot/1.0; +claudebot@anthropic.com)" "-"
74.208.57.0 - - [21/Sep/2026:00:23:34 -0400] "POST /wp-cron.php?doing_wp_cron=1789964614.4048130512237548828125 HTTP/1.1" 200 - marketing-online-101.com "-" "WordPress/6.6.8; http://marketing-online-101.com" "-"
216.73.217.0 - - [21/Sep/2026:00:23:35 -0400] "GET /2017/05/05/elk-casino-bonus-codes-for-free-spins-2026/ HTTP/1.1" 200 47544 marketing-online-101.com "http://marketing-online-101.com/?p=995" "Mozilla/5.0 AppleWebKit/537.36 (KHTML, like Gecko; compatible; ClaudeBot/1.0; +claudebot@anthropic.com)" "-"
2607:f1c0:500:: - - [21/Sep/2026:00:23:37 -0400] "POST /wp-cron.php?doing_wp_cron=1789964617.6560969352722167968750 HTTP/1.1" 200 - yahia.ws "-" "WordPress/6.6.8; http://yahia.ws" "-"
136.243.220.0 - - [21/Sep/2026:00:23:37 -0400] "GET /detail/2df3194333 HTTP/1.1" 404 86905 yahia.ws "-" "Mozilla/5.0 (compatible; DataForSeoBot/1.0; +https://dataforseo.com/dataforseo-bot)" "-"
114.119.135.0 - - [21/Sep/2026:00:24:13 -0400] "GET /items/T945408555/ HTTP/1.1" 404 86899 yahia.ws "http://yahia.ws/sitemap-11.xml" "Mozilla/5.0 (Linux; Android 7.0;) AppleWebKit/537.36 (HTML, like Gecko) Mobile Safari/537.36 (compatible; PetalBot;+https://webmaster.petalsearch.com/site/petalbot)" "-"
74.208.57.0 - - [21/Sep/2026:00:24:24 -0400] "POST /wp-cron.php?doing_wp_cron=1789964664.5618491172790527343750 HTTP/1.1" 200 - marketing-online-101.com "-" "WordPress/6.6.8; http://marketing-online-101.com" "-"
216.73.217.0 - - [21/Sep/2026:00:24:24 -0400] "GET /2017/05/05/best-online-bonus-slots/2 HTTP/1.1" 301 - marketing-online-101.com "-" "Mozilla/5.0 AppleWebKit/537.36 (KHTML, like Gecko; compatible; ClaudeBot/1.0; +claudebot@anthropic.com)" "-"
216.73.217.0 - - [21/Sep/2026:00:24:25 -0400] "GET /2017/05/05/best-online-bonus-slots/ HTTP/1.1" 200 46784 marketing-online-101.com "http://marketing-online-101.com/2017/05/05/best-online-bonus-slots/2" "Mozilla/5.0 AppleWebKit/537.36 (KHTML, like Gecko; compatible; ClaudeBot/1.0; +claudebot@anthropic.com)" "-"
114.119.141.0 - - [21/Sep/2026:00:24:33 -0400] "GET /?p=828 HTTP/1.1" 301 - marketing-online-101.com "http://marketing-online-101.com/?p=4079" "Mozilla/5.0 (Linux; Android 7.0;) AppleWebKit/537.36 (HTML, like Gecko) Mobile Safari/537.36 (compatible; PetalBot;+https://webmaster.petalsearch.com/site/petalbot)" "-"
74.208.57.0 - - [21/Sep/2026:00:24:34 -0400] "POST /wp-cron.php?doing_wp_cron=1789964674.7148029804229736328125 HTTP/1.1" 200 - marketing-online-101.com "-" "WordPress/6.6.8; http://marketing-online-101.com" "-"
114.119.141.0 - - [21/Sep/2026:00:24:34 -0400] "GET /2017/05/05/spinland-casino-uk-review-2026/ HTTP/1.1" 200 47125 marketing-online-101.com "http://marketing-online-101.com/?p=4079" "Mozilla/5.0 (Linux; Android 7.0;) AppleWebKit/537.36 (HTML, like Gecko) Mobile Safari/537.36 (compatible; PetalBot;+https://webmaster.petalsearch.com/site/petalbot)" "-"
216.73.217.0 - - [21/Sep/2026:00:24:49 -0400] "GET /2017/05/05/aya-casino-online-login/2 HTTP/1.1" 301 - marketing-online-101.com "-" "Mozilla/5.0 AppleWebKit/537.36 (KHTML, like Gecko; compatible; ClaudeBot/1.0; +claudebot@anthropic.com)" "-"
216.73.217.0 - - [21/Sep/2026:00:24:49 -0400] "GET /2017/05/05/aya-casino-online-login/ HTTP/1.1" 200 46636 marketing-online-101.com "http://marketing-online-101.com/2017/05/05/aya-casino-online-login/2" "Mozilla/5.0 AppleWebKit/537.36 (KHTML, like Gecko; compatible; ClaudeBot/1.0; +claudebot@anthropic.com)" "-"
136.243.220.0 - - [21/Sep/2026:00:25:01 -0400] "GET /detail/aac2314840 HTTP/1.1" 404 86905 yahia.ws "-" "Mozilla/5.0 (compatible; DataForSeoBot/1.0; +https://dataforseo.com/dataforseo-bot)" "-"
2607:f1c0:500:: - - [21/Sep/2026:00:25:02 -0400] "POST /wp-cron.php?doing_wp_cron=1789964702.1665771007537841796875 HTTP/1.1" 200 - yahia.ws "-" "WordPress/6.6.8; http://yahia.ws" "-"
216.73.217.0 - - [21/Sep/2026:00:25:18 -0400] "GET /?p=944 HTTP/1.1" 301 - marketing-online-101.com "-" "Mozilla/5.0 AppleWebKit/537.36 (KHTML, like Gecko; compatible; ClaudeBot/1.0; +claudebot@anthropic.com)" "-"
216.73.217.0 - - [21/Sep/2026:00:25:19 -0400] "GET /2017/05/05/best-jackpot/ HTTP/1.1" 200 46304 marketing-online-101.com "http://marketing-online-101.com/?p=944" "Mozilla/5.0 AppleWebKit/537.36 (KHTML, like Gecko; compatible; ClaudeBot/1.0; +claudebot@anthropic.com)" "-"
216.73.217.0 - - [21/Sep/2026:00:25:19 -0400] "GET /2017/05/05/betswap-casino-online-login/2 HTTP/1.1" 301 - marketing-online-101.com "-" "Mozilla/5.0 AppleWebKit/537.36 (KHTML, like Gecko; compatible; ClaudeBot/1.0; +claudebot@anthropic.com)" "-"
136.243.220.0 - - [21/Sep/2026:00:25:19 -0400] "GET /detail/a0c183391 HTTP/1.1" 404 86899 yahia.ws "-" "Mozilla/5.0 (compatible; DataForSeoBot/1.0; +https://dataforseo.com/dataforseo-bot)" "-"
216.73.217.0 - - [21/Sep/2026:00:25:20 -0400] "GET /2017/05/05/pm-casino-no-deposit-bonus-2026/2 HTTP/1.1" 301 - marketing-online-101.com "-" "Mozilla/5.0 AppleWebKit/537.36 (KHTML, like Gecko; compatible; ClaudeBot/1.0; +claudebot@anthropic.com)" "-"
216.73.217.0 - - [21/Sep/2026:00:25:20 -0400] "GET /2017/05/05/betswap-casino-online-login/ HTTP/1.1" 200 47521 marketing-online-101.com "http://marketing-online-101.com/2017/05/05/betswap-casino-online-login/2" "Mozilla/5.0 AppleWebKit/537.36 (KHTML, like Gecko; compatible; ClaudeBot/1.0; +claudebot@anthropic.com)" "-"
216.73.217.0 - - [21/Sep/2026:00:25:21 -0400] "GET /2017/05/05/pm-casino-no-deposit-bonus-2026/ HTTP/1.1" 200 46553 marketing-online-101.com "http://marketing-online-101.com/2017/05/05/pm-casino-no-deposit-bonus-2026/2" "Mozilla/5.0 AppleWebKit/537.36 (KHTML, like Gecko; compatible; ClaudeBot/1.0; +claudebot@anthropic.com)" "-"
216.73.217.0 - - [21/Sep/2026:00:25:21 -0400] "GET /2017/05/05/casino-games-uk-real-money/ HTTP/1.1" 200 46712 marketing-online-101.com "-" "Mozilla/5.0 AppleWebKit/537.36 (KHTML, like Gecko; compatible; ClaudeBot/1.0; +claudebot@anthropic.com)" "-"
114.119.135.0 - - [21/Sep/2026:00:25:36 -0400] "GET /items/T945133945/ HTTP/1.1" 404 86899 yahia.ws "http://yahia.ws/sitemap-2.xml" "Mozilla/5.0 (Linux; Android 7.0;) AppleWebKit/537.36 (HTML, like Gecko) Mobile Safari/537.36 (compatible; PetalBot;+https://webmaster.petalsearch.com/site/petalbot)" "-"
2607:f1c0:500:: - - [21/Sep/2026:00:25:36 -0400] "POST /wp-cron.php?doing_wp_cron=1789964736.8391199111938476562500 HTTP/1.1" 200 - yahia.ws "-" "WordPress/6.6.8; http://yahia.ws" "-"
136.243.220.0 - - [21/Sep/2026:00:25:36 -0400] "GET /detail/04a197022 HTTP/1.1" 404 86899 yahia.ws "-" "Mozilla/5.0 (compatible; DataForSeoBot/1.0; +https://dataforseo.com/dataforseo-bot)" "-"
136.243.220.0 - - [21/Sep/2026:00:25:53 -0400] "GET /detail/90f269793 HTTP/1.1" 404 86899 yahia.ws "-" "Mozilla/5.0 (compatible; DataForSeoBot/1.0; +https://dataforseo.com/dataforseo-bot)" "-"
74.208.57.0 - - [21/Sep/2026:00:25:56 -0400] "POST /wp-cron.php?doing_wp_cron=1789964756.6501169204711914062500 HTTP/1.1" 200 - marketing-online-101.com "-" "WordPress/6.6.8; http://marketing-online-101.com" "-"
216.73.217.0 - - [21/Sep/2026:00:25:56 -0400] "GET /2017/05/05/aya-casino-online-login/ HTTP/1.1" 200 46636 marketing-online-101.com "-" "Mozilla/5.0 AppleWebKit/537.36 (KHTML, like Gecko; compatible; ClaudeBot/1.0; +claudebot@anthropic.com)" "-"
216.73.217.0 - - [21/Sep/2026:00:25:57 -0400] "GET /2017/05/05/pm-casino-no-deposit-bonus-2026/ HTTP/1.1" 200 46553 marketing-online-101.com "-" "Mozilla/5.0 AppleWebKit/537.36 (KHTML, like Gecko; compatible; ClaudeBot/1.0; +claudebot@anthropic.com)" "-"
114.119.133.0 - - [21/Sep/2026:00:25:58 -0400] "GET /2017/05/05/slots-not-on-gamstop-no-deposit-bonus/2 HTTP/1.1" 301 - marketing-online-101.com "http://marketing-online-101.com/2017/05/05/slots-not-on-gamstop-no-deposit-bonus/" "Mozilla/5.0 (Linux; Android 7.0;) AppleWebKit/537.36 (HTML, like Gecko) Mobile Safari/537.36 (compatible; PetalBot;+https://webmaster.petalsearch.com/site/petalbot)" "-"
114.119.133.0 - - [21/Sep/2026:00:25:59 -0400] "GET /2017/05/05/slots-not-on-gamstop-no-deposit-bonus/ HTTP/1.1" 200 47409 marketing-online-101.com "http://marketing-online-101.com/2017/05/05/slots-not-on-gamstop-no-deposit-bonus/" "Mozilla/5.0 (Linux; Android 7.0;) AppleWebKit/537.36 (HTML, like Gecko) Mobile Safari/537.36 (compatible; PetalBot;+https://webmaster.petalsearch.com/site/petalbot)" "-"
136.243.220.0 - - [21/Sep/2026:00:26:10 -0400] "GET /detail/c232803815 HTTP/1.1" 404 86905 yahia.ws "-" "Mozilla/5.0 (compatible; DataForSeoBot/1.0; +https://dataforseo.com/dataforseo-bot)" "-"
66.249.79.0 - - [21/Sep/2026:00:26:13 -0400] "GET /detail/2a55006385 HTTP/1.1" 200 178011 yahia.ws "-" "Mozilla/5.0 (Linux; Android 6.0.1; Nexus 5X Build/MMB29P) AppleWebKit/537.36 (KHTML, like Gecko) Chrome/153.0.8010.47 Mobile Safari/537.36 (compatible; Googlebot/2.1; +http://www.google.com/bot.html)" "-"
216.73.217.0 - - [21/Sep/2026:00:26:19 -0400] "GET /2017/05/05/best-online-bonus-slots/ HTTP/1.1" 200 46784 marketing-online-101.com "-" "Mozilla/5.0 AppleWebKit/537.36 (KHTML, like Gecko; compatible; ClaudeBot/1.0; +claudebot@anthropic.com)" "-"
136.243.220.0 - - [21/Sep/2026:00:26:27 -0400] "GET /detail/210331977 HTTP/1.1" 404 86899 yahia.ws "-" "Mozilla/5.0 (compatible; DataForSeoBot/1.0; +https://dataforseo.com/dataforseo-bot)" "-"
216.73.217.0 - - [21/Sep/2026:00:26:29 -0400] "GET /2017/05/05/casino-games-uk-real-money/2 HTTP/1.1" 301 - marketing-online-101.com "-" "Mozilla/5.0 AppleWebKit/537.36 (KHTML, like Gecko; compatible; ClaudeBot/1.0; +claudebot@anthropic.com)" "-"
216.73.217.0 - - [21/Sep/2026:00:26:30 -0400] "GET /2017/05/05/casino-games-uk-real-money/ HTTP/1.1" 200 46712 marketing-online-101.com "http://marketing-online-101.com/2017/05/05/casino-games-uk-real-money/2" "Mozilla/5.0 AppleWebKit/537.36 (KHTML, like Gecko; compatible; ClaudeBot/1.0; +claudebot@anthropic.com)" "-"
2607:f1c0:500:: - - [21/Sep/2026:00:26:43 -0400] "POST /wp-cron.php?doing_wp_cron=1789964803.7426869869232177734375 HTTP/1.1" 200 - yahia.ws "-" "WordPress/6.6.8; http://yahia.ws" "-"
136.243.220.0 - - [21/Sep/2026:00:26:43 -0400] "GET /detail/2e61630148 HTTP/1.1" 404 86905 yahia.ws "-" "Mozilla/5.0 (compatible; DataForSeoBot/1.0; +https://dataforseo.com/dataforseo-bot)" "-"
136.243.220.0 - - [21/Sep/2026:00:27:00 -0400] "GET /detail/300330825 HTTP/1.1" 404 86899 yahia.ws "-" "Mozilla/5.0 (compatible; DataForSeoBot/1.0; +https://dataforseo.com/dataforseo-bot)" "-"
114.119.135.0 - - [21/Sep/2026:00:27:00 -0400] "GET /items/T944187349/ HTTP/1.1" 404 86899 yahia.ws "http://yahia.ws/sitemap-9.xml" "Mozilla/5.0 (Linux; Android 7.0;) AppleWebKit/537.36 (HTML, like Gecko) Mobile Safari/537.36 (compatible; PetalBot;+https://webmaster.petalsearch.com/site/petalbot)" "-"
52.167.144.0 - - [21/Sep/2026:00:27:15 -0400] "GET /detail/0d43508702 HTTP/1.1" 200 175280 www.yahia.ws "-" "Mozilla/5.0 AppleWebKit/537.36 (KHTML, like Gecko; compatible; bingbot/2.0; +http://www.bing.com/bingbot.htm) Chrome/116.0.1938.76 Safari/537.36" "-"
136.243.220.0 - - [21/Sep/2026:00:27:17 -0400] "GET /detail/294939184 HTTP/1.1" 404 86899 yahia.ws "-" "Mozilla/5.0 (compatible; DataForSeoBot/1.0; +https://dataforseo.com/dataforseo-bot)" "-"
114.119.144.0 - - [21/Sep/2026:00:27:21 -0400] "GET /tag/make-money-from-home/ HTTP/1.1" 200 39879 marketing-online-101.com "http://marketing-online-101.com/category/affilaite-marketing" "Mozilla/5.0 (Linux; Android 7.0;) AppleWebKit/537.36 (HTML, like Gecko) Mobile Safari/537.36 (compatible; PetalBot;+https://webmaster.petalsearch.com/site/petalbot)" "-"
74.208.57.0 - - [21/Sep/2026:00:27:22 -0400] "POST /wp-cron.php?doing_wp_cron=1789964842.5736620426177978515625 HTTP/1.1" 200 - marketing-online-101.com "-" "WordPress/6.6.8; http://marketing-online-101.com" "-"
216.73.217.0 - - [21/Sep/2026:00:27:28 -0400] "GET /2017/05/05/betswap-casino-online-login/ HTTP/1.1" 200 47521 marketing-online-101.com "-" "Mozilla/5.0 AppleWebKit/537.36 (KHTML, like Gecko; compatible; ClaudeBot/1.0; +claudebot@anthropic.com)" "-"
136.243.220.0 - - [21/Sep/2026:00:27:33 -0400] "GET /detail/7c7850235 HTTP/1.1" 404 86899 yahia.ws "-" "Mozilla/5.0 (compatible; DataForSeoBot/1.0; +https://dataforseo.com/dataforseo-bot)" "-"
2607:f1c0:500:: - - [21/Sep/2026:00:27:34 -0400] "POST /wp-cron.php?doing_wp_cron=1789964854.5894339084625244140625 HTTP/1.1" 200 - yahia.ws "-" "WordPress/6.6.8; http://yahia.ws" "-"
216.73.217.0 - - [21/Sep/2026:00:27:50 -0400] "GET /2017/05/05/kings-casino-uk-review-2026/2 HTTP/1.1" 301 - marketing-online-101.com "-" "Mozilla/5.0 AppleWebKit/537.36 (KHTML, like Gecko; compatible; ClaudeBot/1.0; +claudebot@anthropic.com)" "-"
74.208.57.0 - - [21/Sep/2026:00:27:51 -0400] "POST /wp-cron.php?doing_wp_cron=1789964871.0786299705505371093750 HTTP/1.1" 200 - marketing-online-101.com "-" "WordPress/6.6.8; http://marketing-online-101.com" "-"
216.73.217.0 - - [21/Sep/2026:00:27:52 -0400] "GET /2017/05/05/kings-casino-uk-review-2026/ HTTP/1.1" 429 267 marketing-online-101.com "http://marketing-online-101.com/2017/05/05/kings-casino-uk-review-2026/2" "Mozilla/5.0 AppleWebKit/537.36 (KHTML, like Gecko; compatible; ClaudeBot/1.0; +claudebot@anthropic.com)" "-"
136.243.220.0 - - [21/Sep/2026:00:27:57 -0400] "GET /detail/6234239431 HTTP/1.1" 404 86905 yahia.ws "-" "Mozilla/5.0 (compatible; DataForSeoBot/1.0; +https://dataforseo.com/dataforseo-bot)" "-"
136.243.220.0 - - [21/Sep/2026:00:28:20 -0400] "GET /detail/6331222882 HTTP/1.1" 404 86905 yahia.ws "-" "Mozilla/5.0 (compatible; DataForSeoBot/1.0; +https://dataforseo.com/dataforseo-bot)" "-"
114.119.135.0 - - [21/Sep/2026:00:28:24 -0400] "GET /items/T944016295/ HTTP/1.1" 404 86899 yahia.ws "http://yahia.ws/sitemap-4.xml" "Mozilla/5.0 (Linux; Android 7.0;) AppleWebKit/537.36 (HTML, like Gecko) Mobile Safari/537.36 (compatible; PetalBot;+https://webmaster.petalsearch.com/site/petalbot)" "-"
2607:f1c0:500:: - - [21/Sep/2026:00:28:44 -0400] "POST /wp-cron.php?doing_wp_cron=1789964924.8032290935516357421875 HTTP/1.1" 200 - yahia.ws "-" "WordPress/6.6.8; http://yahia.ws" "-"
136.243.220.0 - - [21/Sep/2026:00:28:44 -0400] "GET /detail/ac82752909 HTTP/1.1" 404 86905 yahia.ws "-" "Mozilla/5.0 (compatible; DataForSeoBot/1.0; +https://dataforseo.com/dataforseo-bot)" "-"
74.208.57.0 - - [21/Sep/2026:00:28:46 -0400] "POST /wp-cron.php?doing_wp_cron=1789964926.8439490795135498046875 HTTP/1.1" 200 - marketing-online-101.com "-" "WordPress/6.6.8; http://marketing-online-101.com" "-"
114.119.135.0 - - [21/Sep/2026:00:28:46 -0400] "GET /tag/keywords HTTP/1.1" 301 - marketing-online-101.com "http://marketing-online-101.com/tag/affiliate-marketing/page/2" "Mozilla/5.0 (Linux; Android 7.0;) AppleWebKit/537.36 (HTML, like Gecko) Mobile Safari/537.36 (compatible; PetalBot;+https://webmaster.petalsearch.com/site/petalbot)" "-"
114.119.135.0 - - [21/Sep/2026:00:28:47 -0400] "GET /tag/keywords/ HTTP/1.1" 200 39106 marketing-online-101.com "http://marketing-online-101.com/tag/affiliate-marketing/page/2" "Mozilla/5.0 (Linux; Android 7.0;) AppleWebKit/537.36 (HTML, like Gecko) Mobile Safari/537.36 (compatible; PetalBot;+https://webmaster.petalsearch.com/site/petalbot)" "-"
74.208.57.0 - - [21/Sep/2026:00:29:06 -0400] "POST /wordpress/wp-cron.php?doing_wp_cron=1789964946.7180390357971191406250 HTTP/1.1" 200 - fomt.biz "http://fomt.biz/wordpress/wp-cron.php?doing_wp_cron=1789964946.7180390357971191406250" "WordPress/5.5.21; http://fomt.biz" "-"
141.94.194.0 - - [21/Sep/2026:00:29:06 -0400] "GET /tag/businessmen/feed/ HTTP/1.1" 200 4567 fomt.biz "-" "Mozilla/5.0 (X11; Linux i686) AppleWebKit/537.36 (KHTML, like Gecko) Chrome/30.0.1599.66 Safari/537.36" "-"
136.243.220.0 - - [21/Sep/2026:00:29:08 -0400] "GET /detail/3e54312363 HTTP/1.1" 404 86905 yahia.ws "-" "Mozilla/5.0 (compatible; DataForSeoBot/1.0; +https://dataforseo.com/dataforseo-bot)" "-"
2607:f1c0:500:: - - [21/Sep/2026:00:29:31 -0400] "POST /wp-cron.php?doing_wp_cron=1789964971.8584060668945312500000 HTTP/1.1" 200 - yahia.ws "-" "WordPress/6.6.8; http://yahia.ws" "-"
136.243.220.0 - - [21/Sep/2026:00:29:31 -0400] "GET /detail/2a84594052 HTTP/1.1" 404 86905 yahia.ws "-" "Mozilla/5.0 (compatible; DataForSeoBot/1.0; +https://dataforseo.com/dataforseo-bot)" "-"
114.119.135.0 - - [21/Sep/2026:00:29:47 -0400] "GET /items/T943967724/ HTTP/1.1" 404 86899 yahia.ws "http://yahia.ws/sitemap-14.xml" "Mozilla/5.0 (Linux; Android 7.0;) AppleWebKit/537.36 (HTML, like Gecko) Mobile Safari/537.36 (compatible; PetalBot;+https://webmaster.petalsearch.com/site/petalbot)" "-"
66.249.79.0 - - [21/Sep/2026:00:29:53 -0400] "GET /items/V333641530/ HTTP/1.1" 200 174074 yahia.ws "-" "Mozilla/5.0 (Linux; Android 6.0.1; Nexus 5X Build/MMB29P) AppleWebKit/537.36 (KHTML, like Gecko) Chrome/153.0.8010.47 Mobile Safari/537.36 (compatible; Googlebot/2.1; +http://www.google.com/bot.html)" "-"
66.249.79.0 - - [21/Sep/2026:00:29:53 -0400] "GET /items/Q392906289/ HTTP/1.1" 200 180219 yahia.ws "-" "Mozilla/5.0 (Linux; Android 6.0.1; Nexus 5X Build/MMB29P) AppleWebKit/537.36 (KHTML, like Gecko) Chrome/153.0.8010.47 Mobile Safari/537.36 (compatible; Googlebot/2.1; +http://www.google.com/bot.html)" "-"
66.249.79.0 - - [21/Sep/2026:00:29:54 -0400] "GET /detail/fcb5741822 HTTP/1.1" 200 181017 yahia.ws "-" "Mozilla/5.0 (Linux; Android 6.0.1; Nexus 5X Build/MMB29P) AppleWebKit/537.36 (KHTML, like Gecko) Chrome/153.0.8010.47 Mobile Safari/537.36 (compatible; Googlebot/2.1; +http://www.google.com/bot.html)" "-"
136.243.220.0 - - [21/Sep/2026:00:29:55 -0400] "GET /detail/4e33075360 HTTP/1.1" 404 86905 yahia.ws "-" "Mozilla/5.0 (compatible; DataForSeoBot/1.0; +https://dataforseo.com/dataforseo-bot)" "-"
114.119.149.0 - - [21/Sep/2026:00:30:09 -0400] "GET /tag/affiliate-network/ HTTP/1.1" 200 39420 marketing-online-101.com "http://marketing-online-101.com/tag/affiliate-networks/" "Mozilla/5.0 (Linux; Android 7.0;) AppleWebKit/537.36 (HTML, like Gecko) Mobile Safari/537.36 (compatible; PetalBot;+https://webmaster.petalsearch.com/site/petalbot)" "-"
74.208.57.0 - - [21/Sep/2026:00:30:10 -0400] "POST /wp-cron.php?doing_wp_cron=1789965010.1413218975067138671875 HTTP/1.1" 200 - marketing-online-101.com "-" "WordPress/6.6.8; http://marketing-online-101.com" "-"
136.243.220.0 - - [21/Sep/2026:00:30:18 -0400] "GET /detail/4071004703 HTTP/1.1" 404 86905 yahia.ws "-" "Mozilla/5.0 (compatible; DataForSeoBot/1.0; +https://dataforseo.com/dataforseo-bot)" "-"
136.243.220.0 - - [21/Sep/2026:00:30:42 -0400] "GET /detail/a832497358 HTTP/1.1" 404 86905 yahia.ws "-" "Mozilla/5.0 (compatible; DataForSeoBot/1.0; +https://dataforseo.com/dataforseo-bot)" "-"
2607:f1c0:500:: - - [21/Sep/2026:00:30:43 -0400] "POST /wp-cron.php?doing_wp_cron=1789965043.2115700244903564453125 HTTP/1.1" 200 - yahia.ws "-" "WordPress/6.6.8; http://yahia.ws" "-"
136.243.220.0 - - [21/Sep/2026:00:31:06 -0400] "GET /detail/6832873264 HTTP/1.1" 404 86905 yahia.ws "-" "Mozilla/5.0 (compatible; DataForSeoBot/1.0; +https://dataforseo.com/dataforseo-bot)" "-"
114.119.132.0 - - [21/Sep/2026:00:31:12 -0400] "GET /items/T943931838/ HTTP/1.1" 404 86899 yahia.ws "http://yahia.ws/sitemap-9.xml" "Mozilla/5.0 (Linux; Android 7.0;) AppleWebKit/537.36 (HTML, like Gecko) Mobile Safari/537.36 (compatible; PetalBot;+https://webmaster.petalsearch.com/site/petalbot)" "-"
136.243.220.0 - - [21/Sep/2026:00:31:30 -0400] "GET /detail/7894653992 HTTP/1.1" 404 86905 yahia.ws "-" "Mozilla/5.0 (compatible; DataForSeoBot/1.0; +https://dataforseo.com/dataforseo-bot)" "-"
2607:f1c0:500:: - - [21/Sep/2026:00:31:31 -0400] "POST /wp-cron.php?doing_wp_cron=1789965091.0314979553222656250000 HTTP/1.1" 200 - yahia.ws "-" "WordPress/6.6.8; http://yahia.ws" "-"
114.119.141.0 - - [21/Sep/2026:00:31:33 -0400] "GET /advertising/ HTTP/1.1" 200 45215 marketing-online-101.com "http://marketing-online-101.com/advertising/" "Mozilla/5.0 (Linux; Android 7.0;) AppleWebKit/537.36 (HTML, like Gecko) Mobile Safari/537.36 (compatible; PetalBot;+https://webmaster.petalsearch.com/site/petalbot)" "-"
74.208.57.0 - - [21/Sep/2026:00:31:34 -0400] "POST /wp-cron.php?doing_wp_cron=1789965094.4120728969573974609375 HTTP/1.1" 200 - marketing-online-101.com "-" "WordPress/6.6.8; http://marketing-online-101.com" "-"
136.243.220.0 - - [21/Sep/2026:00:31:55 -0400] "GET /detail/c161801227 HTTP/1.1" 429 267 yahia.ws "-" "Mozilla/5.0 (compatible; DataForSeoBot/1.0; +https://dataforseo.com/dataforseo-bot)" "-"
66.249.79.0 - - [21/Sep/2026:00:31:59 -0400] "GET /detail/f994940289 HTTP/1.1" 200 178361 yahia.ws "-" "Mozilla/5.0 (Linux; Android 6.0.1; Nexus 5X Build/MMB29P) AppleWebKit/537.36 (KHTML, like Gecko) Chrome/153.0.8010.47 Mobile Safari/537.36 (compatible; Googlebot/2.1; +http://www.google.com/bot.html)" "-"
44.207.146.0 - - [21/Sep/2026:00:32:02 -0400] "GET /robots.txt HTTP/1.1" 200 271 marketing-online-101.com "-" "Mozilla/5.0 (Macintosh; Intel Mac OS X 10_15_7) AppleWebKit/537.36 (KHTML, like Gecko) Chrome/135.0.0.0 Safari/537.36" "-"
44.207.146.0 - - [21/Sep/2026:00:32:02 -0400] "GET /2017/05/05/betfaur-casino-bonus-codes-for-free-spins-2026/ HTTP/1.1" 200 47000 marketing-online-101.com "-" "Mozilla/5.0 (Macintosh; Intel Mac OS X 10_15_7) AppleWebKit/537.36 (KHTML, like Gecko) Chrome/135.0.0.0 Safari/537.36" "-"
44.207.146.0 - - [21/Sep/2026:00:32:03 -0400] "GET /2017/05/05/casino-apps-iphone-real-money/ HTTP/1.1" 200 46979 marketing-online-101.com "-" "Mozilla/5.0 (Macintosh; Intel Mac OS X 10_15_7) AppleWebKit/537.36 (KHTML, like Gecko) Chrome/135.0.0.0 Safari/537.36" "-"
44.207.146.0 - - [21/Sep/2026:00:32:03 -0400] "GET /2017/05/05/i24slots-casino-bonus-codes-for-free-spins-2026/ HTTP/1.1" 200 47608 marketing-online-101.com "-" "Mozilla/5.0 (Macintosh; Intel Mac OS X 10_15_7) AppleWebKit/537.36 (KHTML, like Gecko) Chrome/135.0.0.0 Safari/537.36" "-"
114.119.135.0 - - [21/Sep/2026:00:32:35 -0400] "GET /items/T943236708/ HTTP/1.1" 404 86899 yahia.ws "http://yahia.ws/sitemap-18.xml" "Mozilla/5.0 (Linux; Android 7.0;) AppleWebKit/537.36 (HTML, like Gecko) Mobile Safari/537.36 (compatible; PetalBot;+https://webmaster.petalsearch.com/site/petalbot)" "-"
2607:f1c0:500:: - - [21/Sep/2026:00:32:36 -0400] "POST /wp-cron.php?doing_wp_cron=1789965156.0705780982971191406250 HTTP/1.1" 200 - yahia.ws "-" "WordPress/6.6.8; http://yahia.ws" "-"
74.208.57.0 - - [21/Sep/2026:00:32:58 -0400] "POST /wp-cron.php?doing_wp_cron=1789965178.7495028972625732421875 HTTP/1.1" 200 - marketing-online-101.com "-" "WordPress/6.6.8; http://marketing-online-101.com" "-"
114.119.141.0 - - [21/Sep/2026:00:32:58 -0400] "GET /advertising HTTP/1.1" 301 - marketing-online-101.com "http://marketing-online-101.com/advertising" "Mozilla/5.0 (Linux; Android 7.0;) AppleWebKit/537.36 (HTML, like Gecko) Mobile Safari/537.36 (compatible; PetalBot;+https://webmaster.petalsearch.com/site/petalbot)" "-"
114.119.141.0 - - [21/Sep/2026:00:32:59 -0400] "GET /advertising/ HTTP/1.1" 200 45215 marketing-online-101.com "http://marketing-online-101.com/advertising" "Mozilla/5.0 (Linux; Android 7.0;) AppleWebKit/537.36 (HTML, like Gecko) Mobile Safari/537.36 (compatible; PetalBot;+https://webmaster.petalsearch.com/site/petalbot)" "-"
130.51.20.0 - - [21/Sep/2026:00:33:06 -0400] "GET /mejor-casino-electronico-con-paypal-en-linea/ HTTP/1.1" 200 93246 yahia.ws "http://yahia.ws/" "Mozilla/5.0 (Windows NT 10.0; Win64; x64) AppleWebKit/537.36 (KHTML, like Gecko) Chrome/120.0.0.0 Safari/537.36" "-"
113.190.202.0 - - [21/Sep/2026:00:33:08 -0400] "GET /hay-algun-sitio-donde-pueda-descargar-un-casino-virtual-gratis/ HTTP/1.1" 200 93271 yahia.ws "http://yahia.ws/" "Mozilla/5.0 (Macintosh; Intel Mac OS X 10_15_7) AppleWebKit/537.36 (KHTML, like Gecko) Chrome/135.0.0.0 Safari/537.36 Edg/135.0.0.0" "-"
113.190.202.0 - - [21/Sep/2026:00:33:10 -0400] "GET /najlepsze-kasyno-online-z-bonusem-na-start-bez-depozytu-dla-graczy-z-holandii/ HTTP/1.1" 200 93558 yahia.ws "http://yahia.ws/hay-algun-sitio-donde-pueda-descargar-un-casino-virtual-gratis/" "Mozilla/5.0 (Macintosh; Intel Mac OS X 10_15_7) AppleWebKit/537.36 (KHTML, like Gecko) Chrome/135.0.0.0 Safari/537.36 Edg/135.0.0.0" "-"
66.249.79.0 - - [21/Sep/2026:00:33:26 -0400] "GET /items/G921390462/ HTTP/1.1" 200 174468 yahia.ws "-" "Mozilla/5.0 (Linux; Android 6.0.1; Nexus 5X Build/MMB29P) AppleWebKit/537.36 (KHTML, like Gecko) Chrome/153.0.8010.47 Mobile Safari/537.36 (compatible; Googlebot/2.1; +http://www.google.com/bot.html)" "-"
16.216.88.0 - - [21/Sep/2026:00:33:50 -0400] "GET /robots.txt HTTP/1.1" 200 113 dosclub.com "-" "Mozilla/5.0 AppleWebKit/537.36 (KHTML, like Gecko; compatible; Reflectionbot/1.0; +https://reflection.ai/bot) Chrome/151.0.0.0 Safari/537.36" "-"
16.216.88.0 - - [21/Sep/2026:00:33:50 -0400] "GET /financial-tips/online-casino-live-dealer HTTP/1.1" 500 - dosclub.com "-" "Mozilla/5.0 AppleWebKit/537.36 (KHTML, like Gecko; compatible; Reflectionbot/1.0; +https://reflection.ai/bot) Chrome/151.0.0.0 Safari/537.36" "-"
114.119.132.0 - - [21/Sep/2026:00:33:59 -0400] "GET /items/T942588303/ HTTP/1.1" 404 86899 yahia.ws "http://yahia.ws/sitemap-2.xml" "Mozilla/5.0 (Linux; Android 7.0;) AppleWebKit/537.36 (HTML, like Gecko) Mobile Safari/537.36 (compatible; PetalBot;+https://webmaster.petalsearch.com/site/petalbot)" "-"
2607:f1c0:500:: - - [21/Sep/2026:00:34:00 -0400] "POST /wp-cron.php?doing_wp_cron=1789965240.5912079811096191406250 HTTP/1.1" 200 - yahia.ws "-" "WordPress/6.6.8; http://yahia.ws" "-"
42.114.204.0 - - [21/Sep/2026:00:34:02 -0400] "GET /2026/07/15/jak-funguji-cashback-programy-v-online-kasinech/ HTTP/1.1" 200 45878 marketing-online-101.com "http://marketing-online-101.com/" "Mozilla/5.0 (Macintosh; Intel Mac OS X 10_15_7) AppleWebKit/537.36 (KHTML, like Gecko) Chrome/129.0.0.0 Safari/537.36" "-"
74.208.57.0 - - [21/Sep/2026:00:34:03 -0400] "POST /wp-cron.php?doing_wp_cron=1789965243.1215469837188720703125 HTTP/1.1" 200 - marketing-online-101.com "-" "WordPress/6.6.8; http://marketing-online-101.com" "-"
42.114.204.0 - - [21/Sep/2026:00:34:09 -0400] "GET /wp-login.php?action=register HTTP/1.1" 302 - marketing-online-101.com "http://marketing-online-101.com/2026/07/15/jak-funguji-cashback-programy-v-online-kasinech/" "Mozilla/5.0 (Windows NT 6.3; Win64; x64) AppleWebKit/537.36 (KHTML, like Gecko) Chrome/103.0.0.0 Safari/537.36" "-"
42.114.204.0 - - [21/Sep/2026:00:34:10 -0400] "GET /wp-login.php?registration=disabled HTTP/1.1" 200 4419 marketing-online-101.com "http://marketing-online-101.com/wp-login.php?action=register" "Mozilla/5.0 (Windows NT 6.3; Win64; x64) AppleWebKit/537.36 (KHTML, like Gecko) Chrome/103.0.0.0 Safari/537.36" "-"
114.119.144.0 - - [21/Sep/2026:00:34:24 -0400] "GET /?p=902 HTTP/1.1" 301 - marketing-online-101.com "http://marketing-online-101.com/?p=2798" "Mozilla/5.0 (Linux; Android 7.0;) AppleWebKit/537.36 (HTML, like Gecko) Mobile Safari/537.36 (compatible; PetalBot;+https://webmaster.petalsearch.com/site/petalbot)" "-"
114.119.144.0 - - [21/Sep/2026:00:34:25 -0400] "GET /2017/05/05/double-bubble-casino-uk-review-2026/ HTTP/1.1" 200 47160 marketing-online-101.com "http://marketing-online-101.com/?p=2798" "Mozilla/5.0 (Linux; Android 7.0;) AppleWebKit/537.36 (HTML, like Gecko) Mobile Safari/537.36 (compatible; PetalBot;+https://webmaster.petalsearch.com/site/petalbot)" "-"
66.249.79.0 - - [21/Sep/2026:00:35:13 -0400] "GET /detail/6e81939423 HTTP/1.1" 200 177883 yahia.ws "-" "Mozilla/5.0 (Linux; Android 6.0.1; Nexus 5X Build/MMB29P) AppleWebKit/537.36 (KHTML, like Gecko) Chrome/153.0.8010.47 Mobile Safari/537.36 (compatible; Googlebot/2.1; +http://www.google.com/bot.html)" "-"
2607:f1c0:500:: - - [21/Sep/2026:00:35:23 -0400] "POST /wp-cron.php?doing_wp_cron=1789965323.7510249614715576171875 HTTP/1.1" 200 - yahia.ws "-" "WordPress/6.6.8; http://yahia.ws" "-"
114.119.132.0 - - [21/Sep/2026:00:35:22 -0400] "GET /items/T942152114/ HTTP/1.1" 404 86899 yahia.ws "http://yahia.ws/sitemap-9.xml" "Mozilla/5.0 (Linux; Android 7.0;) AppleWebKit/537.36 (HTML, like Gecko) Mobile Safari/537.36 (compatible; PetalBot;+https://webmaster.petalsearch.com/site/petalbot)" "-"
114.119.129.0 - - [21/Sep/2026:00:35:50 -0400] "GET /financial-tips/financial-tips-for-surviving-spouses/authors/lisa-nichols/48570 HTTP/1.1" 500 - dosclub.com "http://dosclub.com/financial-tips/financial-tips-for-surviving-spouses/" "Mozilla/5.0 (Linux; Android 7.0;) AppleWebKit/537.36 (HTML, like Gecko) Mobile Safari/537.36 (compatible; PetalBot;+https://webmaster.petalsearch.com/site/petalbot)" "-"
114.119.135.0 - - [21/Sep/2026:00:35:51 -0400] "GET /?p=8268 HTTP/1.1" 301 - marketing-online-101.com "http://marketing-online-101.com/2017/05/05/casino-slot-real-money/" "Mozilla/5.0 (Linux; Android 7.0;) AppleWebKit/537.36 (HTML, like Gecko) Mobile Safari/537.36 (compatible; PetalBot;+https://webmaster.petalsearch.com/site/petalbot)" "-"
74.208.57.0 - - [21/Sep/2026:00:35:52 -0400] "POST /wp-cron.php?doing_wp_cron=1789965352.9414339065551757812500 HTTP/1.1" 200 - marketing-online-101.com "-" "WordPress/6.6.8; http://marketing-online-101.com" "-"
114.119.135.0 - - [21/Sep/2026:00:35:54 -0400] "GET /2017/05/05/casinok-casino-no-deposit-bonus-2026/ HTTP/1.1" 200 47310 marketing-online-101.com "http://marketing-online-101.com/2017/05/05/casino-slot-real-money/" "Mozilla/5.0 (Linux; Android 7.0;) AppleWebKit/537.36 (HTML, like Gecko) Mobile Safari/537.36 (compatible; PetalBot;+https://webmaster.petalsearch.com/site/petalbot)" "-"
114.119.135.0 - - [21/Sep/2026:00:36:46 -0400] "GET /items/T941342822/ HTTP/1.1" 404 86899 yahia.ws "http://yahia.ws/sitemap-12.xml" "Mozilla/5.0 (Linux; Android 7.0;) AppleWebKit/537.36 (HTML, like Gecko) Mobile Safari/537.36 (compatible; PetalBot;+https://webmaster.petalsearch.com/site/petalbot)" "-"
2607:f1c0:500:: - - [21/Sep/2026:00:36:47 -0400] "POST /wp-cron.php?doing_wp_cron=1789965407.2650959491729736328125 HTTP/1.1" 200 - yahia.ws "-" "WordPress/6.6.8; http://yahia.ws" "-"
114.119.143.0 - - [21/Sep/2026:00:37:11 -0400] "GET /?p=822 HTTP/1.1" 301 - marketing-online-101.com "http://marketing-online-101.com/?p=2072" "Mozilla/5.0 (Linux; Android 7.0;) AppleWebKit/537.36 (HTML, like Gecko) Mobile Safari/537.36 (compatible; PetalBot;+https://webmaster.petalsearch.com/site/petalbot)" "-"
74.208.57.0 - - [21/Sep/2026:00:37:12 -0400] "POST /wp-cron.php?doing_wp_cron=1789965432.6457569599151611328125 HTTP/1.1" 200 - marketing-online-101.com "-" "WordPress/6.6.8; http://marketing-online-101.com" "-"
114.119.143.0 - - [21/Sep/2026:00:37:14 -0400] "GET /2017/05/05/interac-casino-online-login/ HTTP/1.1" 200 47398 marketing-online-101.com "http://marketing-online-101.com/?p=2072" "Mozilla/5.0 (Linux; Android 7.0;) AppleWebKit/537.36 (HTML, like Gecko) Mobile Safari/537.36 (compatible; PetalBot;+https://webmaster.petalsearch.com/site/petalbot)" "-"
74.208.57.0 - - [21/Sep/2026:00:38:03 -0400] "POST /wp-cron.php?doing_wp_cron=1789965483.5645198822021484375000 HTTP/1.1" 200 - marketing-online-101.com "-" "WordPress/6.6.8; http://marketing-online-101.com" "-"
181.120.103.0 - - [21/Sep/2026:00:38:03 -0400] "GET /2026/09/04/mobile-slot-games-no-deposit-ireland/2 HTTP/1.1" 301 - marketing-online-101.com "-" "Mozilla/5.0 (Macintosh; Intel Mac OS X 13_6_4) AppleWebKit/537.36 (KHTML, like Gecko) Chrome/124.0.6367.155 Safari/537.36" "-"
5.178.11.0 - - [21/Sep/2026:00:38:05 -0400] "GET /2026/09/04/mobile-slot-games-no-deposit-ireland/ HTTP/1.1" 200 47492 marketing-online-101.com "-" "Mozilla/5.0 (Macintosh; Intel Mac OS X 13_6_4) AppleWebKit/537.36 (KHTML, like Gecko) Chrome/124.0.6367.155 Safari/537.36" "-"
52.167.144.0 - - [21/Sep/2026:00:38:07 -0400] "GET /detail/16c435088 HTTP/1.1" 200 180817 yahia.ws "-" "Mozilla/5.0 AppleWebKit/537.36 (KHTML, like Gecko; compatible; bingbot/2.0; +http://www.bing.com/bingbot.htm) Chrome/116.0.1938.76 Safari/537.36" "-"
52.167.144.0 - - [21/Sep/2026:00:38:08 -0400] "GET /detail/6401783200 HTTP/1.1" 200 178231 yahia.ws "-" "Mozilla/5.0 AppleWebKit/537.36 (KHTML, like Gecko; compatible; bingbot/2.0; +http://www.bing.com/bingbot.htm) Chrome/116.0.1938.76 Safari/537.36" "-"
52.167.144.0 - - [21/Sep/2026:00:38:09 -0400] "GET /detail/a8e1038897 HTTP/1.1" 200 177571 yahia.ws "-" "Mozilla/5.0 AppleWebKit/537.36 (KHTML, like Gecko; compatible; bingbot/2.0; +http://www.bing.com/bingbot.htm) Chrome/116.0.1938.76 Safari/537.36" "-"
52.167.144.0 - - [21/Sep/2026:00:38:11 -0400] "GET /detail/0ed3490885 HTTP/1.1" 200 179927 yahia.ws "-" "Mozilla/5.0 AppleWebKit/537.36 (KHTML, like Gecko; compatible; bingbot/2.0; +http://www.bing.com/bingbot.htm) Chrome/116.0.1938.76 Safari/537.36" "-"
114.119.135.0 - - [21/Sep/2026:00:38:12 -0400] "GET /items/T941322955/ HTTP/1.1" 404 86899 yahia.ws "http://yahia.ws/sitemap-20.xml" "Mozilla/5.0 (Linux; Android 7.0;) AppleWebKit/537.36 (HTML, like Gecko) Mobile Safari/537.36 (compatible; PetalBot;+https://webmaster.petalsearch.com/site/petalbot)" "-"
2607:f1c0:500:: - - [21/Sep/2026:00:38:13 -0400] "POST /wp-cron.php?doing_wp_cron=1789965493.1365129947662353515625 HTTP/1.1" 200 - yahia.ws "-" "WordPress/6.6.8; http://yahia.ws" "-"
43.173.178.0 - - [21/Sep/2026:00:38:15 -0400] "GET /free-play-online-casino-games-uk/ HTTP/1.1" 200 92390 yahia.ws "-" "Mozilla/5.0 (Windows NT 10.0; Win64; x64) AppleWebKit/537.36 (KHTML, like Gecko) Chrome/133.0.0.0 Safari/537.36" "-"
66.249.79.0 - - [21/Sep/2026:00:38:22 -0400] "GET /items/W727291464/ HTTP/1.1" 200 180607 yahia.ws "-" "Mozilla/5.0 (Linux; Android 6.0.1; Nexus 5X Build/MMB29P) AppleWebKit/537.36 (KHTML, like Gecko) Chrome/153.0.8010.47 Mobile Safari/537.36 (compatible; Googlebot/2.1; +http://www.google.com/bot.html)" "-"
114.119.149.0 - - [21/Sep/2026:00:38:35 -0400] "GET /?p=805 HTTP/1.1" 301 - marketing-online-101.com "http://marketing-online-101.com/?p=4907" "Mozilla/5.0 (Linux; Android 7.0;) AppleWebKit/537.36 (HTML, like Gecko) Mobile Safari/537.36 (compatible; PetalBot;+https://webmaster.petalsearch.com/site/petalbot)" "-"
74.208.57.0 - - [21/Sep/2026:00:38:36 -0400] "POST /wp-cron.php?doing_wp_cron=1789965516.3624660968780517578125 HTTP/1.1" 200 - marketing-online-101.com "-" "WordPress/6.6.8; http://marketing-online-101.com" "-"
114.119.149.0 - - [21/Sep/2026:00:38:37 -0400] "GET /2017/05/05/online-casino-games-with-real-money/ HTTP/1.1" 200 47733 marketing-online-101.com "http://marketing-online-101.com/?p=4907" "Mozilla/5.0 (Linux; Android 7.0;) AppleWebKit/537.36 (HTML, like Gecko) Mobile Safari/537.36 (compatible; PetalBot;+https://webmaster.petalsearch.com/site/petalbot)" "-"
202.155.143.0 - - [21/Sep/2026:00:39:09 -0400] "GET /2026/07/15/puedes-ganar-la-ruleta-en-un-casino-certificado-en-espana/ HTTP/1.1" 200 47970 marketing-online-101.com "http://marketing-online-101.com/" "Mozilla/5.0 (Windows NT 10.0; Win64; x64) AppleWebKit/537.36 (KHTML, like Gecko) Chrome/132.0.0.0 Safari/537.36 OPR/117.0.0.0" "-"
202.155.143.0 - - [21/Sep/2026:00:39:11 -0400] "GET /2026/07/15/puedes-ganar-la-ruleta-en-un-casino-certificado-en-espana/ HTTP/1.1" 200 47970 marketing-online-101.com "http://marketing-online-101.com/2026/07/15/puedes-ganar-la-ruleta-en-un-casino-certificado-en-espana/" "Mozilla/5.0 (Windows NT 10.0; Win64; x64) AppleWebKit/537.36 (KHTML, like Gecko) Chrome/132.0.0.0 Safari/537.36 OPR/117.0.0.0" "-"
107.175.151.0 - - [21/Sep/2026:00:39:23 -0400] "GET /2026/07/15/zahrajte-si-velke-kasino-2026/ HTTP/1.1" 200 46421 marketing-online-101.com "http://marketing-online-101.com/" "Mozilla/5.0 (X11; Linux x86_64) AppleWebKit/537.36 (KHTML, like Gecko) Chrome/114.0.0.0 Safari/537.36 OPR/89.0.4447.51" "-"
107.175.151.0 - - [21/Sep/2026:00:39:24 -0400] "GET /2026/07/13/kde-mohu-hrat-herni-automaty-zdarma-2026/ HTTP/1.1" 200 46911 marketing-online-101.com "http://marketing-online-101.com/2026/07/15/zahrajte-si-velke-kasino-2026/" "Mozilla/5.0 (X11; Linux x86_64) AppleWebKit/537.36 (KHTML, like Gecko) Chrome/114.0.0.0 Safari/537.36 OPR/89.0.4447.51" "-"
2607:f1c0:500:: - - [21/Sep/2026:00:39:35 -0400] "POST /wp-cron.php?doing_wp_cron=1789965575.7568171024322509765625 HTTP/1.1" 200 - yahia.ws "-" "WordPress/6.6.8; http://yahia.ws" "-"
114.119.132.0 - - [21/Sep/2026:00:39:35 -0400] "GET /detail/ee3897098 HTTP/1.1" 404 86899 yahia.ws "http://yahia.ws?sitemap-7.xml" "Mozilla/5.0 (Linux; Android 7.0;) AppleWebKit/537.36 (HTML, like Gecko) Mobile Safari/537.36 (compatible; PetalBot;+https://webmaster.petalsearch.com/site/petalbot)" "-"
114.119.141.0 - - [21/Sep/2026:00:39:58 -0400] "GET /?p=796 HTTP/1.1" 301 - marketing-online-101.com "http://marketing-online-101.com/?p=3318" "Mozilla/5.0 (Linux; Android 7.0;) AppleWebKit/537.36 (HTML, like Gecko) Mobile Safari/537.36 (compatible; PetalBot;+https://webmaster.petalsearch.com/site/petalbot)" "-"
74.208.57.0 - - [21/Sep/2026:00:39:59 -0400] "POST /wp-cron.php?doing_wp_cron=1789965599.4609060287475585937500 HTTP/1.1" 200 - marketing-online-101.com "-" "WordPress/6.6.8; http://marketing-online-101.com" "-"
114.119.141.0 - - [21/Sep/2026:00:40:00 -0400] "GET /2017/05/05/betmaximus-casino-bonus-codes-for-free-spins-2026/ HTTP/1.1" 200 46950 marketing-online-101.com "http://marketing-online-101.com/?p=3318" "Mozilla/5.0 (Linux; Android 7.0;) AppleWebKit/537.36 (HTML, like Gecko) Mobile Safari/537.36 (compatible; PetalBot;+https://webmaster.petalsearch.com/site/petalbot)" "-"
103.154.49.0 - - [21/Sep/2026:00:40:21 -0400] "GET /wp-login.php HTTP/1.1" 200 4227 marketing-online-101.com "http://marketing-online-101.com" "Mozilla/5.0 (Windows NT 6.3; Win64; x64; rv:73.0) Gecko/20100101 Firefox/73.0" "-"
16.216.88.0 - - [21/Sep/2026:00:40:22 -0400] "GET /2013/02/27/make-money-for-free/2 HTTP/1.1" 301 - marketing-online-101.com "-" "Mozilla/5.0 AppleWebKit/537.36 (KHTML, like Gecko; compatible; Reflectionbot/1.0; +https://reflection.ai/bot) Chrome/151.0.0.0 Safari/537.36" "-"
103.154.49.0 - - [21/Sep/2026:00:40:22 -0400] "POST /wp-login.php HTTP/1.1" 302 - marketing-online-101.com "http://marketing-online-101.com" "Mozilla/5.0 (Windows NT 6.3; Win64; x64; rv:73.0) Gecko/20100101 Firefox/73.0" "-"
16.216.88.0 - - [21/Sep/2026:00:40:23 -0400] "GET /2013/02/27/make-money-for-free/ HTTP/1.1" 200 49559 marketing-online-101.com "-" "Mozilla/5.0 AppleWebKit/537.36 (KHTML, like Gecko; compatible; Reflectionbot/1.0; +https://reflection.ai/bot) Chrome/151.0.0.0 Safari/537.36" "-"
103.154.49.0 - - [21/Sep/2026:00:40:25 -0400] "GET /wp-admin/ HTTP/1.1" 200 474205 marketing-online-101.com "http://marketing-online-101.com" "Mozilla/5.0 (Windows NT 6.3; Win64; x64; rv:73.0) Gecko/20100101 Firefox/73.0" "-"
74.208.57.0 - - [21/Sep/2026:00:40:39 -0400] "POST /wp-cron.php?doing_wp_cron=1789965639.6207609176635742187500 HTTP/1.1" 200 - marketing-online-101.com "-" "WordPress/6.6.8; http://marketing-online-101.com" "-"
103.154.49.0 - - [21/Sep/2026:00:40:39 -0400] "POST /wp-login.php HTTP/1.1" 302 - marketing-online-101.com "http://marketing-online-101.com" "Mozilla/5.0 (Windows NT 6.3; Win64; x64; rv:73.0) Gecko/20100101 Firefox/73.0" "-"
103.154.49.0 - - [21/Sep/2026:00:40:41 -0400] "GET /wp-admin/ HTTP/1.1" 200 474205 marketing-online-101.com "http://marketing-online-101.com" "Mozilla/5.0 (Windows NT 6.3; Win64; x64; rv:73.0) Gecko/20100101 Firefox/73.0" "-"
103.154.49.0 - - [21/Sep/2026:00:40:43 -0400] "GET /wp-admin/ HTTP/1.1" 200 474205 marketing-online-101.com "http://marketing-online-101.com" "Mozilla/5.0 (Windows NT 6.3; Win64; x64; rv:73.0) Gecko/20100101 Firefox/73.0" "-"
