216.73.216.0 - - [21/Sep/2026:00:57:51 -0400] "GET /detail/8001287017 HTTP/1.1" 429 267 yahia.ws "-" "Mozilla/5.0 AppleWebKit/537.36 (KHTML, like Gecko; compatible; ClaudeBot/1.0; +claudebot@anthropic.com)" "-"
216.73.216.0 - - [21/Sep/2026:00:57:51 -0400] "GET /detail/9052706560 HTTP/1.1" 429 267 yahia.ws "-" "Mozilla/5.0 AppleWebKit/537.36 (KHTML, like Gecko; compatible; ClaudeBot/1.0; +claudebot@anthropic.com)" "-"
216.73.216.0 - - [21/Sep/2026:00:57:51 -0400] "GET /detail/b042786518 HTTP/1.1" 429 267 yahia.ws "-" "Mozilla/5.0 AppleWebKit/537.36 (KHTML, like Gecko; compatible; ClaudeBot/1.0; +claudebot@anthropic.com)" "-"
216.73.216.0 - - [21/Sep/2026:00:57:51 -0400] "GET /detail/502600879 HTTP/1.1" 429 267 yahia.ws "-" "Mozilla/5.0 AppleWebKit/537.36 (KHTML, like Gecko; compatible; ClaudeBot/1.0; +claudebot@anthropic.com)" "-"
216.73.216.0 - - [21/Sep/2026:00:57:51 -0400] "GET /detail/4341373058 HTTP/1.1" 429 267 yahia.ws "-" "Mozilla/5.0 AppleWebKit/537.36 (KHTML, like Gecko; compatible; ClaudeBot/1.0; +claudebot@anthropic.com)" "-"
216.73.216.0 - - [21/Sep/2026:00:57:51 -0400] "GET /detail/7562655167 HTTP/1.1" 429 267 yahia.ws "-" "Mozilla/5.0 AppleWebKit/537.36 (KHTML, like Gecko; compatible; ClaudeBot/1.0; +claudebot@anthropic.com)" "-"
216.73.216.0 - - [21/Sep/2026:00:57:51 -0400] "GET /detail/6f24557179 HTTP/1.1" 429 267 yahia.ws "-" "Mozilla/5.0 AppleWebKit/537.36 (KHTML, like Gecko; compatible; ClaudeBot/1.0; +claudebot@anthropic.com)" "-"
216.73.216.0 - - [21/Sep/2026:00:57:51 -0400] "GET /detail/7571745278 HTTP/1.1" 429 267 yahia.ws "-" "Mozilla/5.0 AppleWebKit/537.36 (KHTML, like Gecko; compatible; ClaudeBot/1.0; +claudebot@anthropic.com)" "-"
216.73.216.0 - - [21/Sep/2026:00:57:52 -0400] "GET /detail/2133940612 HTTP/1.1" 429 267 yahia.ws "-" "Mozilla/5.0 AppleWebKit/537.36 (KHTML, like Gecko; compatible; ClaudeBot/1.0; +claudebot@anthropic.com)" "-"
216.73.216.0 - - [21/Sep/2026:00:57:52 -0400] "GET /detail/2794036578 HTTP/1.1" 429 267 yahia.ws "-" "Mozilla/5.0 AppleWebKit/537.36 (KHTML, like Gecko; compatible; ClaudeBot/1.0; +claudebot@anthropic.com)" "-"
216.73.216.0 - - [21/Sep/2026:00:57:52 -0400] "GET /detail/1241880614 HTTP/1.1" 429 267 yahia.ws "-" "Mozilla/5.0 AppleWebKit/537.36 (KHTML, like Gecko; compatible; ClaudeBot/1.0; +claudebot@anthropic.com)" "-"
216.73.216.0 - - [21/Sep/2026:00:57:52 -0400] "GET /detail/908840444 HTTP/1.1" 429 267 yahia.ws "-" "Mozilla/5.0 AppleWebKit/537.36 (KHTML, like Gecko; compatible; ClaudeBot/1.0; +claudebot@anthropic.com)" "-"
216.73.216.0 - - [21/Sep/2026:00:57:52 -0400] "GET /detail/926350428 HTTP/1.1" 429 267 yahia.ws "-" "Mozilla/5.0 AppleWebKit/537.36 (KHTML, like Gecko; compatible; ClaudeBot/1.0; +claudebot@anthropic.com)" "-"
216.73.216.0 - - [21/Sep/2026:00:57:52 -0400] "GET /detail/5a33600229 HTTP/1.1" 429 267 yahia.ws "-" "Mozilla/5.0 AppleWebKit/537.36 (KHTML, like Gecko; compatible; ClaudeBot/1.0; +claudebot@anthropic.com)" "-"
216.73.216.0 - - [21/Sep/2026:00:57:52 -0400] "GET /detail/8712425198 HTTP/1.1" 429 267 yahia.ws "-" "Mozilla/5.0 AppleWebKit/537.36 (KHTML, like Gecko; compatible; ClaudeBot/1.0; +claudebot@anthropic.com)" "-"
216.73.216.0 - - [21/Sep/2026:00:57:52 -0400] "GET /detail/2182236919 HTTP/1.1" 429 267 yahia.ws "-" "Mozilla/5.0 AppleWebKit/537.36 (KHTML, like Gecko; compatible; ClaudeBot/1.0; +claudebot@anthropic.com)" "-"
216.73.216.0 - - [21/Sep/2026:00:57:53 -0400] "GET /detail/0612107266 HTTP/1.1" 429 267 yahia.ws "-" "Mozilla/5.0 AppleWebKit/537.36 (KHTML, like Gecko; compatible; ClaudeBot/1.0; +claudebot@anthropic.com)" "-"
216.73.216.0 - - [21/Sep/2026:00:57:53 -0400] "GET /detail/5182417836 HTTP/1.1" 429 267 yahia.ws "-" "Mozilla/5.0 AppleWebKit/537.36 (KHTML, like Gecko; compatible; ClaudeBot/1.0; +claudebot@anthropic.com)" "-"
216.73.216.0 - - [21/Sep/2026:00:57:53 -0400] "GET /detail/3644621699 HTTP/1.1" 429 267 yahia.ws "-" "Mozilla/5.0 AppleWebKit/537.36 (KHTML, like Gecko; compatible; ClaudeBot/1.0; +claudebot@anthropic.com)" "-"
216.73.216.0 - - [21/Sep/2026:00:57:53 -0400] "GET /detail/261634378 HTTP/1.1" 429 267 yahia.ws "-" "Mozilla/5.0 AppleWebKit/537.36 (KHTML, like Gecko; compatible; ClaudeBot/1.0; +claudebot@anthropic.com)" "-"
216.73.216.0 - - [21/Sep/2026:00:57:53 -0400] "GET /detail/1603426588 HTTP/1.1" 429 267 yahia.ws "-" "Mozilla/5.0 AppleWebKit/537.36 (KHTML, like Gecko; compatible; ClaudeBot/1.0; +claudebot@anthropic.com)" "-"
216.73.216.0 - - [21/Sep/2026:00:57:53 -0400] "GET /detail/1834204461 HTTP/1.1" 429 267 yahia.ws "-" "Mozilla/5.0 AppleWebKit/537.36 (KHTML, like Gecko; compatible; ClaudeBot/1.0; +claudebot@anthropic.com)" "-"
216.73.216.0 - - [21/Sep/2026:00:57:53 -0400] "GET /detail/4912157522 HTTP/1.1" 429 267 yahia.ws "-" "Mozilla/5.0 AppleWebKit/537.36 (KHTML, like Gecko; compatible; ClaudeBot/1.0; +claudebot@anthropic.com)" "-"
216.73.216.0 - - [21/Sep/2026:00:57:53 -0400] "GET /detail/1863210724 HTTP/1.1" 429 267 yahia.ws "-" "Mozilla/5.0 AppleWebKit/537.36 (KHTML, like Gecko; compatible; ClaudeBot/1.0; +claudebot@anthropic.com)" "-"
216.73.216.0 - - [21/Sep/2026:00:57:53 -0400] "GET /detail/3273160738 HTTP/1.1" 429 267 yahia.ws "-" "Mozilla/5.0 AppleWebKit/537.36 (KHTML, like Gecko; compatible; ClaudeBot/1.0; +claudebot@anthropic.com)" "-"
216.73.216.0 - - [21/Sep/2026:00:57:53 -0400] "GET /detail/8111983234 HTTP/1.1" 429 267 yahia.ws "-" "Mozilla/5.0 AppleWebKit/537.36 (KHTML, like Gecko; compatible; ClaudeBot/1.0; +claudebot@anthropic.com)" "-"
216.73.216.0 - - [21/Sep/2026:00:57:53 -0400] "GET /detail/4202452938 HTTP/1.1" 429 267 yahia.ws "-" "Mozilla/5.0 AppleWebKit/537.36 (KHTML, like Gecko; compatible; ClaudeBot/1.0; +claudebot@anthropic.com)" "-"
216.73.216.0 - - [21/Sep/2026:00:57:53 -0400] "GET /detail/51c2696803 HTTP/1.1" 429 267 yahia.ws "-" "Mozilla/5.0 AppleWebKit/537.36 (KHTML, like Gecko; compatible; ClaudeBot/1.0; +claudebot@anthropic.com)" "-"
216.73.216.0 - - [21/Sep/2026:00:57:53 -0400] "GET /detail/4182837556 HTTP/1.1" 429 267 yahia.ws "-" "Mozilla/5.0 AppleWebKit/537.36 (KHTML, like Gecko; compatible; ClaudeBot/1.0; +claudebot@anthropic.com)" "-"
216.73.216.0 - - [21/Sep/2026:00:57:53 -0400] "GET /detail/5443261616 HTTP/1.1" 429 267 yahia.ws "-" "Mozilla/5.0 AppleWebKit/537.36 (KHTML, like Gecko; compatible; ClaudeBot/1.0; +claudebot@anthropic.com)" "-"
216.73.216.0 - - [21/Sep/2026:00:57:54 -0400] "GET /detail/3361112310 HTTP/1.1" 429 267 yahia.ws "-" "Mozilla/5.0 AppleWebKit/537.36 (KHTML, like Gecko; compatible; ClaudeBot/1.0; +claudebot@anthropic.com)" "-"
216.73.216.0 - - [21/Sep/2026:00:57:54 -0400] "GET /detail/4062344139 HTTP/1.1" 429 267 yahia.ws "-" "Mozilla/5.0 AppleWebKit/537.36 (KHTML, like Gecko; compatible; ClaudeBot/1.0; +claudebot@anthropic.com)" "-"
216.73.216.0 - - [21/Sep/2026:00:57:54 -0400] "GET /detail/9423967421 HTTP/1.1" 429 267 yahia.ws "-" "Mozilla/5.0 AppleWebKit/537.36 (KHTML, like Gecko; compatible; ClaudeBot/1.0; +claudebot@anthropic.com)" "-"
216.73.216.0 - - [21/Sep/2026:00:57:54 -0400] "GET /detail/3171754926 HTTP/1.1" 429 267 yahia.ws "-" "Mozilla/5.0 AppleWebKit/537.36 (KHTML, like Gecko; compatible; ClaudeBot/1.0; +claudebot@anthropic.com)" "-"
216.73.216.0 - - [21/Sep/2026:00:57:54 -0400] "GET /detail/1412975988 HTTP/1.1" 429 267 yahia.ws "-" "Mozilla/5.0 AppleWebKit/537.36 (KHTML, like Gecko; compatible; ClaudeBot/1.0; +claudebot@anthropic.com)" "-"
216.73.216.0 - - [21/Sep/2026:00:57:56 -0400] "GET /detail/5361111750 HTTP/1.1" 429 267 yahia.ws "-" "Mozilla/5.0 AppleWebKit/537.36 (KHTML, like Gecko; compatible; ClaudeBot/1.0; +claudebot@anthropic.com)" "-"
216.73.216.0 - - [21/Sep/2026:00:57:57 -0400] "GET /detail/7964586657 HTTP/1.1" 429 267 yahia.ws "-" "Mozilla/5.0 AppleWebKit/537.36 (KHTML, like Gecko; compatible; ClaudeBot/1.0; +claudebot@anthropic.com)" "-"
216.73.216.0 - - [21/Sep/2026:00:57:57 -0400] "GET /detail/92a1673050 HTTP/1.1" 429 267 yahia.ws "-" "Mozilla/5.0 AppleWebKit/537.36 (KHTML, like Gecko; compatible; ClaudeBot/1.0; +claudebot@anthropic.com)" "-"
216.73.216.0 - - [21/Sep/2026:00:57:57 -0400] "GET /detail/da01444354 HTTP/1.1" 429 267 yahia.ws "-" "Mozilla/5.0 AppleWebKit/537.36 (KHTML, like Gecko; compatible; ClaudeBot/1.0; +claudebot@anthropic.com)" "-"
216.73.216.0 - - [21/Sep/2026:00:57:57 -0400] "GET /detail/1d7255908 HTTP/1.1" 429 267 yahia.ws "-" "Mozilla/5.0 AppleWebKit/537.36 (KHTML, like Gecko; compatible; ClaudeBot/1.0; +claudebot@anthropic.com)" "-"
216.73.216.0 - - [21/Sep/2026:00:57:57 -0400] "GET /detail/3201136978 HTTP/1.1" 429 267 yahia.ws "-" "Mozilla/5.0 AppleWebKit/537.36 (KHTML, like Gecko; compatible; ClaudeBot/1.0; +claudebot@anthropic.com)" "-"
216.73.216.0 - - [21/Sep/2026:00:57:57 -0400] "GET /detail/2043809945 HTTP/1.1" 429 267 yahia.ws "-" "Mozilla/5.0 AppleWebKit/537.36 (KHTML, like Gecko; compatible; ClaudeBot/1.0; +claudebot@anthropic.com)" "-"
216.73.216.0 - - [21/Sep/2026:00:57:58 -0400] "GET /detail/0d61242770 HTTP/1.1" 429 267 yahia.ws "-" "Mozilla/5.0 AppleWebKit/537.36 (KHTML, like Gecko; compatible; ClaudeBot/1.0; +claudebot@anthropic.com)" "-"
52.167.144.0 - - [21/Sep/2026:00:58:02 -0400] "GET /detail/0f82913682 HTTP/1.1" 200 180123 yahia.ws "-" "Mozilla/5.0 AppleWebKit/537.36 (KHTML, like Gecko; compatible; bingbot/2.0; +http://www.bing.com/bingbot.htm) Chrome/116.0.1938.76 Safari/537.36" "-"
114.119.132.0 - - [21/Sep/2026:00:58:06 -0400] "GET /detail/8903667194 HTTP/1.1" 404 86905 yahia.ws "http://yahia.ws?sitemap-10.xml" "Mozilla/5.0 (Linux; Android 7.0;) AppleWebKit/537.36 (HTML, like Gecko) Mobile Safari/537.36 (compatible; PetalBot;+https://webmaster.petalsearch.com/site/petalbot)" "-"
2607:f1c0:500:: - - [21/Sep/2026:00:58:07 -0400] "POST /wp-cron.php?doing_wp_cron=1789966687.4865000247955322265625 HTTP/1.1" 200 - yahia.ws "-" "WordPress/6.6.8; http://yahia.ws" "-"
15.207.248.0 - - [21/Sep/2026:00:58:16 -0400] "GET /wp-admin/css/ HTTP/1.1" 403 1271 job-interview-answers.dosclub.com "binance.com" "Mozilla/5.0 (Windows NT 10.0; Win64; x64) AppleWebKit/537.36 (KHTML, like Gecko) Chrome/90.0.4430.85 Safari/537.36" "-"
216.73.216.0 - - [21/Sep/2026:00:58:16 -0400] "GET /detail/267248532 HTTP/1.1" 404 77085 yahia.ws "-" "Mozilla/5.0 AppleWebKit/537.36 (KHTML, like Gecko; compatible; ClaudeBot/1.0; +claudebot@anthropic.com)" "-"
216.73.216.0 - - [21/Sep/2026:00:58:17 -0400] "GET /detail/31f2878501 HTTP/1.1" 404 76941 yahia.ws "-" "Mozilla/5.0 AppleWebKit/537.36 (KHTML, like Gecko; compatible; ClaudeBot/1.0; +claudebot@anthropic.com)" "-"
216.73.216.0 - - [21/Sep/2026:00:58:24 -0400] "GET /detail/7ab4617122 HTTP/1.1" 404 76091 yahia.ws "-" "Mozilla/5.0 AppleWebKit/537.36 (KHTML, like Gecko; compatible; ClaudeBot/1.0; +claudebot@anthropic.com)" "-"
216.73.216.0 - - [21/Sep/2026:00:58:24 -0400] "GET /detail/c991992139 HTTP/1.1" 404 78138 yahia.ws "-" "Mozilla/5.0 AppleWebKit/537.36 (KHTML, like Gecko; compatible; ClaudeBot/1.0; +claudebot@anthropic.com)" "-"
40.77.167.0 - - [21/Sep/2026:00:58:32 -0400] "GET /car/auto_parts_accessory_car_trucks_suv.html HTTP/1.1" 200 45017 dosclub.com "-" "Mozilla/5.0 AppleWebKit/537.36 (KHTML, like Gecko; compatible; bingbot/2.0; +http://www.bing.com/bingbot.htm) Chrome/116.0.1938.76 Safari/537.36" "-"
216.73.216.0 - - [21/Sep/2026:00:58:37 -0400] "GET /detail/c671325463 HTTP/1.1" 404 84388 yahia.ws "-" "Mozilla/5.0 AppleWebKit/537.36 (KHTML, like Gecko; compatible; ClaudeBot/1.0; +claudebot@anthropic.com)" "-"
216.73.216.0 - - [21/Sep/2026:00:58:38 -0400] "GET /detail/9373515488 HTTP/1.1" 404 1658 yahia.ws "-" "Mozilla/5.0 AppleWebKit/537.36 (KHTML, like Gecko; compatible; ClaudeBot/1.0; +claudebot@anthropic.com)" "-"
2607:f1c0:500:: - - [21/Sep/2026:00:58:38 -0400] "POST /wp-cron.php?doing_wp_cron=1789966718.4527790546417236328125 HTTP/1.1" 200 - yahia.ws "-" "WordPress/6.6.8; http://yahia.ws" "-"
114.119.144.0 - - [21/Sep/2026:00:58:39 -0400] "GET /?p=7520 HTTP/1.1" 200 88700 marketing-online-101.com "http://marketing-online-101.com/?p=7818" "Mozilla/5.0 (Linux; Android 7.0;) AppleWebKit/537.36 (HTML, like Gecko) Mobile Safari/537.36 (compatible; PetalBot;+https://webmaster.petalsearch.com/site/petalbot)" "-"
66.249.79.0 - - [21/Sep/2026:00:58:54 -0400] "GET /items/M233711281/ HTTP/1.1" 200 178258 yahia.ws "-" "Mozilla/5.0 (Linux; Android 6.0.1; Nexus 5X Build/MMB29P) AppleWebKit/537.36 (KHTML, like Gecko) Chrome/153.0.8010.47 Mobile Safari/537.36 (compatible; Googlebot/2.1; +http://www.google.com/bot.html)" "-"
216.73.216.0 - - [21/Sep/2026:00:59:05 -0400] "GET /detail/3b61052729 HTTP/1.1" 404 490 yahia.ws "-" "Mozilla/5.0 AppleWebKit/537.36 (KHTML, like Gecko; compatible; ClaudeBot/1.0; +claudebot@anthropic.com)" "-"
216.73.216.0 - - [21/Sep/2026:00:59:06 -0400] "GET /detail/8853382298 HTTP/1.1" 404 1793 yahia.ws "-" "Mozilla/5.0 AppleWebKit/537.36 (KHTML, like Gecko; compatible; ClaudeBot/1.0; +claudebot@anthropic.com)" "-"
216.73.216.0 - - [21/Sep/2026:00:59:18 -0400] "GET /detail/b374660071 HTTP/1.1" 404 65711 yahia.ws "-" "Mozilla/5.0 AppleWebKit/537.36 (KHTML, like Gecko; compatible; ClaudeBot/1.0; +claudebot@anthropic.com)" "-"
216.73.216.0 - - [21/Sep/2026:00:59:19 -0400] "GET /detail/3282923412 HTTP/1.1" 404 1658 yahia.ws "-" "Mozilla/5.0 AppleWebKit/537.36 (KHTML, like Gecko; compatible; ClaudeBot/1.0; +claudebot@anthropic.com)" "-"
42.114.204.0 - - [21/Sep/2026:00:59:28 -0400] "GET /2026/07/15/jugar-ala-ruleta-casino-gratis-sevilla/ HTTP/1.1" 200 88700 marketing-online-101.com "http://marketing-online-101.com/" "Mozilla/5.0 (Windows NT 10.0; Win64; x64) AppleWebKit/537.36 (KHTML, like Gecko) Chrome/91.0.4472.124 Safari/537.36" "-"
114.119.132.0 - - [21/Sep/2026:00:59:30 -0400] "GET /detail/8674398580 HTTP/1.1" 404 86905 yahia.ws "http://yahia.ws/sitemap5.xml" "Mozilla/5.0 (Linux; Android 7.0;) AppleWebKit/537.36 (HTML, like Gecko) Mobile Safari/537.36 (compatible; PetalBot;+https://webmaster.petalsearch.com/site/petalbot)" "-"
42.114.204.0 - - [21/Sep/2026:00:59:30 -0400] "GET /2026/07/15/jugar-ala-ruleta-casino-gratis-sevilla/?lokasie=/homepages/18/d194259149/htdocs/marketing-online-101/wordpress/wp-login.php&loknya=/homepages/18/d194259149/htdocs/marketing-online-101/wordpress HTTP/1.1" 200 66663 marketing-online-101.com "http://marketing-online-101.com/2026/07/15/jugar-ala-ruleta-casino-gratis-sevilla/" "Mozilla/5.0 (Windows NT 6.3; Win64; x64) AppleWebKit/537.36 (KHTML, like Gecko) Chrome/103.0.0.0 Safari/537.36" "-"
66.249.79.0 - - [21/Sep/2026:00:59:31 -0400] "GET /detail/3985193800 HTTP/1.1" 200 182643 yahia.ws "-" "Mozilla/5.0 (Linux; Android 6.0.1; Nexus 5X Build/MMB29P) AppleWebKit/537.36 (KHTML, like Gecko) Chrome/153.0.8010.47 Mobile Safari/537.36 (compatible; Googlebot/2.1; +http://www.google.com/bot.html)" "-"
2607:f1c0:500:: - - [21/Sep/2026:00:59:31 -0400] "POST /wp-cron.php?doing_wp_cron=1789966771.2012479305267333984375 HTTP/1.1" 200 - yahia.ws "-" "WordPress/6.6.8; http://yahia.ws" "-"
216.73.216.0 - - [21/Sep/2026:00:59:33 -0400] "GET /detail/1c14394116 HTTP/1.1" 404 75502 yahia.ws "-" "Mozilla/5.0 AppleWebKit/537.36 (KHTML, like Gecko; compatible; ClaudeBot/1.0; +claudebot@anthropic.com)" "-"
216.73.216.0 - - [21/Sep/2026:00:59:34 -0400] "GET /detail/1241250639 HTTP/1.1" 404 72699 yahia.ws "-" "Mozilla/5.0 AppleWebKit/537.36 (KHTML, like Gecko; compatible; ClaudeBot/1.0; +claudebot@anthropic.com)" "-"
216.73.216.0 - - [21/Sep/2026:00:59:52 -0400] "GET /detail/7111260888 HTTP/1.1" 404 77091 yahia.ws "-" "Mozilla/5.0 AppleWebKit/537.36 (KHTML, like Gecko; compatible; ClaudeBot/1.0; +claudebot@anthropic.com)" "-"
216.73.216.0 - - [21/Sep/2026:00:59:53 -0400] "GET /detail/3003435955 HTTP/1.1" 404 18459 yahia.ws "-" "Mozilla/5.0 AppleWebKit/537.36 (KHTML, like Gecko; compatible; ClaudeBot/1.0; +claudebot@anthropic.com)" "-"
136.243.220.0 - - [21/Sep/2026:00:59:57 -0400] "GET /detail/9c54162968 HTTP/1.1" 404 86905 yahia.ws "-" "Mozilla/5.0 (compatible; DataForSeoBot/1.0; +https://dataforseo.com/dataforseo-bot)" "-"
114.119.143.0 - - [21/Sep/2026:01:00:01 -0400] "GET /?p=7428 HTTP/1.1" 200 88700 marketing-online-101.com "http://marketing-online-101.com/2017/05/05/red32-casino-no-deposit-bonus-2026/2" "Mozilla/5.0 (Linux; Android 7.0;) AppleWebKit/537.36 (HTML, like Gecko) Mobile Safari/537.36 (compatible; PetalBot;+https://webmaster.petalsearch.com/site/petalbot)" "-"
3.226.34.0 - - [21/Sep/2026:01:00:03 -0400] "GET /welcome/ HTTP/1.1" 200 88697 marketing-online-101.com "-" "Mozilla/5.0 AppleWebKit/537.36 (KHTML, like Gecko; compatible; Amazonbot/0.1; +https://developer.amazon.com/support/amazonbot) Chrome/119.0.6045.214 Safari/537.36" "-"
136.243.220.0 - - [21/Sep/2026:01:00:28 -0400] "GET /detail/7262400294 HTTP/1.1" 404 86905 yahia.ws "-" "Mozilla/5.0 (compatible; DataForSeoBot/1.0; +https://dataforseo.com/dataforseo-bot)" "-"
114.119.135.0 - - [21/Sep/2026:01:00:53 -0400] "GET /detail/85d2703282 HTTP/1.1" 404 86905 yahia.ws "http://yahia.ws?sitemap-7.xml" "Mozilla/5.0 (Linux; Android 7.0;) AppleWebKit/537.36 (HTML, like Gecko) Mobile Safari/537.36 (compatible; PetalBot;+https://webmaster.petalsearch.com/site/petalbot)" "-"
2607:f1c0:500:: - - [21/Sep/2026:01:00:54 -0400] "POST /wp-cron.php?doing_wp_cron=1789966854.5446479320526123046875 HTTP/1.1" 200 - yahia.ws "-" "WordPress/6.6.8; http://yahia.ws" "-"
136.243.220.0 - - [21/Sep/2026:01:00:59 -0400] "GET /detail/17a4315828 HTTP/1.1" 404 86905 yahia.ws "-" "Mozilla/5.0 (compatible; DataForSeoBot/1.0; +https://dataforseo.com/dataforseo-bot)" "-"
136.243.220.0 - - [21/Sep/2026:01:01:15 -0400] "GET /detail/2693386245 HTTP/1.1" 404 86905 yahia.ws "-" "Mozilla/5.0 (compatible; DataForSeoBot/1.0; +https://dataforseo.com/dataforseo-bot)" "-"
43.173.182.0 - - [21/Sep/2026:01:01:29 -0400] "GET /?p=89 HTTP/1.1" 301 - yahia.ws "-" "Mozilla/5.0 (Windows NT 10.0; Win64; x64) AppleWebKit/537.36 (KHTML, like Gecko) Chrome/110.0.0.0 Safari/537.36" "-"
43.172.196.0 - - [21/Sep/2026:01:01:30 -0400] "GET /prawdopodobienstwo-wygranej-w-wirtualnym-kasynie-w-polsce/ HTTP/1.1" 200 93356 yahia.ws "-" "Mozilla/5.0 (Windows NT 10.0; Win64; x64) AppleWebKit/537.36 (KHTML, like Gecko) Chrome/110.0.0.0 Safari/537.36" "-"
2607:f1c0:500:: - - [21/Sep/2026:01:01:31 -0400] "POST /wp-cron.php?doing_wp_cron=1789966891.3586490154266357421875 HTTP/1.1" 200 - yahia.ws "-" "WordPress/6.6.8; http://yahia.ws" "-"
136.243.220.0 - - [21/Sep/2026:01:01:32 -0400] "GET /detail/6d44242790 HTTP/1.1" 404 86905 yahia.ws "-" "Mozilla/5.0 (compatible; DataForSeoBot/1.0; +https://dataforseo.com/dataforseo-bot)" "-"
114.119.143.0 - - [21/Sep/2026:01:01:32 -0400] "GET /?p=7332 HTTP/1.1" 200 88700 marketing-online-101.com "http://marketing-online-101.com/2017/05/05/best-casinos-not-on-gamstop-uk/" "Mozilla/5.0 (Linux; Android 7.0;) AppleWebKit/537.36 (HTML, like Gecko) Mobile Safari/537.36 (compatible; PetalBot;+https://webmaster.petalsearch.com/site/petalbot)" "-"
136.243.220.0 - - [21/Sep/2026:01:01:48 -0400] "GET /detail/7871915010 HTTP/1.1" 404 86905 yahia.ws "-" "Mozilla/5.0 (compatible; DataForSeoBot/1.0; +https://dataforseo.com/dataforseo-bot)" "-"
66.249.79.0 - - [21/Sep/2026:01:01:50 -0400] "GET /detail/5331711355 HTTP/1.1" 200 174081 yahia.ws "-" "Mozilla/5.0 (Linux; Android 6.0.1; Nexus 5X Build/MMB29P) AppleWebKit/537.36 (KHTML, like Gecko) Chrome/153.0.8010.47 Mobile Safari/537.36 (compatible; Googlebot/2.1; +http://www.google.com/bot.html)" "-"
136.243.220.0 - - [21/Sep/2026:01:02:05 -0400] "GET /detail/3702889942 HTTP/1.1" 404 86905 yahia.ws "-" "Mozilla/5.0 (compatible; DataForSeoBot/1.0; +https://dataforseo.com/dataforseo-bot)" "-"
114.119.132.0 - - [21/Sep/2026:01:02:17 -0400] "GET /detail/8552518353 HTTP/1.1" 404 86905 yahia.ws "http://yahia.ws/sitemap3.xml" "Mozilla/5.0 (Linux; Android 7.0;) AppleWebKit/537.36 (HTML, like Gecko) Mobile Safari/537.36 (compatible; PetalBot;+https://webmaster.petalsearch.com/site/petalbot)" "-"
136.243.220.0 - - [21/Sep/2026:01:02:22 -0400] "GET /detail/b05556751 HTTP/1.1" 404 86899 yahia.ws "-" "Mozilla/5.0 (compatible; DataForSeoBot/1.0; +https://dataforseo.com/dataforseo-bot)" "-"
136.243.220.0 - - [21/Sep/2026:01:02:39 -0400] "GET /detail/a941629922 HTTP/1.1" 404 86905 yahia.ws "-" "Mozilla/5.0 (compatible; DataForSeoBot/1.0; +https://dataforseo.com/dataforseo-bot)" "-"
2607:f1c0:500:: - - [21/Sep/2026:01:02:40 -0400] "POST /wp-cron.php?doing_wp_cron=1789966960.1601450443267822265625 HTTP/1.1" 200 - yahia.ws "-" "WordPress/6.6.8; http://yahia.ws" "-"
114.119.149.0 - - [21/Sep/2026:01:02:52 -0400] "GET /?p=7324 HTTP/1.1" 200 88700 marketing-online-101.com "http://marketing-online-101.com/?p=7730" "Mozilla/5.0 (Linux; Android 7.0;) AppleWebKit/537.36 (HTML, like Gecko) Mobile Safari/537.36 (compatible; PetalBot;+https://webmaster.petalsearch.com/site/petalbot)" "-"
136.243.220.0 - - [21/Sep/2026:01:02:57 -0400] "GET /detail/9222120520 HTTP/1.1" 404 86905 yahia.ws "-" "Mozilla/5.0 (compatible; DataForSeoBot/1.0; +https://dataforseo.com/dataforseo-bot)" "-"
121.229.156.0 - - [21/Sep/2026:01:02:58 -0400] "GET /tag/free-affiliate-blog/ HTTP/1.1" 200 88700 marketing-online-101.com "-" "Sogou web spider/4.0(+http://www.sogou.com/docs/help/webmasters.htm#07)" "-"
136.243.220.0 - - [21/Sep/2026:01:03:14 -0400] "GET /detail/67c4090810 HTTP/1.1" 404 86905 yahia.ws "-" "Mozilla/5.0 (compatible; DataForSeoBot/1.0; +https://dataforseo.com/dataforseo-bot)" "-"
2607:f1c0:500:: - - [21/Sep/2026:01:03:15 -0400] "POST /wp-cron.php?doing_wp_cron=1789966995.4723370075225830078125 HTTP/1.1" 200 - yahia.ws "-" "WordPress/6.6.8; http://yahia.ws" "-"
136.243.220.0 - - [21/Sep/2026:01:03:31 -0400] "GET /detail/c77596291 HTTP/1.1" 404 86899 yahia.ws "-" "Mozilla/5.0 (compatible; DataForSeoBot/1.0; +https://dataforseo.com/dataforseo-bot)" "-"
2607:f1c0:500:: - - [21/Sep/2026:01:03:32 -0400] "POST /wp-cron.php?doing_wp_cron=1789967012.5740571022033691406250 HTTP/1.1" 200 - yahia.ws "-" "WordPress/6.6.8; http://yahia.ws" "-"
114.119.132.0 - - [21/Sep/2026:01:03:41 -0400] "GET /detail/83a3922520 HTTP/1.1" 404 86905 yahia.ws "http://yahia.ws?sitemap-11.xml" "Mozilla/5.0 (Linux; Android 7.0;) AppleWebKit/537.36 (HTML, like Gecko) Mobile Safari/537.36 (compatible; PetalBot;+https://webmaster.petalsearch.com/site/petalbot)" "-"
136.243.220.0 - - [21/Sep/2026:01:03:49 -0400] "GET /detail/015557259 HTTP/1.1" 404 86899 yahia.ws "-" "Mozilla/5.0 (compatible; DataForSeoBot/1.0; +https://dataforseo.com/dataforseo-bot)" "-"
145.14.43.0 - - [21/Sep/2026:01:03:55 -0400] "GET /legal-poker-sites-australia/ HTTP/1.1" 200 92994 yahia.ws "-" "Mozilla/5.0 (iPhone; CPU iPhone OS 17_7 like Mac OS X) AppleWebKit/605.1.15 (KHTML, like Gecko) FxiOS/152.0 Mobile/15E148 Safari/604.1" "-"
66.249.79.0 - - [21/Sep/2026:01:04:01 -0400] "GET /items/H943814900/ HTTP/1.1" 200 182760 yahia.ws "-" "Mozilla/5.0 (Linux; Android 6.0.1; Nexus 5X Build/MMB29P) AppleWebKit/537.36 (KHTML, like Gecko) Chrome/153.0.8010.47 Mobile Safari/537.36 (compatible; Googlebot/2.1; +http://www.google.com/bot.html)" "-"
114.119.161.0 - - [21/Sep/2026:01:04:02 -0400] "GET /?p=7277 HTTP/1.1" 200 88701 marketing-online-101.com "http://marketing-online-101.com/2017/05/05/ritzo-casino-uk-review-2026/" "Mozilla/5.0 (Linux; Android 7.0;) AppleWebKit/537.36 (HTML, like Gecko) Mobile Safari/537.36 (compatible; PetalBot;+https://webmaster.petalsearch.com/site/petalbot)" "-"
136.243.220.0 - - [21/Sep/2026:01:04:06 -0400] "GET /detail/2b03969033 HTTP/1.1" 404 86905 yahia.ws "-" "Mozilla/5.0 (compatible; DataForSeoBot/1.0; +https://dataforseo.com/dataforseo-bot)" "-"
216.73.217.0 - - [21/Sep/2026:01:04:08 -0400] "GET /2017/05/05/mr-mobi-casino-no-deposit-bonus-2026/2 HTTP/1.1" 200 88700 marketing-online-101.com "-" "Mozilla/5.0 AppleWebKit/537.36 (KHTML, like Gecko; compatible; ClaudeBot/1.0; +claudebot@anthropic.com)" "-"
136.243.220.0 - - [21/Sep/2026:01:04:23 -0400] "GET /detail/d9e4362723 HTTP/1.1" 404 86905 yahia.ws "-" "Mozilla/5.0 (compatible; DataForSeoBot/1.0; +https://dataforseo.com/dataforseo-bot)" "-"
213.180.203.0 - - [21/Sep/2026:01:04:34 -0400] "GET /robots.txt HTTP/1.1" 429 267 dosclub.com "-" "Mozilla/5.0 (compatible; YandexBot/3.0; +http://yandex.com/bots)" "-"
136.243.220.0 - - [21/Sep/2026:01:04:40 -0400] "GET /detail/4723536916 HTTP/1.1" 404 86905 yahia.ws "-" "Mozilla/5.0 (compatible; DataForSeoBot/1.0; +https://dataforseo.com/dataforseo-bot)" "-"
2607:f1c0:500:: - - [21/Sep/2026:01:04:41 -0400] "POST /wp-cron.php?doing_wp_cron=1789967081.2946031093597412109375 HTTP/1.1" 200 - yahia.ws "-" "WordPress/6.6.8; http://yahia.ws" "-"
136.243.220.0 - - [21/Sep/2026:01:04:58 -0400] "GET /detail/86f1207422 HTTP/1.1" 404 86905 yahia.ws "-" "Mozilla/5.0 (compatible; DataForSeoBot/1.0; +https://dataforseo.com/dataforseo-bot)" "-"
216.73.217.0 - - [21/Sep/2026:01:05:02 -0400] "GET /2017/05/05/elk-casino-bonus-codes-for-free-spins-2026/2 HTTP/1.1" 200 88700 marketing-online-101.com "-" "Mozilla/5.0 AppleWebKit/537.36 (KHTML, like Gecko; compatible; ClaudeBot/1.0; +claudebot@anthropic.com)" "-"
216.73.217.0 - - [21/Sep/2026:01:05:04 -0400] "GET /2017/05/05/mr-mobi-casino-no-deposit-bonus-2026/ HTTP/1.1" 200 88700 marketing-online-101.com "-" "Mozilla/5.0 AppleWebKit/537.36 (KHTML, like Gecko; compatible; ClaudeBot/1.0; +claudebot@anthropic.com)" "-"
114.119.132.0 - - [21/Sep/2026:01:05:04 -0400] "GET /detail/8383521875 HTTP/1.1" 404 86905 yahia.ws "http://yahia.ws?sitemap-9.xml" "Mozilla/5.0 (Linux; Android 7.0;) AppleWebKit/537.36 (HTML, like Gecko) Mobile Safari/537.36 (compatible; PetalBot;+https://webmaster.petalsearch.com/site/petalbot)" "-"
136.243.220.0 - - [21/Sep/2026:01:05:14 -0400] "GET /detail/75e1872960 HTTP/1.1" 404 86905 yahia.ws "-" "Mozilla/5.0 (compatible; DataForSeoBot/1.0; +https://dataforseo.com/dataforseo-bot)" "-"
114.119.135.0 - - [21/Sep/2026:01:05:15 -0400] "GET /?p=725 HTTP/1.1" 200 88701 marketing-online-101.com "http://marketing-online-101.com/?p=3829" "Mozilla/5.0 (Linux; Android 7.0;) AppleWebKit/537.36 (HTML, like Gecko) Mobile Safari/537.36 (compatible; PetalBot;+https://webmaster.petalsearch.com/site/petalbot)" "-"
66.249.79.0 - - [21/Sep/2026:01:05:21 -0400] "GET /items/O361035973/ HTTP/1.1" 200 184100 yahia.ws "-" "Mozilla/5.0 (Linux; Android 6.0.1; Nexus 5X Build/MMB29P) AppleWebKit/537.36 (KHTML, like Gecko) Chrome/153.0.8010.47 Mobile Safari/537.36 (compatible; Googlebot/2.1; +http://www.google.com/bot.html)" "-"
216.73.217.0 - - [21/Sep/2026:01:05:28 -0400] "GET /2017/05/05/elk-casino-bonus-codes-for-free-spins-2026/ HTTP/1.1" 200 88700 marketing-online-101.com "-" "Mozilla/5.0 AppleWebKit/537.36 (KHTML, like Gecko; compatible; ClaudeBot/1.0; +claudebot@anthropic.com)" "-"
2607:f1c0:500:: - - [21/Sep/2026:01:05:31 -0400] "POST /wp-cron.php?doing_wp_cron=1789967131.9222850799560546875000 HTTP/1.1" 200 - yahia.ws "-" "WordPress/6.6.8; http://yahia.ws" "-"
136.243.220.0 - - [21/Sep/2026:01:05:31 -0400] "GET /detail/7771750377 HTTP/1.1" 404 86905 yahia.ws "-" "Mozilla/5.0 (compatible; DataForSeoBot/1.0; +https://dataforseo.com/dataforseo-bot)" "-"
66.249.79.0 - - [21/Sep/2026:01:05:33 -0400] "GET /items/B946410598/ HTTP/1.1" 200 181825 yahia.ws "-" "Mozilla/5.0 (Linux; Android 6.0.1; Nexus 5X Build/MMB29P) AppleWebKit/537.36 (KHTML, like Gecko) Chrome/153.0.8010.47 Mobile Safari/537.36 (compatible; Googlebot/2.1; +http://www.google.com/bot.html)" "-"
107.152.32.0 - - [21/Sep/2026:01:05:48 -0400] "GET /2026/07/15/jugar-ala-ruleta-casino-gratis-sevilla/ HTTP/1.1" 200 88700 marketing-online-101.com "http://marketing-online-101.com/" "Mozilla/5.0 (X11; Linux x86_64) AppleWebKit/537.36 (KHTML, like Gecko) Chrome/135.0.0.0 Safari/537.36" "-"
107.152.32.0 - - [21/Sep/2026:01:05:49 -0400] "GET /2026/07/15/jugar-ala-ruleta-casino-gratis-sevilla/?lokasie=/homepages/18/d194259149/htdocs/marketing-online-101/wordpress/.htaccess&loknya=/homepages/18/d194259149/htdocs/marketing-online-101/wordpress HTTP/1.1" 200 4925 marketing-online-101.com "http://marketing-online-101.com/2026/07/15/jugar-ala-ruleta-casino-gratis-sevilla/" "Mozilla/5.0 (X11; Linux x86_64) AppleWebKit/537.36 (KHTML, like Gecko) Chrome/135.0.0.0 Safari/537.36" "-"
136.243.220.0 - - [21/Sep/2026:01:05:49 -0400] "GET /detail/3362321888 HTTP/1.1" 404 86905 yahia.ws "-" "Mozilla/5.0 (compatible; DataForSeoBot/1.0; +https://dataforseo.com/dataforseo-bot)" "-"
136.243.220.0 - - [21/Sep/2026:01:06:07 -0400] "GET /detail/4053300928 HTTP/1.1" 429 267 yahia.ws "-" "Mozilla/5.0 (compatible; DataForSeoBot/1.0; +https://dataforseo.com/dataforseo-bot)" "-"
66.249.79.0 - - [21/Sep/2026:01:06:08 -0400] "GET /items/S591385382/ HTTP/1.1" 200 174428 yahia.ws "-" "Mozilla/5.0 (Linux; Android 6.0.1; Nexus 5X Build/MMB29P) AppleWebKit/537.36 (KHTML, like Gecko) Chrome/153.0.8010.47 Mobile Safari/537.36 (compatible; Googlebot/2.1; +http://www.google.com/bot.html)" "-"
216.73.217.0 - - [21/Sep/2026:01:06:14 -0400] "GET /2017/05/05/best-jackpot/2 HTTP/1.1" 200 88700 marketing-online-101.com "-" "Mozilla/5.0 AppleWebKit/537.36 (KHTML, like Gecko; compatible; ClaudeBot/1.0; +claudebot@anthropic.com)" "-"
114.119.138.0 - - [21/Sep/2026:01:06:28 -0400] "GET /detail/7f2336564 HTTP/1.1" 404 86899 yahia.ws "http://yahia.ws?sitemap-10.xml" "Mozilla/5.0 (Linux; Android 7.0;) AppleWebKit/537.36 (HTML, like Gecko) Mobile Safari/537.36 (compatible; PetalBot;+https://webmaster.petalsearch.com/site/petalbot)" "-"
114.119.161.0 - - [21/Sep/2026:01:06:30 -0400] "GET /?p=717 HTTP/1.1" 200 88701 marketing-online-101.com "http://marketing-online-101.com/2017/05/05/lordping-casino-online-login/" "Mozilla/5.0 (Linux; Android 7.0;) AppleWebKit/537.36 (HTML, like Gecko) Mobile Safari/537.36 (compatible; PetalBot;+https://webmaster.petalsearch.com/site/petalbot)" "-"
185.200.188.0 - - [21/Sep/2026:01:06:30 -0400] "GET /2026/07/15/zahrajte-si-velke-kasino-2026/ HTTP/1.1" 200 88701 marketing-online-101.com "http://marketing-online-101.com/" "Mozilla/5.0 (Windows NT 10.0; Win64; x64) AppleWebKit/537.36 (KHTML, like Gecko) obsidian/1.6.5 Chrome/124.0.6367.243 Electron/30.1.2 Safari/537.36" "-"
87.250.224.0 - - [21/Sep/2026:01:06:34 -0400] "GET /robots.txt HTTP/1.1" 429 267 dosclub.com "-" "Mozilla/5.0 (compatible; YandexBot/3.0; +http://yandex.com/bots)" "-"
185.12.151.0 - - [21/Sep/2026:01:06:39 -0400] "GET / HTTP/1.1" 500 - dosclub.com "-" "Mozilla/5.0 (Linux; Android 14; SM-S901B) AppleWebKit/537.36 (KHTML, like Gecko) Chrome/120.0.6099.280 Mobile Safari/537.36 OPR/80.4.4244.7786" "-"
185.200.188.0 - - [21/Sep/2026:01:07:04 -0400] "GET /2026/07/15/zahrajte-si-velke-kasino-2026/?lokasie=/homepages/18/d194259149/htdocs/marketing-online-101/wordpress/wp-login.php&loknya=/homepages/18/d194259149/htdocs/marketing-online-101/wordpress HTTP/1.1" 200 66664 marketing-online-101.com "http://marketing-online-101.com/2026/07/15/zahrajte-si-velke-kasino-2026/?lokasie=/homepages/18/d194259149/htdocs/marketing-online-101/wordpress/wp-login.php&loknya=/homepages/18/d194259149/htdocs/marketing-online-101/wordpress" "Mozilla/5.0 (Windows NT 6.3; Win64; x64) AppleWebKit/537.36 (KHTML, like Gecko) Chrome/103.0.0.0 Safari/537.36" "-"
66.249.79.0 - - [21/Sep/2026:01:07:09 -0400] "GET /items/W954416228/ HTTP/1.1" 200 180333 yahia.ws "-" "Mozilla/5.0 (Linux; Android 6.0.1; Nexus 5X Build/MMB29P) AppleWebKit/537.36 (KHTML, like Gecko) Chrome/153.0.8010.47 Mobile Safari/537.36 (compatible; Googlebot/2.1; +http://www.google.com/bot.html)" "-"
216.73.217.0 - - [21/Sep/2026:01:07:19 -0400] "GET /2017/05/05/best-jackpot/ HTTP/1.1" 200 88700 marketing-online-101.com "-" "Mozilla/5.0 AppleWebKit/537.36 (KHTML, like Gecko; compatible; ClaudeBot/1.0; +claudebot@anthropic.com)" "-"
185.218.86.0 - - [21/Sep/2026:01:07:20 -0400] "GET /_profiler/phpinfo/phpinfo.php HTTP/1.1" 200 88699 marketing-online-101.com "-" "Mozilla/5.0 (Windows NT 10.0; Win64; x64) AppleWebKit/537.36 (KHTML, like Gecko) Chrome/116.0.0.0 Safari/537.36" "-"
185.218.86.0 - - [21/Sep/2026:01:07:20 -0400] "GET /new/.env.local HTTP/1.1" 200 88699 marketing-online-101.com "-" "Mozilla/5.0 (Windows NT 10.0; Win64; x64) AppleWebKit/537.36 (KHTML, like Gecko) Chrome/116.0.0.0 Safari/537.36" "-"
185.218.86.0 - - [21/Sep/2026:01:07:20 -0400] "GET /_phpinfo.php HTTP/1.1" 200 88699 marketing-online-101.com "-" "Mozilla/5.0 (Windows NT 10.0; Win64; x64) AppleWebKit/537.36 (KHTML, like Gecko) Chrome/116.0.0.0 Safari/537.36" "-"
185.218.86.0 - - [21/Sep/2026:01:07:20 -0400] "GET /new/.env.staging HTTP/1.1" 200 88699 marketing-online-101.com "-" "Mozilla/5.0 (Windows NT 10.0; Win64; x64) AppleWebKit/537.36 (KHTML, like Gecko) Chrome/116.0.0.0 Safari/537.36" "-"
185.218.86.0 - - [21/Sep/2026:01:07:20 -0400] "GET /_profiler/phpinfo/info.php HTTP/1.1" 200 88699 marketing-online-101.com "-" "Mozilla/5.0 (Windows NT 10.0; Win64; x64) AppleWebKit/537.36 (KHTML, like Gecko) Chrome/116.0.0.0 Safari/537.36" "-"
185.218.86.0 - - [21/Sep/2026:01:07:20 -0400] "GET /_profiler/phpinfo HTTP/1.1" 200 88699 marketing-online-101.com "-" "Mozilla/5.0 (Windows NT 10.0; Win64; x64) AppleWebKit/537.36 (KHTML, like Gecko) Chrome/116.0.0.0 Safari/537.36" "-"
185.218.86.0 - - [21/Sep/2026:01:07:20 -0400] "GET /new/.env.production HTTP/1.1" 200 88699 marketing-online-101.com "-" "Mozilla/5.0 (Windows NT 10.0; Win64; x64) AppleWebKit/537.36 (KHTML, like Gecko) Chrome/116.0.0.0 Safari/537.36" "-"
185.218.86.0 - - [21/Sep/2026:01:07:21 -0400] "GET /dev/.env HTTP/1.1" 200 88699 marketing-online-101.com "-" "Mozilla/5.0 (Windows NT 10.0; Win64; x64) AppleWebKit/537.36 (KHTML, like Gecko) Chrome/116.0.0.0 Safari/537.36" "-"
185.218.86.0 - - [21/Sep/2026:01:07:21 -0400] "GET /.env HTTP/1.1" 200 88699 marketing-online-101.com "-" "Mozilla/5.0 (Windows NT 10.0; Win64; x64) AppleWebKit/537.36 (KHTML, like Gecko) Chrome/116.0.0.0 Safari/537.36" "-"
185.218.86.0 - - [21/Sep/2026:01:07:21 -0400] "GET /phpinfo.php HTTP/1.1" 200 88699 marketing-online-101.com "-" "Mozilla/5.0 (Windows NT 10.0; Win64; x64) AppleWebKit/537.36 (KHTML, like Gecko) Chrome/116.0.0.0 Safari/537.36" "-"
185.218.86.0 - - [21/Sep/2026:01:07:21 -0400] "GET /portal/.env HTTP/1.1" 200 88699 marketing-online-101.com "-" "Mozilla/5.0 (Windows NT 10.0; Win64; x64) AppleWebKit/537.36 (KHTML, like Gecko) Chrome/116.0.0.0 Safari/537.36" "-"
185.218.86.0 - - [21/Sep/2026:01:07:21 -0400] "GET /new/.env HTTP/1.1" 200 88699 marketing-online-101.com "-" "Mozilla/5.0 (Windows NT 10.0; Win64; x64) AppleWebKit/537.36 (KHTML, like Gecko) Chrome/116.0.0.0 Safari/537.36" "-"
185.218.86.0 - - [21/Sep/2026:01:07:21 -0400] "GET /api/.env HTTP/1.1" 200 88699 marketing-online-101.com "-" "Mozilla/5.0 (Windows NT 10.0; Win64; x64) AppleWebKit/537.36 (KHTML, like Gecko) Chrome/116.0.0.0 Safari/537.36" "-"
185.218.86.0 - - [21/Sep/2026:01:07:21 -0400] "GET /app/.env HTTP/1.1" 200 88699 marketing-online-101.com "-" "Mozilla/5.0 (Windows NT 10.0; Win64; x64) AppleWebKit/537.36 (KHTML, like Gecko) Chrome/116.0.0.0 Safari/537.36" "-"
185.218.86.0 - - [21/Sep/2026:01:07:21 -0400] "GET /phpinfo HTTP/1.1" 200 88699 marketing-online-101.com "-" "Mozilla/5.0 (Windows NT 10.0; Win64; x64) AppleWebKit/537.36 (KHTML, like Gecko) Chrome/116.0.0.0 Safari/537.36" "-"
185.218.86.0 - - [21/Sep/2026:01:07:21 -0400] "GET /env/.env HTTP/1.1" 200 88699 marketing-online-101.com "-" "Mozilla/5.0 (Windows NT 10.0; Win64; x64) AppleWebKit/537.36 (KHTML, like Gecko) Chrome/116.0.0.0 Safari/537.36" "-"
185.218.86.0 - - [21/Sep/2026:01:07:22 -0400] "GET /awstats/.env HTTP/1.1" 200 88699 marketing-online-101.com "-" "Mozilla/5.0 (Windows NT 10.0; Win64; x64) AppleWebKit/537.36 (KHTML, like Gecko) Chrome/116.0.0.0 Safari/537.36" "-"
185.218.86.0 - - [21/Sep/2026:01:07:22 -0400] "GET /cron/.env HTTP/1.1" 200 88699 marketing-online-101.com "-" "Mozilla/5.0 (Windows NT 10.0; Win64; x64) AppleWebKit/537.36 (KHTML, like Gecko) Chrome/116.0.0.0 Safari/537.36" "-"
185.218.86.0 - - [21/Sep/2026:01:07:22 -0400] "GET /.vscode/.env HTTP/1.1" 200 88699 marketing-online-101.com "-" "Mozilla/5.0 (Windows NT 10.0; Win64; x64) AppleWebKit/537.36 (KHTML, like Gecko) Chrome/116.0.0.0 Safari/537.36" "-"
185.218.86.0 - - [21/Sep/2026:01:07:22 -0400] "GET /js/.env HTTP/1.1" 200 88699 marketing-online-101.com "-" "Mozilla/5.0 (Windows NT 10.0; Win64; x64) AppleWebKit/537.36 (KHTML, like Gecko) Chrome/116.0.0.0 Safari/537.36" "-"
185.218.86.0 - - [21/Sep/2026:01:07:22 -0400] "GET /wp-config HTTP/1.1" 200 88703 marketing-online-101.com "-" "Mozilla/5.0 (Windows NT 10.0; Win64; x64) AppleWebKit/537.36 (KHTML, like Gecko) Chrome/116.0.0.0 Safari/537.36" "-"
185.218.86.0 - - [21/Sep/2026:01:07:22 -0400] "GET /laravel/info.php HTTP/1.1" 200 88699 marketing-online-101.com "-" "Mozilla/5.0 (Windows NT 10.0; Win64; x64) AppleWebKit/537.36 (KHTML, like Gecko) Chrome/116.0.0.0 Safari/537.36" "-"
185.218.86.0 - - [21/Sep/2026:01:07:22 -0400] "GET /xampp/phpinfo.php HTTP/1.1" 200 88699 marketing-online-101.com "-" "Mozilla/5.0 (Windows NT 10.0; Win64; x64) AppleWebKit/537.36 (KHTML, like Gecko) Chrome/116.0.0.0 Safari/537.36" "-"
185.218.86.0 - - [21/Sep/2026:01:07:22 -0400] "GET /lara/info.php HTTP/1.1" 200 88699 marketing-online-101.com "-" "Mozilla/5.0 (Windows NT 10.0; Win64; x64) AppleWebKit/537.36 (KHTML, like Gecko) Chrome/116.0.0.0 Safari/537.36" "-"
185.218.86.0 - - [21/Sep/2026:01:07:22 -0400] "GET /aws-secret.yaml HTTP/1.1" 200 88699 marketing-online-101.com "-" "Mozilla/5.0 (Windows NT 10.0; Win64; x64) AppleWebKit/537.36 (KHTML, like Gecko) Chrome/116.0.0.0 Safari/537.36" "-"
185.218.86.0 - - [21/Sep/2026:01:07:22 -0400] "GET /lara/phpinfo.php HTTP/1.1" 200 88699 marketing-online-101.com "-" "Mozilla/5.0 (Windows NT 10.0; Win64; x64) AppleWebKit/537.36 (KHTML, like Gecko) Chrome/116.0.0.0 Safari/537.36" "-"
185.218.86.0 - - [21/Sep/2026:01:07:22 -0400] "GET /laravel/.env HTTP/1.1" 200 88699 marketing-online-101.com "-" "Mozilla/5.0 (Windows NT 10.0; Win64; x64) AppleWebKit/537.36 (KHTML, like Gecko) Chrome/116.0.0.0 Safari/537.36" "-"
185.218.86.0 - - [21/Sep/2026:01:07:22 -0400] "GET /www/.env HTTP/1.1" 200 88699 marketing-online-101.com "-" "Mozilla/5.0 (Windows NT 10.0; Win64; x64) AppleWebKit/537.36 (KHTML, like Gecko) Chrome/116.0.0.0 Safari/537.36" "-"
185.218.86.0 - - [21/Sep/2026:01:07:22 -0400] "GET /docker/app/.env HTTP/1.1" 200 88699 marketing-online-101.com "-" "Mozilla/5.0 (Windows NT 10.0; Win64; x64) AppleWebKit/537.36 (KHTML, like Gecko) Chrome/116.0.0.0 Safari/537.36" "-"
185.218.86.0 - - [21/Sep/2026:01:07:22 -0400] "GET /env.backup HTTP/1.1" 200 88699 marketing-online-101.com "-" "Mozilla/5.0 (Windows NT 10.0; Win64; x64) AppleWebKit/537.36 (KHTML, like Gecko) Chrome/116.0.0.0 Safari/537.36" "-"
185.218.86.0 - - [21/Sep/2026:01:07:22 -0400] "GET /docker/.env HTTP/1.1" 200 88699 marketing-online-101.com "-" "Mozilla/5.0 (Windows NT 10.0; Win64; x64) AppleWebKit/537.36 (KHTML, like Gecko) Chrome/116.0.0.0 Safari/537.36" "-"
185.218.86.0 - - [21/Sep/2026:01:07:22 -0400] "GET /conf/.env HTTP/1.1" 200 88699 marketing-online-101.com "-" "Mozilla/5.0 (Windows NT 10.0; Win64; x64) AppleWebKit/537.36 (KHTML, like Gecko) Chrome/116.0.0.0 Safari/537.36" "-"
185.218.86.0 - - [21/Sep/2026:01:07:23 -0400] "GET /nginx/.env HTTP/1.1" 200 88699 marketing-online-101.com "-" "Mozilla/5.0 (Windows NT 10.0; Win64; x64) AppleWebKit/537.36 (KHTML, like Gecko) Chrome/116.0.0.0 Safari/537.36" "-"
185.218.86.0 - - [21/Sep/2026:01:07:23 -0400] "GET /mailer/.env HTTP/1.1" 200 88699 marketing-online-101.com "-" "Mozilla/5.0 (Windows NT 10.0; Win64; x64) AppleWebKit/537.36 (KHTML, like Gecko) Chrome/116.0.0.0 Safari/537.36" "-"
185.218.86.0 - - [21/Sep/2026:01:07:23 -0400] "GET /config.env HTTP/1.1" 200 88699 marketing-online-101.com "-" "Mozilla/5.0 (Windows NT 10.0; Win64; x64) AppleWebKit/537.36 (KHTML, like Gecko) Chrome/116.0.0.0 Safari/537.36" "-"
185.218.86.0 - - [21/Sep/2026:01:07:23 -0400] "GET /laravel/core/.env HTTP/1.1" 200 88699 marketing-online-101.com "-" "Mozilla/5.0 (Windows NT 10.0; Win64; x64) AppleWebKit/537.36 (KHTML, like Gecko) Chrome/116.0.0.0 Safari/537.36" "-"
185.218.86.0 - - [21/Sep/2026:01:07:23 -0400] "GET /mail/.env HTTP/1.1" 200 88699 marketing-online-101.com "-" "Mozilla/5.0 (Windows NT 10.0; Win64; x64) AppleWebKit/537.36 (KHTML, like Gecko) Chrome/116.0.0.0 Safari/537.36" "-"
185.218.86.0 - - [21/Sep/2026:01:07:23 -0400] "GET /api/shared/config/config.env HTTP/1.1" 200 88699 marketing-online-101.com "-" "Mozilla/5.0 (Windows NT 10.0; Win64; x64) AppleWebKit/537.36 (KHTML, like Gecko) Chrome/116.0.0.0 Safari/537.36" "-"
185.218.86.0 - - [21/Sep/2026:01:07:23 -0400] "GET /public/.env HTTP/1.1" 200 88699 marketing-online-101.com "-" "Mozilla/5.0 (Windows NT 10.0; Win64; x64) AppleWebKit/537.36 (KHTML, like Gecko) Chrome/116.0.0.0 Safari/537.36" "-"
185.218.86.0 - - [21/Sep/2026:01:07:23 -0400] "GET /site/.env HTTP/1.1" 200 88699 marketing-online-101.com "-" "Mozilla/5.0 (Windows NT 10.0; Win64; x64) AppleWebKit/537.36 (KHTML, like Gecko) Chrome/116.0.0.0 Safari/537.36" "-"
185.218.86.0 - - [21/Sep/2026:01:07:23 -0400] "GET /kyc/.env HTTP/1.1" 200 88699 marketing-online-101.com "-" "Mozilla/5.0 (Windows NT 10.0; Win64; x64) AppleWebKit/537.36 (KHTML, like Gecko) Chrome/116.0.0.0 Safari/537.36" "-"
185.218.86.0 - - [21/Sep/2026:01:07:23 -0400] "GET /xampp/.env HTTP/1.1" 200 88699 marketing-online-101.com "-" "Mozilla/5.0 (Windows NT 10.0; Win64; x64) AppleWebKit/537.36 (KHTML, like Gecko) Chrome/116.0.0.0 Safari/537.36" "-"
185.218.86.0 - - [21/Sep/2026:01:07:23 -0400] "GET /admin/.env HTTP/1.1" 200 88699 marketing-online-101.com "-" "Mozilla/5.0 (Windows NT 10.0; Win64; x64) AppleWebKit/537.36 (KHTML, like Gecko) Chrome/116.0.0.0 Safari/537.36" "-"
185.218.86.0 - - [21/Sep/2026:01:07:23 -0400] "GET /main/.env HTTP/1.1" 200 88699 marketing-online-101.com "-" "Mozilla/5.0 (Windows NT 10.0; Win64; x64) AppleWebKit/537.36 (KHTML, like Gecko) Chrome/116.0.0.0 Safari/537.36" "-"
185.218.86.0 - - [21/Sep/2026:01:07:23 -0400] "GET /node_modules/.env HTTP/1.1" 200 88699 marketing-online-101.com "-" "Mozilla/5.0 (Windows NT 10.0; Win64; x64) AppleWebKit/537.36 (KHTML, like Gecko) Chrome/116.0.0.0 Safari/537.36" "-"
185.218.86.0 - - [21/Sep/2026:01:07:23 -0400] "GET /prod/.env HTTP/1.1" 200 88699 marketing-online-101.com "-" "Mozilla/5.0 (Windows NT 10.0; Win64; x64) AppleWebKit/537.36 (KHTML, like Gecko) Chrome/116.0.0.0 Safari/537.36" "-"
185.218.86.0 - - [21/Sep/2026:01:07:23 -0400] "GET /api/shared/config.env HTTP/1.1" 200 88699 marketing-online-101.com "-" "Mozilla/5.0 (Windows NT 10.0; Win64; x64) AppleWebKit/537.36 (KHTML, like Gecko) Chrome/116.0.0.0 Safari/537.36" "-"
185.218.86.0 - - [21/Sep/2026:01:07:23 -0400] "GET /.env.bak HTTP/1.1" 200 88699 marketing-online-101.com "-" "Mozilla/5.0 (Windows NT 10.0; Win64; x64) AppleWebKit/537.36 (KHTML, like Gecko) Chrome/116.0.0.0 Safari/537.36" "-"
185.218.86.0 - - [21/Sep/2026:01:07:25 -0400] "GET /api/shared/config/.env HTTP/1.1" 200 88699 marketing-online-101.com "-" "Mozilla/5.0 (Windows NT 10.0; Win64; x64) AppleWebKit/537.36 (KHTML, like Gecko) Chrome/116.0.0.0 Safari/537.36" "-"
185.218.86.0 - - [21/Sep/2026:01:07:25 -0400] "GET /development/.env HTTP/1.1" 200 88699 marketing-online-101.com "-" "Mozilla/5.0 (Windows NT 10.0; Win64; x64) AppleWebKit/537.36 (KHTML, like Gecko) Chrome/116.0.0.0 Safari/537.36" "-"
185.218.86.0 - - [21/Sep/2026:01:07:25 -0400] "GET /backend/.env HTTP/1.1" 200 88699 marketing-online-101.com "-" "Mozilla/5.0 (Windows NT 10.0; Win64; x64) AppleWebKit/537.36 (KHTML, like Gecko) Chrome/116.0.0.0 Safari/537.36" "-"
185.218.86.0 - - [21/Sep/2026:01:07:25 -0400] "GET /website/.env HTTP/1.1" 200 88699 marketing-online-101.com "-" "Mozilla/5.0 (Windows NT 10.0; Win64; x64) AppleWebKit/537.36 (KHTML, like Gecko) Chrome/116.0.0.0 Safari/537.36" "-"
185.218.86.0 - - [21/Sep/2026:01:07:25 -0400] "GET /.env_sample HTTP/1.1" 200 88699 marketing-online-101.com "-" "Mozilla/5.0 (Windows NT 10.0; Win64; x64) AppleWebKit/537.36 (KHTML, like Gecko) Chrome/116.0.0.0 Safari/537.36" "-"
185.218.86.0 - - [21/Sep/2026:01:07:25 -0400] "GET /server/config/database.js HTTP/1.1" 200 88699 marketing-online-101.com "-" "Mozilla/5.0 (Windows NT 10.0; Win64; x64) AppleWebKit/537.36 (KHTML, like Gecko) Chrome/116.0.0.0 Safari/537.36" "-"
185.218.86.0 - - [21/Sep/2026:01:07:25 -0400] "GET /.env.local HTTP/1.1" 200 88699 marketing-online-101.com "-" "Mozilla/5.0 (Windows NT 10.0; Win64; x64) AppleWebKit/537.36 (KHTML, like Gecko) Chrome/116.0.0.0 Safari/537.36" "-"
185.218.86.0 - - [21/Sep/2026:01:07:25 -0400] "GET /service/email_service.py HTTP/1.1" 200 88699 marketing-online-101.com "-" "Mozilla/5.0 (Windows NT 10.0; Win64; x64) AppleWebKit/537.36 (KHTML, like Gecko) Chrome/116.0.0.0 Safari/537.36" "-"
185.218.86.0 - - [21/Sep/2026:01:07:25 -0400] "GET /.env.stage HTTP/1.1" 200 88699 marketing-online-101.com "-" "Mozilla/5.0 (Windows NT 10.0; Win64; x64) AppleWebKit/537.36 (KHTML, like Gecko) Chrome/116.0.0.0 Safari/537.36" "-"
185.218.86.0 - - [21/Sep/2026:01:07:25 -0400] "GET /.env.production.local HTTP/1.1" 200 88699 marketing-online-101.com "-" "Mozilla/5.0 (Windows NT 10.0; Win64; x64) AppleWebKit/537.36 (KHTML, like Gecko) Chrome/116.0.0.0 Safari/537.36" "-"
185.218.86.0 - - [21/Sep/2026:01:07:25 -0400] "GET /.env.example HTTP/1.1" 200 88699 marketing-online-101.com "-" "Mozilla/5.0 (Windows NT 10.0; Win64; x64) AppleWebKit/537.36 (KHTML, like Gecko) Chrome/116.0.0.0 Safari/537.36" "-"
185.218.86.0 - - [21/Sep/2026:01:07:25 -0400] "GET /api/shared/.env HTTP/1.1" 200 88699 marketing-online-101.com "-" "Mozilla/5.0 (Windows NT 10.0; Win64; x64) AppleWebKit/537.36 (KHTML, like Gecko) Chrome/116.0.0.0 Safari/537.36" "-"
185.218.86.0 - - [21/Sep/2026:01:07:25 -0400] "GET /api/config.env HTTP/1.1" 200 88699 marketing-online-101.com "-" "Mozilla/5.0 (Windows NT 10.0; Win64; x64) AppleWebKit/537.36 (KHTML, like Gecko) Chrome/116.0.0.0 Safari/537.36" "-"
185.218.86.0 - - [21/Sep/2026:01:07:25 -0400] "GET /.env.old HTTP/1.1" 200 88699 marketing-online-101.com "-" "Mozilla/5.0 (Windows NT 10.0; Win64; x64) AppleWebKit/537.36 (KHTML, like Gecko) Chrome/116.0.0.0 Safari/537.36" "-"
185.218.86.0 - - [21/Sep/2026:01:07:25 -0400] "GET /node/.env_example HTTP/1.1" 200 88699 marketing-online-101.com "-" "Mozilla/5.0 (Windows NT 10.0; Win64; x64) AppleWebKit/537.36 (KHTML, like Gecko) Chrome/116.0.0.0 Safari/537.36" "-"
185.218.86.0 - - [21/Sep/2026:01:07:25 -0400] "GET /scripts/nodemailer.js HTTP/1.1" 200 88699 marketing-online-101.com "-" "Mozilla/5.0 (Windows NT 10.0; Win64; x64) AppleWebKit/537.36 (KHTML, like Gecko) Chrome/116.0.0.0 Safari/537.36" "-"
185.218.86.0 - - [21/Sep/2026:01:07:26 -0400] "GET /apps/.env HTTP/1.1" 200 88699 marketing-online-101.com "-" "Mozilla/5.0 (Windows NT 10.0; Win64; x64) AppleWebKit/537.36 (KHTML, like Gecko) Chrome/116.0.0.0 Safari/537.36" "-"
185.218.86.0 - - [21/Sep/2026:01:07:26 -0400] "GET /.aws/credentials HTTP/1.1" 200 88699 marketing-online-101.com "-" "Mozilla/5.0 (Windows NT 10.0; Win64; x64) AppleWebKit/537.36 (KHTML, like Gecko) Chrome/116.0.0.0 Safari/537.36" "-"
185.218.86.0 - - [21/Sep/2026:01:07:26 -0400] "GET /.env.prod HTTP/1.1" 200 88699 marketing-online-101.com "-" "Mozilla/5.0 (Windows NT 10.0; Win64; x64) AppleWebKit/537.36 (KHTML, like Gecko) Chrome/116.0.0.0 Safari/537.36" "-"
185.218.86.0 - - [21/Sep/2026:01:07:26 -0400] "GET /crm/.env HTTP/1.1" 200 88699 marketing-online-101.com "-" "Mozilla/5.0 (Windows NT 10.0; Win64; x64) AppleWebKit/537.36 (KHTML, like Gecko) Chrome/116.0.0.0 Safari/537.36" "-"
185.218.86.0 - - [21/Sep/2026:01:07:26 -0400] "GET /web/.env HTTP/1.1" 200 88699 marketing-online-101.com "-" "Mozilla/5.0 (Windows NT 10.0; Win64; x64) AppleWebKit/537.36 (KHTML, like Gecko) Chrome/116.0.0.0 Safari/537.36" "-"
185.218.86.0 - - [21/Sep/2026:01:07:26 -0400] "GET /application/.env HTTP/1.1" 200 88699 marketing-online-101.com "-" "Mozilla/5.0 (Windows NT 10.0; Win64; x64) AppleWebKit/537.36 (KHTML, like Gecko) Chrome/116.0.0.0 Safari/537.36" "-"
185.218.86.0 - - [21/Sep/2026:01:07:26 -0400] "GET /local/.env HTTP/1.1" 200 88699 marketing-online-101.com "-" "Mozilla/5.0 (Windows NT 10.0; Win64; x64) AppleWebKit/537.36 (KHTML, like Gecko) Chrome/116.0.0.0 Safari/537.36" "-"
185.218.86.0 - - [21/Sep/2026:01:07:26 -0400] "GET /core/.env HTTP/1.1" 200 88699 marketing-online-101.com "-" "Mozilla/5.0 (Windows NT 10.0; Win64; x64) AppleWebKit/537.36 (KHTML, like Gecko) Chrome/116.0.0.0 Safari/537.36" "-"
185.218.86.0 - - [21/Sep/2026:01:07:27 -0400] "GET /wp-config.php.bak HTTP/1.1" 503 339 marketing-online-101.com "-" "Mozilla/5.0 (Windows NT 10.0; Win64; x64) AppleWebKit/537.36 (KHTML, like Gecko) Chrome/116.0.0.0 Safari/537.36" "-"
185.218.86.0 - - [21/Sep/2026:01:07:27 -0400] "GET /info.php HTTP/1.1" 403 451 marketing-online-101.com "-" "Mozilla/5.0 (Windows NT 10.0; Win64; x64) AppleWebKit/537.36 (KHTML, like Gecko) Chrome/116.0.0.0 Safari/537.36" "-"
185.218.86.0 - - [21/Sep/2026:01:07:27 -0400] "GET /server_info.php HTTP/1.1" 200 88699 marketing-online-101.com "-" "Mozilla/5.0 (Windows NT 10.0; Win64; x64) AppleWebKit/537.36 (KHTML, like Gecko) Chrome/116.0.0.0 Safari/537.36" "-"
185.218.86.0 - - [21/Sep/2026:01:07:27 -0400] "GET /admin/server_info.php HTTP/1.1" 200 88699 marketing-online-101.com "-" "Mozilla/5.0 (Windows NT 10.0; Win64; x64) AppleWebKit/537.36 (KHTML, like Gecko) Chrome/116.0.0.0 Safari/537.36" "-"
185.218.86.0 - - [21/Sep/2026:01:07:27 -0400] "GET /static/js/main.e85f7a37.js HTTP/1.1" 200 88699 marketing-online-101.com "-" "Mozilla/5.0 (Windows NT 10.0; Win64; x64) AppleWebKit/537.36 (KHTML, like Gecko) Chrome/116.0.0.0 Safari/537.36" "-"
185.218.86.0 - - [21/Sep/2026:01:07:27 -0400] "GET /static/js/main.141b0494.js HTTP/1.1" 200 88699 marketing-online-101.com "-" "Mozilla/5.0 (Windows NT 10.0; Win64; x64) AppleWebKit/537.36 (KHTML, like Gecko) Chrome/116.0.0.0 Safari/537.36" "-"
