185.218.86.0 - - [21/Sep/2026:01:07:27 -0400] "GET /static/js/2.ca066a4b.chunk.js HTTP/1.1" 200 88699 marketing-online-101.com "-" "Mozilla/5.0 (Windows NT 10.0; Win64; x64) AppleWebKit/537.36 (KHTML, like Gecko) Chrome/116.0.0.0 Safari/537.36" "-"
185.218.86.0 - - [21/Sep/2026:01:07:27 -0400] "GET /dashboard/phpinfo.php HTTP/1.1" 200 88699 marketing-online-101.com "-" "Mozilla/5.0 (Windows NT 10.0; Win64; x64) AppleWebKit/537.36 (KHTML, like Gecko) Chrome/116.0.0.0 Safari/537.36" "-"
185.218.86.0 - - [21/Sep/2026:01:07:27 -0400] "GET /test.php HTTP/1.1" 200 88699 marketing-online-101.com "-" "Mozilla/5.0 (Windows NT 10.0; Win64; x64) AppleWebKit/537.36 (KHTML, like Gecko) Chrome/116.0.0.0 Safari/537.36" "-"
185.218.86.0 - - [21/Sep/2026:01:07:27 -0400] "GET /app_dev.php/_profiler/phpinfo HTTP/1.1" 200 88699 marketing-online-101.com "-" "Mozilla/5.0 (Windows NT 10.0; Win64; x64) AppleWebKit/537.36 (KHTML, like Gecko) Chrome/116.0.0.0 Safari/537.36" "-"
185.218.86.0 - - [21/Sep/2026:01:07:28 -0400] "GET /wp-config.php.bak HTTP/1.1" 503 339 marketing-online-101.com "-" "Mozilla/5.0 (Windows NT 10.0; Win64; x64) AppleWebKit/537.36 (KHTML, like Gecko) Chrome/116.0.0.0 Safari/537.36" "-"
185.218.86.0 - - [21/Sep/2026:01:07:28 -0400] "GET /server.js HTTP/1.1" 200 88699 marketing-online-101.com "-" "Mozilla/5.0 (Windows NT 10.0; Win64; x64) AppleWebKit/537.36 (KHTML, like Gecko) Chrome/116.0.0.0 Safari/537.36" "-"
185.218.86.0 - - [21/Sep/2026:01:07:28 -0400] "GET /shared/config/config.js HTTP/1.1" 200 88699 marketing-online-101.com "-" "Mozilla/5.0 (Windows NT 10.0; Win64; x64) AppleWebKit/537.36 (KHTML, like Gecko) Chrome/116.0.0.0 Safari/537.36" "-"
185.218.86.0 - - [21/Sep/2026:01:07:28 -0400] "GET /appsettings.json HTTP/1.1" 200 88699 marketing-online-101.com "-" "Mozilla/5.0 (Windows NT 10.0; Win64; x64) AppleWebKit/537.36 (KHTML, like Gecko) Chrome/116.0.0.0 Safari/537.36" "-"
185.218.86.0 - - [21/Sep/2026:01:07:28 -0400] "GET /server-info.php HTTP/1.1" 200 88699 marketing-online-101.com "-" "Mozilla/5.0 (Windows NT 10.0; Win64; x64) AppleWebKit/537.36 (KHTML, like Gecko) Chrome/116.0.0.0 Safari/537.36" "-"
185.218.86.0 - - [21/Sep/2026:01:07:28 -0400] "GET /server-info HTTP/1.1" 200 88699 marketing-online-101.com "-" "Mozilla/5.0 (Windows NT 10.0; Win64; x64) AppleWebKit/537.36 (KHTML, like Gecko) Chrome/116.0.0.0 Safari/537.36" "-"
185.218.86.0 - - [21/Sep/2026:01:07:28 -0400] "GET /config.js HTTP/1.1" 200 88699 marketing-online-101.com "-" "Mozilla/5.0 (Windows NT 10.0; Win64; x64) AppleWebKit/537.36 (KHTML, like Gecko) Chrome/116.0.0.0 Safari/537.36" "-"
185.218.86.0 - - [21/Sep/2026:01:07:28 -0400] "GET /secured/phpinfo.php HTTP/1.1" 200 88699 marketing-online-101.com "-" "Mozilla/5.0 (Windows NT 10.0; Win64; x64) AppleWebKit/537.36 (KHTML, like Gecko) Chrome/116.0.0.0 Safari/537.36" "-"
185.218.86.0 - - [21/Sep/2026:01:07:29 -0400] "GET /main.js HTTP/1.1" 200 88699 marketing-online-101.com "-" "Mozilla/5.0 (Windows NT 10.0; Win64; x64) AppleWebKit/537.36 (KHTML, like Gecko) Chrome/116.0.0.0 Safari/537.36" "-"
185.218.86.0 - - [21/Sep/2026:01:07:29 -0400] "GET /application.properties HTTP/1.1" 200 88699 marketing-online-101.com "-" "Mozilla/5.0 (Windows NT 10.0; Win64; x64) AppleWebKit/537.36 (KHTML, like Gecko) Chrome/116.0.0.0 Safari/537.36" "-"
185.218.86.0 - - [21/Sep/2026:01:07:29 -0400] "GET /js/main.js HTTP/1.1" 200 88699 marketing-online-101.com "-" "Mozilla/5.0 (Windows NT 10.0; Win64; x64) AppleWebKit/537.36 (KHTML, like Gecko) Chrome/116.0.0.0 Safari/537.36" "-"
185.218.86.0 - - [21/Sep/2026:01:07:29 -0400] "GET /config/aws.yml HTTP/1.1" 200 88699 marketing-online-101.com "-" "Mozilla/5.0 (Windows NT 10.0; Win64; x64) AppleWebKit/537.36 (KHTML, like Gecko) Chrome/116.0.0.0 Safari/537.36" "-"
185.218.86.0 - - [21/Sep/2026:01:07:29 -0400] "GET /config.json HTTP/1.1" 200 88699 marketing-online-101.com "-" "Mozilla/5.0 (Windows NT 10.0; Win64; x64) AppleWebKit/537.36 (KHTML, like Gecko) Chrome/116.0.0.0 Safari/537.36" "-"
185.218.86.0 - - [21/Sep/2026:01:07:29 -0400] "GET /settings.py HTTP/1.1" 200 88699 marketing-online-101.com "-" "Mozilla/5.0 (Windows NT 10.0; Win64; x64) AppleWebKit/537.36 (KHTML, like Gecko) Chrome/116.0.0.0 Safari/537.36" "-"
185.218.86.0 - - [21/Sep/2026:01:07:29 -0400] "GET /config/constants.js HTTP/1.1" 200 88699 marketing-online-101.com "-" "Mozilla/5.0 (Windows NT 10.0; Win64; x64) AppleWebKit/537.36 (KHTML, like Gecko) Chrome/116.0.0.0 Safari/537.36" "-"
185.218.86.0 - - [21/Sep/2026:01:07:29 -0400] "GET /public/js/main.js HTTP/1.1" 200 88699 marketing-online-101.com "-" "Mozilla/5.0 (Windows NT 10.0; Win64; x64) AppleWebKit/537.36 (KHTML, like Gecko) Chrome/116.0.0.0 Safari/537.36" "-"
185.218.86.0 - - [21/Sep/2026:01:07:29 -0400] "GET /gatsby-config.js HTTP/1.1" 200 88699 marketing-online-101.com "-" "Mozilla/5.0 (Windows NT 10.0; Win64; x64) AppleWebKit/537.36 (KHTML, like Gecko) Chrome/116.0.0.0 Safari/537.36" "-"
185.218.86.0 - - [21/Sep/2026:01:07:29 -0400] "GET /karma.conf.json HTTP/1.1" 200 88699 marketing-online-101.com "-" "Mozilla/5.0 (Windows NT 10.0; Win64; x64) AppleWebKit/537.36 (KHTML, like Gecko) Chrome/116.0.0.0 Safari/537.36" "-"
185.218.86.0 - - [21/Sep/2026:01:07:29 -0400] "GET /storage/logs/laravel.log HTTP/1.1" 200 88699 marketing-online-101.com "-" "Mozilla/5.0 (Windows NT 10.0; Win64; x64) AppleWebKit/537.36 (KHTML, like Gecko) Chrome/116.0.0.0 Safari/537.36" "-"
185.218.86.0 - - [21/Sep/2026:01:07:29 -0400] "GET /swagger.js HTTP/1.1" 200 88699 marketing-online-101.com "-" "Mozilla/5.0 (Windows NT 10.0; Win64; x64) AppleWebKit/537.36 (KHTML, like Gecko) Chrome/116.0.0.0 Safari/537.36" "-"
185.218.86.0 - - [21/Sep/2026:01:07:29 -0400] "GET /swagger.json HTTP/1.1" 200 88699 marketing-online-101.com "-" "Mozilla/5.0 (Windows NT 10.0; Win64; x64) AppleWebKit/537.36 (KHTML, like Gecko) Chrome/116.0.0.0 Safari/537.36" "-"
185.218.86.0 - - [21/Sep/2026:01:07:29 -0400] "GET /?phpinfo=1 HTTP/1.1" 200 88699 marketing-online-101.com "-" "Mozilla/5.0 (Windows NT 10.0; Win64; x64) AppleWebKit/537.36 (KHTML, like Gecko) Chrome/116.0.0.0 Safari/537.36" "-"
185.218.86.0 - - [21/Sep/2026:01:07:30 -0400] "GET /wp-config.php.bak HTTP/1.1" 503 339 marketing-online-101.com "-" "Mozilla/5.0 (Windows NT 10.0; Win64; x64) AppleWebKit/537.36 (KHTML, like Gecko) Chrome/116.0.0.0 Safari/537.36" "-"
185.218.86.0 - - [21/Sep/2026:01:07:30 -0400] "GET /api/objects/codes.php.save HTTP/1.1" 200 88699 marketing-online-101.com "-" "Mozilla/5.0 (Windows NT 10.0; Win64; x64) AppleWebKit/537.36 (KHTML, like Gecko) Chrome/116.0.0.0 Safari/537.36" "-"
185.218.86.0 - - [21/Sep/2026:01:07:30 -0400] "GET /admin/controllers/partner.js HTTP/1.1" 200 88699 marketing-online-101.com "-" "Mozilla/5.0 (Windows NT 10.0; Win64; x64) AppleWebKit/537.36 (KHTML, like Gecko) Chrome/116.0.0.0 Safari/537.36" "-"
185.218.86.0 - - [21/Sep/2026:01:07:30 -0400] "GET /admin/controllers/merchant.js HTTP/1.1" 200 88699 marketing-online-101.com "-" "Mozilla/5.0 (Windows NT 10.0; Win64; x64) AppleWebKit/537.36 (KHTML, like Gecko) Chrome/116.0.0.0 Safari/537.36" "-"
185.218.86.0 - - [21/Sep/2026:01:07:30 -0400] "GET /api/config.js HTTP/1.1" 200 88699 marketing-online-101.com "-" "Mozilla/5.0 (Windows NT 10.0; Win64; x64) AppleWebKit/537.36 (KHTML, like Gecko) Chrome/116.0.0.0 Safari/537.36" "-"
185.218.86.0 - - [21/Sep/2026:01:07:30 -0400] "GET /apis/controllers/users.js HTTP/1.1" 200 88699 marketing-online-101.com "-" "Mozilla/5.0 (Windows NT 10.0; Win64; x64) AppleWebKit/537.36 (KHTML, like Gecko) Chrome/116.0.0.0 Safari/537.36" "-"
185.218.86.0 - - [21/Sep/2026:01:07:30 -0400] "GET /app.js HTTP/1.1" 200 88699 marketing-online-101.com "-" "Mozilla/5.0 (Windows NT 10.0; Win64; x64) AppleWebKit/537.36 (KHTML, like Gecko) Chrome/116.0.0.0 Safari/537.36" "-"
185.218.86.0 - - [21/Sep/2026:01:07:30 -0400] "GET /backend/config/default.yml HTTP/1.1" 200 88699 marketing-online-101.com "-" "Mozilla/5.0 (Windows NT 10.0; Win64; x64) AppleWebKit/537.36 (KHTML, like Gecko) Chrome/116.0.0.0 Safari/537.36" "-"
185.218.86.0 - - [21/Sep/2026:01:07:30 -0400] "GET /app.py HTTP/1.1" 200 88699 marketing-online-101.com "-" "Mozilla/5.0 (Windows NT 10.0; Win64; x64) AppleWebKit/537.36 (KHTML, like Gecko) Chrome/116.0.0.0 Safari/537.36" "-"
185.218.86.0 - - [21/Sep/2026:01:07:30 -0400] "GET /apis/config/config.js HTTP/1.1" 200 88699 marketing-online-101.com "-" "Mozilla/5.0 (Windows NT 10.0; Win64; x64) AppleWebKit/537.36 (KHTML, like Gecko) Chrome/116.0.0.0 Safari/537.36" "-"
185.218.86.0 - - [21/Sep/2026:01:07:30 -0400] "GET /backend/config/development.yml HTTP/1.1" 200 88699 marketing-online-101.com "-" "Mozilla/5.0 (Windows NT 10.0; Win64; x64) AppleWebKit/537.36 (KHTML, like Gecko) Chrome/116.0.0.0 Safari/537.36" "-"
185.218.86.0 - - [21/Sep/2026:01:07:31 -0400] "GET /config/storage.yml HTTP/1.1" 200 88699 marketing-online-101.com "-" "Mozilla/5.0 (Windows NT 10.0; Win64; x64) AppleWebKit/537.36 (KHTML, like Gecko) Chrome/116.0.0.0 Safari/537.36" "-"
185.218.86.0 - - [21/Sep/2026:01:07:31 -0400] "GET /helper/EmailHelper.js HTTP/1.1" 200 88699 marketing-online-101.com "-" "Mozilla/5.0 (Windows NT 10.0; Win64; x64) AppleWebKit/537.36 (KHTML, like Gecko) Chrome/116.0.0.0 Safari/537.36" "-"
185.218.86.0 - - [21/Sep/2026:01:07:31 -0400] "GET /configs/routes-4aug.js HTTP/1.1" 200 88699 marketing-online-101.com "-" "Mozilla/5.0 (Windows NT 10.0; Win64; x64) AppleWebKit/537.36 (KHTML, like Gecko) Chrome/116.0.0.0 Safari/537.36" "-"
185.218.86.0 - - [21/Sep/2026:01:07:31 -0400] "GET /controller/admin/post.js HTTP/1.1" 200 88699 marketing-online-101.com "-" "Mozilla/5.0 (Windows NT 10.0; Win64; x64) AppleWebKit/537.36 (KHTML, like Gecko) Chrome/116.0.0.0 Safari/537.36" "-"
185.218.86.0 - - [21/Sep/2026:01:07:31 -0400] "GET /controller/api/post.js HTTP/1.1" 200 88699 marketing-online-101.com "-" "Mozilla/5.0 (Windows NT 10.0; Win64; x64) AppleWebKit/537.36 (KHTML, like Gecko) Chrome/116.0.0.0 Safari/537.36" "-"
185.218.86.0 - - [21/Sep/2026:01:07:31 -0400] "GET /my_env/chakaash.py HTTP/1.1" 200 88699 marketing-online-101.com "-" "Mozilla/5.0 (Windows NT 10.0; Win64; x64) AppleWebKit/537.36 (KHTML, like Gecko) Chrome/116.0.0.0 Safari/537.36" "-"
185.218.86.0 - - [21/Sep/2026:01:07:31 -0400] "GET /configs/routes.js HTTP/1.1" 200 88699 marketing-online-101.com "-" "Mozilla/5.0 (Windows NT 10.0; Win64; x64) AppleWebKit/537.36 (KHTML, like Gecko) Chrome/116.0.0.0 Safari/537.36" "-"
185.218.86.0 - - [21/Sep/2026:01:07:31 -0400] "GET /helper.js HTTP/1.1" 200 88699 marketing-online-101.com "-" "Mozilla/5.0 (Windows NT 10.0; Win64; x64) AppleWebKit/537.36 (KHTML, like Gecko) Chrome/116.0.0.0 Safari/537.36" "-"
185.218.86.0 - - [21/Sep/2026:01:07:31 -0400] "GET /index.js HTTP/1.1" 200 88699 marketing-online-101.com "-" "Mozilla/5.0 (Windows NT 10.0; Win64; x64) AppleWebKit/537.36 (KHTML, like Gecko) Chrome/116.0.0.0 Safari/537.36" "-"
185.218.86.0 - - [21/Sep/2026:01:07:31 -0400] "GET /cloud/Scraper.js HTTP/1.1" 200 88699 marketing-online-101.com "-" "Mozilla/5.0 (Windows NT 10.0; Win64; x64) AppleWebKit/537.36 (KHTML, like Gecko) Chrome/116.0.0.0 Safari/537.36" "-"
185.218.86.0 - - [21/Sep/2026:01:07:31 -0400] "GET /getcpuutil.php-bakworking HTTP/1.1" 200 88699 marketing-online-101.com "-" "Mozilla/5.0 (Windows NT 10.0; Win64; x64) AppleWebKit/537.36 (KHTML, like Gecko) Chrome/116.0.0.0 Safari/537.36" "-"
185.218.86.0 - - [21/Sep/2026:01:07:31 -0400] "GET /index.html HTTP/1.1" 200 88699 marketing-online-101.com "-" "Mozilla/5.0 (Windows NT 10.0; Win64; x64) AppleWebKit/537.36 (KHTML, like Gecko) Chrome/116.0.0.0 Safari/537.36" "-"
185.218.86.0 - - [21/Sep/2026:01:07:31 -0400] "GET /controllers/settings.js HTTP/1.1" 200 88699 marketing-online-101.com "-" "Mozilla/5.0 (Windows NT 10.0; Win64; x64) AppleWebKit/537.36 (KHTML, like Gecko) Chrome/116.0.0.0 Safari/537.36" "-"
185.218.86.0 - - [21/Sep/2026:01:07:31 -0400] "GET /configs/s3_config.json HTTP/1.1" 200 88699 marketing-online-101.com "-" "Mozilla/5.0 (Windows NT 10.0; Win64; x64) AppleWebKit/537.36 (KHTML, like Gecko) Chrome/116.0.0.0 Safari/537.36" "-"
185.218.86.0 - - [21/Sep/2026:01:07:31 -0400] "GET /config/application.yml HTTP/1.1" 200 88699 marketing-online-101.com "-" "Mozilla/5.0 (Windows NT 10.0; Win64; x64) AppleWebKit/537.36 (KHTML, like Gecko) Chrome/116.0.0.0 Safari/537.36" "-"
185.218.86.0 - - [21/Sep/2026:01:07:32 -0400] "GET /my_env/newsletter.py HTTP/1.1" 200 88699 marketing-online-101.com "-" "Mozilla/5.0 (Windows NT 10.0; Win64; x64) AppleWebKit/537.36 (KHTML, like Gecko) Chrome/116.0.0.0 Safari/537.36" "-"
185.218.86.0 - - [21/Sep/2026:01:07:32 -0400] "GET /my_env/palash.py HTTP/1.1" 200 88699 marketing-online-101.com "-" "Mozilla/5.0 (Windows NT 10.0; Win64; x64) AppleWebKit/537.36 (KHTML, like Gecko) Chrome/116.0.0.0 Safari/537.36" "-"
185.218.86.0 - - [21/Sep/2026:01:07:33 -0400] "GET /user/controllers/index.js HTTP/1.1" 200 88699 marketing-online-101.com "-" "Mozilla/5.0 (Windows NT 10.0; Win64; x64) AppleWebKit/537.36 (KHTML, like Gecko) Chrome/116.0.0.0 Safari/537.36" "-"
185.218.86.0 - - [21/Sep/2026:01:07:33 -0400] "GET /partner/config/config.js HTTP/1.1" 200 88699 marketing-online-101.com "-" "Mozilla/5.0 (Windows NT 10.0; Win64; x64) AppleWebKit/537.36 (KHTML, like Gecko) Chrome/116.0.0.0 Safari/537.36" "-"
185.218.86.0 - - [21/Sep/2026:01:07:33 -0400] "GET /config/settings.prod HTTP/1.1" 200 88699 marketing-online-101.com "-" "Mozilla/5.0 (Windows NT 10.0; Win64; x64) AppleWebKit/537.36 (KHTML, like Gecko) Chrome/116.0.0.0 Safari/537.36" "-"
185.218.86.0 - - [21/Sep/2026:01:07:33 -0400] "GET /mytest/astech_robot.js HTTP/1.1" 200 88699 marketing-online-101.com "-" "Mozilla/5.0 (Windows NT 10.0; Win64; x64) AppleWebKit/537.36 (KHTML, like Gecko) Chrome/116.0.0.0 Safari/537.36" "-"
185.218.86.0 - - [21/Sep/2026:01:07:33 -0400] "GET /config/parameters.yml HTTP/1.1" 200 88699 marketing-online-101.com "-" "Mozilla/5.0 (Windows NT 10.0; Win64; x64) AppleWebKit/537.36 (KHTML, like Gecko) Chrome/116.0.0.0 Safari/537.36" "-"
185.218.86.0 - - [21/Sep/2026:01:07:33 -0400] "GET /.AWS_/credentials HTTP/1.1" 200 88699 marketing-online-101.com "-" "Mozilla/5.0 (Windows NT 10.0; Win64; x64) AppleWebKit/537.36 (KHTML, like Gecko) Chrome/116.0.0.0 Safari/537.36" "-"
185.218.86.0 - - [21/Sep/2026:01:07:33 -0400] "GET /api/config/config.yml HTTP/1.1" 200 88699 marketing-online-101.com "-" "Mozilla/5.0 (Windows NT 10.0; Win64; x64) AppleWebKit/537.36 (KHTML, like Gecko) Chrome/116.0.0.0 Safari/537.36" "-"
185.218.86.0 - - [21/Sep/2026:01:07:33 -0400] "GET /.circleci/configs/development.yml HTTP/1.1" 200 88699 marketing-online-101.com "-" "Mozilla/5.0 (Windows NT 10.0; Win64; x64) AppleWebKit/537.36 (KHTML, like Gecko) Chrome/116.0.0.0 Safari/537.36" "-"
185.218.86.0 - - [21/Sep/2026:01:07:33 -0400] "GET /backend/config/settings.yml HTTP/1.1" 200 88699 marketing-online-101.com "-" "Mozilla/5.0 (Windows NT 10.0; Win64; x64) AppleWebKit/537.36 (KHTML, like Gecko) Chrome/116.0.0.0 Safari/537.36" "-"
185.218.86.0 - - [21/Sep/2026:01:07:33 -0400] "GET /config/settings.local HTTP/1.1" 200 88699 marketing-online-101.com "-" "Mozilla/5.0 (Windows NT 10.0; Win64; x64) AppleWebKit/537.36 (KHTML, like Gecko) Chrome/116.0.0.0 Safari/537.36" "-"
185.218.86.0 - - [21/Sep/2026:01:07:33 -0400] "GET /config/settings.json HTTP/1.1" 200 88699 marketing-online-101.com "-" "Mozilla/5.0 (Windows NT 10.0; Win64; x64) AppleWebKit/537.36 (KHTML, like Gecko) Chrome/116.0.0.0 Safari/537.36" "-"
185.218.86.0 - - [21/Sep/2026:01:07:33 -0400] "GET /user/config/config.js HTTP/1.1" 200 88699 marketing-online-101.com "-" "Mozilla/5.0 (Windows NT 10.0; Win64; x64) AppleWebKit/537.36 (KHTML, like Gecko) Chrome/116.0.0.0 Safari/537.36" "-"
185.218.86.0 - - [21/Sep/2026:01:07:33 -0400] "GET /app/config/parameters.yml HTTP/1.1" 200 88699 marketing-online-101.com "-" "Mozilla/5.0 (Windows NT 10.0; Win64; x64) AppleWebKit/537.36 (KHTML, like Gecko) Chrome/116.0.0.0 Safari/537.36" "-"
185.218.86.0 - - [21/Sep/2026:01:07:33 -0400] "GET /config/local.yml HTTP/1.1" 200 88699 marketing-online-101.com "-" "Mozilla/5.0 (Windows NT 10.0; Win64; x64) AppleWebKit/537.36 (KHTML, like Gecko) Chrome/116.0.0.0 Safari/537.36" "-"
185.218.86.0 - - [21/Sep/2026:01:07:33 -0400] "GET /admin/config HTTP/1.1" 200 88699 marketing-online-101.com "-" "Mozilla/5.0 (Windows NT 10.0; Win64; x64) AppleWebKit/537.36 (KHTML, like Gecko) Chrome/116.0.0.0 Safari/537.36" "-"
185.218.86.0 - - [21/Sep/2026:01:07:34 -0400] "GET /appsettings.json HTTP/1.1" 200 88699 marketing-online-101.com "-" "Mozilla/5.0 (Windows NT 10.0; Win64; x64) AppleWebKit/537.36 (KHTML, like Gecko) Chrome/116.0.0.0 Safari/537.36" "-"
185.218.86.0 - - [21/Sep/2026:01:07:34 -0400] "GET /.aws/config HTTP/1.1" 200 88699 marketing-online-101.com "-" "Mozilla/5.0 (Windows NT 10.0; Win64; x64) AppleWebKit/537.36 (KHTML, like Gecko) Chrome/116.0.0.0 Safari/537.36" "-"
185.218.86.0 - - [21/Sep/2026:01:07:34 -0400] "GET /s3.js HTTP/1.1" 200 88699 marketing-online-101.com "-" "Mozilla/5.0 (Windows NT 10.0; Win64; x64) AppleWebKit/537.36 (KHTML, like Gecko) Chrome/116.0.0.0 Safari/537.36" "-"
185.218.86.0 - - [21/Sep/2026:01:07:34 -0400] "GET /sms.py HTTP/1.1" 200 88699 marketing-online-101.com "-" "Mozilla/5.0 (Windows NT 10.0; Win64; x64) AppleWebKit/537.36 (KHTML, like Gecko) Chrome/116.0.0.0 Safari/537.36" "-"
185.218.86.0 - - [21/Sep/2026:01:07:34 -0400] "GET /config/config.json HTTP/1.1" 200 88699 marketing-online-101.com "-" "Mozilla/5.0 (Windows NT 10.0; Win64; x64) AppleWebKit/537.36 (KHTML, like Gecko) Chrome/116.0.0.0 Safari/537.36" "-"
185.218.86.0 - - [21/Sep/2026:01:07:34 -0400] "GET /main.yml HTTP/1.1" 200 88699 marketing-online-101.com "-" "Mozilla/5.0 (Windows NT 10.0; Win64; x64) AppleWebKit/537.36 (KHTML, like Gecko) Chrome/116.0.0.0 Safari/537.36" "-"
185.218.86.0 - - [21/Sep/2026:01:07:34 -0400] "GET /.travis.yml HTTP/1.1" 200 88699 marketing-online-101.com "-" "Mozilla/5.0 (Windows NT 10.0; Win64; x64) AppleWebKit/537.36 (KHTML, like Gecko) Chrome/116.0.0.0 Safari/537.36" "-"
185.218.86.0 - - [21/Sep/2026:01:07:34 -0400] "GET /aws.yml HTTP/1.1" 200 88699 marketing-online-101.com "-" "Mozilla/5.0 (Windows NT 10.0; Win64; x64) AppleWebKit/537.36 (KHTML, like Gecko) Chrome/116.0.0.0 Safari/537.36" "-"
185.218.86.0 - - [21/Sep/2026:01:07:34 -0400] "GET /server/s3.js HTTP/1.1" 200 88699 marketing-online-101.com "-" "Mozilla/5.0 (Windows NT 10.0; Win64; x64) AppleWebKit/537.36 (KHTML, like Gecko) Chrome/116.0.0.0 Safari/537.36" "-"
185.218.86.0 - - [21/Sep/2026:01:07:34 -0400] "GET /aws/credentials HTTP/1.1" 200 88699 marketing-online-101.com "-" "Mozilla/5.0 (Windows NT 10.0; Win64; x64) AppleWebKit/537.36 (KHTML, like Gecko) Chrome/116.0.0.0 Safari/537.36" "-"
185.218.86.0 - - [21/Sep/2026:01:07:34 -0400] "GET /helpers/utility.js HTTP/1.1" 200 88699 marketing-online-101.com "-" "Mozilla/5.0 (Windows NT 10.0; Win64; x64) AppleWebKit/537.36 (KHTML, like Gecko) Chrome/116.0.0.0 Safari/537.36" "-"
185.218.86.0 - - [21/Sep/2026:01:07:34 -0400] "GET /debug/default/view HTTP/1.1" 200 88699 marketing-online-101.com "-" "Mozilla/5.0 (Windows NT 10.0; Win64; x64) AppleWebKit/537.36 (KHTML, like Gecko) Chrome/116.0.0.0 Safari/537.36" "-"
103.154.49.0 - - [21/Sep/2026:01:07:37 -0400] "GET /wp-login.php HTTP/1.1" 200 88702 marketing-online-101.com "http://marketing-online-101.com" "Mozilla/5.0 (Macintosh; Intel Mac OS X 10_15_6) AppleWebKit/537.36 (KHTML, like Gecko) Chrome/84.0.4147.105 Safari/537.36" "-"
114.119.138.0 - - [21/Sep/2026:01:07:52 -0400] "GET /detail/7d43066648 HTTP/1.1" 404 86905 yahia.ws "http://yahia.ws?sitemap-7.xml" "Mozilla/5.0 (Linux; Android 7.0;) AppleWebKit/537.36 (HTML, like Gecko) Mobile Safari/537.36 (compatible; PetalBot;+https://webmaster.petalsearch.com/site/petalbot)" "-"
2607:f1c0:500:: - - [21/Sep/2026:01:07:53 -0400] "POST /wp-cron.php?doing_wp_cron=1789967273.2303628921508789062500 HTTP/1.1" 200 - yahia.ws "-" "WordPress/6.6.8; http://yahia.ws" "-"
114.119.143.0 - - [21/Sep/2026:01:07:54 -0400] "GET /?p=712 HTTP/1.1" 200 88700 marketing-online-101.com "http://marketing-online-101.com/?p=4788" "Mozilla/5.0 (Linux; Android 7.0;) AppleWebKit/537.36 (HTML, like Gecko) Mobile Safari/537.36 (compatible; PetalBot;+https://webmaster.petalsearch.com/site/petalbot)" "-"
213.180.203.0 - - [21/Sep/2026:01:08:34 -0400] "GET /robots.txt HTTP/1.1" 429 267 dosclub.com "-" "Mozilla/5.0 (compatible; YandexBot/3.0; +http://yandex.com/bots)" "-"
66.249.79.0 - - [21/Sep/2026:01:08:57 -0400] "GET /items/S232003069/ HTTP/1.1" 200 175936 yahia.ws "-" "Mozilla/5.0 (Linux; Android 6.0.1; Nexus 5X Build/MMB29P) AppleWebKit/537.36 (KHTML, like Gecko) Chrome/153.0.8010.47 Mobile Safari/537.36 (compatible; Googlebot/2.1; +http://www.google.com/bot.html)" "-"
114.119.129.0 - - [21/Sep/2026:01:09:11 -0400] "GET /financial-tips/car-buyer-tips/comment-page-1?unapproved=12189&moderation-hash=7f1bab7d05ddd8aff05e89df25e9c4c7 HTTP/1.1" 500 - dosclub.com "http://bighairproductions.net/blog/hello-world?unapproved=16147&moderation-hash=224654792a247c03318307147cfae3fc" "Mozilla/5.0 (Linux; Android 7.0;) AppleWebKit/537.36 (HTML, like Gecko) Mobile Safari/537.36 (compatible; PetalBot;+https://webmaster.petalsearch.com/site/petalbot)" "-"
2607:f1c0:500:: - - [21/Sep/2026:01:09:17 -0400] "POST /wp-cron.php?doing_wp_cron=1789967357.7262129783630371093750 HTTP/1.1" 200 - yahia.ws "-" "WordPress/6.6.8; http://yahia.ws" "-"
114.119.135.0 - - [21/Sep/2026:01:09:17 -0400] "GET /detail/7ae4087529 HTTP/1.1" 404 86905 yahia.ws "http://yahia.ws?sitemap-8.xml" "Mozilla/5.0 (Linux; Android 7.0;) AppleWebKit/537.36 (HTML, like Gecko) Mobile Safari/537.36 (compatible; PetalBot;+https://webmaster.petalsearch.com/site/petalbot)" "-"
114.119.144.0 - - [21/Sep/2026:01:09:18 -0400] "GET /?p=7091 HTTP/1.1" 200 88700 marketing-online-101.com "http://marketing-online-101.com/2017/05/05/nika-casino-online-login/2" "Mozilla/5.0 (Linux; Android 7.0;) AppleWebKit/537.36 (HTML, like Gecko) Mobile Safari/537.36 (compatible; PetalBot;+https://webmaster.petalsearch.com/site/petalbot)" "-"
2607:f1c0:500:: - - [21/Sep/2026:01:09:36 -0400] "POST /wp-cron.php?doing_wp_cron=1789967376.9804949760437011718750 HTTP/1.1" 200 - yahia.ws "-" "WordPress/6.6.8; http://yahia.ws" "-"
44.223.115.0 - - [21/Sep/2026:01:09:36 -0400] "GET /wp-json/oembed/1.0/embed?format=xml&url=http://yahia.ws/dove-si-trovano-le-slot-machine-a-gettoni-vicino-a-me/ HTTP/1.1" 200 2308 yahia.ws "-" "Mozilla/5.0 AppleWebKit/537.36 (KHTML, like Gecko; compatible; Amazonbot/0.1; +https://developer.amazon.com/support/amazonbot) Chrome/119.0.6045.214 Safari/537.36" "-"
34.225.138.0 - - [21/Sep/2026:01:09:40 -0400] "GET /wp-json/wp/v2/posts/107 HTTP/1.1" 200 6171 yahia.ws "-" "Mozilla/5.0 AppleWebKit/537.36 (KHTML, like Gecko; compatible; Amazonbot/0.1; +https://developer.amazon.com/support/amazonbot) Chrome/119.0.6045.214 Safari/537.36" "-"
160.250.130.0 - - [21/Sep/2026:01:09:59 -0400] "GET /wp-login.php HTTP/1.1" 200 88704 marketing-online-101.com "-" "Mozilla/5.0 (X11; Linux x86_64) AppleWebKit/537.36 (KHTML, like Gecko) Chrome/147.0.0.0 Safari/537.36" "-"
160.250.130.0 - - [21/Sep/2026:01:10:11 -0400] "POST /wp-login.php HTTP/1.1" 200 88704 marketing-online-101.com "http://marketing-online-101.com/wp-login.php" "Mozilla/5.0 (X11; Linux x86_64) AppleWebKit/537.36 (KHTML, like Gecko) Chrome/147.0.0.0 Safari/537.36" "-"
160.250.130.0 - - [21/Sep/2026:01:10:11 -0400] "GET /wp-json/wp/v2/users/me HTTP/1.1" 200 88701 marketing-online-101.com "-" "Mozilla/5.0 (X11; Linux x86_64) AppleWebKit/537.36 (KHTML, like Gecko) Chrome/147.0.0.0 Safari/537.36" "-"
43.130.47.0 - - [21/Sep/2026:01:10:18 -0400] "GET /7656-2 HTTP/1.1" 500 - dosclub.com "-" "Mozilla/5.0 (Windows NT 10.0; Win64; x64) AppleWebKit/537.36 (KHTML, like Gecko) Chrome/148.0.0.0 Safari/537.36" "-"
112.86.225.0 - - [21/Sep/2026:01:10:20 -0400] "GET /7656-2 HTTP/1.1" 500 - dosclub.com "-" "Sogou web spider/4.0(+http://www.sogou.com/docs/help/webmasters.htm#07)" "-"
213.180.203.0 - - [21/Sep/2026:01:10:34 -0400] "GET /robots.txt HTTP/1.1" 429 267 dosclub.com "-" "Mozilla/5.0 (compatible; YandexBot/3.0; +http://yandex.com/bots)" "-"
2607:f1c0:500:: - - [21/Sep/2026:01:10:40 -0400] "POST /wp-cron.php?doing_wp_cron=1789967440.9874920845031738281250 HTTP/1.1" 200 - yahia.ws "-" "WordPress/6.6.8; http://yahia.ws" "-"
114.119.132.0 - - [21/Sep/2026:01:10:40 -0400] "GET /detail/7ab53648 HTTP/1.1" 404 86893 yahia.ws "http://yahia.ws?sitemap-9.xml" "Mozilla/5.0 (Linux; Android 7.0;) AppleWebKit/537.36 (HTML, like Gecko) Mobile Safari/537.36 (compatible; PetalBot;+https://webmaster.petalsearch.com/site/petalbot)" "-"
114.119.161.0 - - [21/Sep/2026:01:10:42 -0400] "GET /?p=7075 HTTP/1.1" 200 88701 marketing-online-101.com "http://marketing-online-101.com/2017/05/05/mr-mega-casino-online-login/2" "Mozilla/5.0 (Linux; Android 7.0;) AppleWebKit/537.36 (HTML, like Gecko) Mobile Safari/537.36 (compatible; PetalBot;+https://webmaster.petalsearch.com/site/petalbot)" "-"
72.14.199.0 - - [21/Sep/2026:01:10:51 -0400] "GET /google707110e6596b3efd.html HTTP/1.1" 200 52 dosclub.com "-" "Mozilla/5.0 (compatible; Google-Site-Verification/1.0)" "-"
72.14.199.0 - - [21/Sep/2026:01:10:51 -0400] "GET /google9e0d88813756959b.html HTTP/1.1" 500 - dosclub.com "-" "Mozilla/5.0 (compatible; Google-Site-Verification/1.0)" "-"
43.166.219.0 - - [21/Sep/2026:01:11:18 -0400] "GET /about2 HTTP/1.1" 500 - dosclub.com "-" "Mozilla/5.0 (Windows NT 10.0; Win64; x64) AppleWebKit/537.36 (KHTML, like Gecko) Chrome/148.0.0.0 Safari/537.36" "-"
66.249.79.0 - - [21/Sep/2026:01:11:20 -0400] "GET /detail/3a15050813 HTTP/1.1" 200 174437 yahia.ws "-" "Mozilla/5.0 (Linux; Android 6.0.1; Nexus 5X Build/MMB29P) AppleWebKit/537.36 (KHTML, like Gecko) Chrome/153.0.8010.47 Mobile Safari/537.36 (compatible; Googlebot/2.1; +http://www.google.com/bot.html)" "-"
72.14.199.0 - - [21/Sep/2026:01:11:51 -0400] "GET /google9e0d88813756959b.html HTTP/1.1" 500 - dosclub.com "-" "Mozilla/5.0 (compatible; Google-Site-Verification/1.0)" "-"
66.249.79.0 - - [21/Sep/2026:01:11:53 -0400] "GET /cate-103-121 HTTP/1.1" 200 181435 yahia.ws "-" "Mozilla/5.0 (Linux; Android 6.0.1; Nexus 5X Build/MMB29P) AppleWebKit/537.36 (KHTML, like Gecko) Chrome/153.0.8010.47 Mobile Safari/537.36 (compatible; Googlebot/2.1; +http://www.google.com/bot.html)" "-"
52.167.144.0 - - [21/Sep/2026:01:11:58 -0400] "GET /detail/6d43369521 HTTP/1.1" 200 176170 yahia.ws "-" "Mozilla/5.0 AppleWebKit/537.36 (KHTML, like Gecko; compatible; bingbot/2.0; +http://www.bing.com/bingbot.htm) Chrome/116.0.1938.76 Safari/537.36" "-"
2607:f1c0:500:: - - [21/Sep/2026:01:12:04 -0400] "POST /wp-cron.php?doing_wp_cron=1789967524.9288530349731445312500 HTTP/1.1" 200 - yahia.ws "-" "WordPress/6.6.8; http://yahia.ws" "-"
114.119.135.0 - - [21/Sep/2026:01:12:04 -0400] "GET /detail/7a94245241 HTTP/1.1" 404 86905 yahia.ws "http://yahia.ws/sitemap6.xml" "Mozilla/5.0 (Linux; Android 7.0;) AppleWebKit/537.36 (HTML, like Gecko) Mobile Safari/537.36 (compatible; PetalBot;+https://webmaster.petalsearch.com/site/petalbot)" "-"
114.119.133.0 - - [21/Sep/2026:01:12:05 -0400] "GET /?p=6990 HTTP/1.1" 200 88700 marketing-online-101.com "http://marketing-online-101.com/?p=7376" "Mozilla/5.0 (Linux; Android 7.0;) AppleWebKit/537.36 (HTML, like Gecko) Mobile Safari/537.36 (compatible; PetalBot;+https://webmaster.petalsearch.com/site/petalbot)" "-"
95.108.213.0 - - [21/Sep/2026:01:12:34 -0400] "GET /robots.txt HTTP/1.1" 429 267 dosclub.com "-" "Mozilla/5.0 (compatible; YandexBot/3.0; +http://yandex.com/bots)" "-"
165.101.65.0 - - [21/Sep/2026:01:12:44 -0400] "GET /2026/07/03/consejos-para-apostadores-con-bankroll-limitado-en-la-serie-a/ HTTP/1.1" 200 88699 marketing-online-101.com "http://marketing-online-101.com/" "Mozilla/5.0 (Windows NT 10.0; Win64; x64; rv:109.0) Gecko/20100101 Firefox/121.0" "-"
165.101.65.0 - - [21/Sep/2026:01:12:47 -0400] "GET /2026/07/03/consejos-para-apostadores-con-bankroll-limitado-en-la-serie-a/?lokasie=/homepages/18/d194259149/htdocs/marketing-online-101/wordpress/wp-login.php&loknya=/homepages/18/d194259149/htdocs/marketing-online-101/wordpress HTTP/1.1" 200 66662 marketing-online-101.com "http://marketing-online-101.com/2026/07/03/consejos-para-apostadores-con-bankroll-limitado-en-la-serie-a/" "Mozilla/5.0 (Windows NT 6.3; Win64; x64) AppleWebKit/537.36 (KHTML, like Gecko) Chrome/103.0.0.0 Safari/537.36" "-"
49.13.174.0 - - [21/Sep/2026:01:12:52 -0400] "GET /2017/05/05/dabble-review-the-social-media-approach-to-australian-betting/ HTTP/1.1" 200 88697 marketing-online-101.com "http://marketing-online-101.com/" "Mozilla/5.0 (X11; Ubuntu; Linux x86_64; rv:138.0) Gecko/20100101 Firefox/138.0" "-"
72.14.199.0 - - [21/Sep/2026:01:12:52 -0400] "GET /google9e0d88813756959b.html HTTP/1.1" 500 - dosclub.com "-" "Mozilla/5.0 (compatible; Google-Site-Verification/1.0)" "-"
51.81.111.0 - - [21/Sep/2026:01:12:57 -0400] "GET /?feed=xmlsitemap2 HTTP/1.1" 500 - dosclub.com "-" "Mozilla/5.0 (compatible; AhrefsBot/7.0; +http://ahrefs.com/robot/)" "-"
158.173.67.0 - - [21/Sep/2026:01:13:22 -0400] "GET /best-casino-bonus-codes/ HTTP/1.1" 200 91991 yahia.ws "http://yahia.ws/" "Mozilla/5.0 (Windows NT 10.0; Win64; x64) AppleWebKit/537.36 (KHTML, like Gecko) Chrome/134.0.0.0 Safari/537.36 Edg/134.0.0.0" "-"
15.207.248.0 - - [21/Sep/2026:01:13:22 -0400] "GET /wp-admin/css/ HTTP/1.1" 403 130964 www.dosclub.com "binance.com" "Mozilla/5.0 (Windows NT 10.0; Win64; x64) AppleWebKit/537.36 (KHTML, like Gecko) Chrome/90.0.4430.85 Safari/537.36" "-"
2607:f1c0:500:: - - [21/Sep/2026:01:13:23 -0400] "POST /wp-cron.php?doing_wp_cron=1789967603.5453569889068603515625 HTTP/1.1" 200 - yahia.ws "-" "WordPress/6.6.8; http://yahia.ws" "-"
114.119.135.0 - - [21/Sep/2026:01:13:27 -0400] "GET /detail/7793791859 HTTP/1.1" 404 86905 yahia.ws "http://yahia.ws?sitemap-10.xml" "Mozilla/5.0 (Linux; Android 7.0;) AppleWebKit/537.36 (HTML, like Gecko) Mobile Safari/537.36 (compatible; PetalBot;+https://webmaster.petalsearch.com/site/petalbot)" "-"
114.119.149.0 - - [21/Sep/2026:01:13:29 -0400] "GET /?p=6950 HTTP/1.1" 200 88700 marketing-online-101.com "http://marketing-online-101.com/?p=7039" "Mozilla/5.0 (Linux; Android 7.0;) AppleWebKit/537.36 (HTML, like Gecko) Mobile Safari/537.36 (compatible; PetalBot;+https://webmaster.petalsearch.com/site/petalbot)" "-"
52.167.144.0 - - [21/Sep/2026:01:13:51 -0400] "GET /detail/0f3416408 HTTP/1.1" 200 180988 www.yahia.ws "-" "Mozilla/5.0 AppleWebKit/537.36 (KHTML, like Gecko; compatible; bingbot/2.0; +http://www.bing.com/bingbot.htm) Chrome/116.0.1938.76 Safari/537.36" "-"
72.14.199.0 - - [21/Sep/2026:01:13:52 -0400] "GET /google9e0d88813756959b.html HTTP/1.1" 500 - dosclub.com "-" "Mozilla/5.0 (compatible; Google-Site-Verification/1.0)" "-"
158.173.241.0 - - [21/Sep/2026:01:14:30 -0400] "GET /2026/07/15/pruvodce-pro-uplne-zacatecniky-jak-zacit-hrat-online/ HTTP/1.1" 200 88701 marketing-online-101.com "http://marketing-online-101.com/" "Mozilla/5.0 (Windows NT 10.0; Win64; x64; rv:151.0) Gecko/20100101 Firefox/151.0" "-"
5.255.231.0 - - [21/Sep/2026:01:14:34 -0400] "GET /robots.txt HTTP/1.1" 429 267 dosclub.com "-" "Mozilla/5.0 (compatible; YandexBot/3.0; +http://yandex.com/bots)" "-"
95.108.213.0 - - [21/Sep/2026:01:14:35 -0400] "GET /no-cost-income-systems/salespage-ncis2.html HTTP/1.1" 429 267 dosclub.com "-" "Mozilla/5.0 (compatible; YandexBot/3.0; +http://yandex.com/bots)" "-"
2607:f1c0:500:: - - [21/Sep/2026:01:14:39 -0400] "POST /wp-cron.php?doing_wp_cron=1789967679.9425220489501953125000 HTTP/1.1" 200 - yahia.ws "-" "WordPress/6.6.8; http://yahia.ws" "-"
95.216.2.0 - - [21/Sep/2026:01:14:39 -0400] "GET /hay-algun-sitio-donde-pueda-descargar-un-casino-virtual-gratis/ HTTP/1.1" 200 93271 yahia.ws "http://yahia.ws/" "Mozilla/5.0 (Windows NT 10.0; Win64; x64) AppleWebKit/537.36 (KHTML, like Gecko) Chrome/142.0.0.0 Safari/537.36" "-"
42.114.204.0 - - [21/Sep/2026:01:14:49 -0400] "GET /2026/09/04/casino-en-linea-mejor-bono-de-deposito-en-es-2026/ HTTP/1.1" 200 88700 marketing-online-101.com "http://marketing-online-101.com/" "Mozilla/5.0 (Linux; Android 10; K) AppleWebKit/537.36 (KHTML, like Gecko) Chrome/148.0.0.0 Mobile Safari/537.36" "-"
114.119.135.0 - - [21/Sep/2026:01:14:51 -0400] "GET /detail/7764451620 HTTP/1.1" 404 86905 yahia.ws "http://yahia.ws?sitemap-9.xml" "Mozilla/5.0 (Linux; Android 7.0;) AppleWebKit/537.36 (HTML, like Gecko) Mobile Safari/537.36 (compatible; PetalBot;+https://webmaster.petalsearch.com/site/petalbot)" "-"
114.119.143.0 - - [21/Sep/2026:01:14:53 -0400] "GET /?p=6798 HTTP/1.1" 200 88700 marketing-online-101.com "http://marketing-online-101.com/2017/05/05/fortunejack-casino-bonus-codes-for-free-spins-2026/" "Mozilla/5.0 (Linux; Android 7.0;) AppleWebKit/537.36 (HTML, like Gecko) Mobile Safari/537.36 (compatible; PetalBot;+https://webmaster.petalsearch.com/site/petalbot)" "-"
42.114.204.0 - - [21/Sep/2026:01:14:55 -0400] "GET /2026/09/04/casino-en-linea-mejor-bono-de-deposito-en-es-2026/?lokasie=/homepages/18/d194259149/htdocs/marketing-online-101/wordpress/wp-login.php&loknya=/homepages/18/d194259149/htdocs/marketing-online-101/wordpress HTTP/1.1" 200 66663 marketing-online-101.com "http://marketing-online-101.com/2026/09/04/casino-en-linea-mejor-bono-de-deposito-en-es-2026/" "Mozilla/5.0 (Windows NT 6.3; Win64; x64) AppleWebKit/537.36 (KHTML, like Gecko) Chrome/103.0.0.0 Safari/537.36" "-"
40.77.167.0 - - [21/Sep/2026:01:15:59 -0400] "GET /detail/2d94015886 HTTP/1.1" 200 176972 yahia.ws "-" "Mozilla/5.0 AppleWebKit/537.36 (KHTML, like Gecko; compatible; bingbot/2.0; +http://www.bing.com/bingbot.htm) Chrome/116.0.1938.76 Safari/537.36" "-"
52.167.144.0 - - [21/Sep/2026:01:16:05 -0400] "GET /detail/0ec6040953 HTTP/1.1" 200 179162 yahia.ws "-" "Mozilla/5.0 AppleWebKit/537.36 (KHTML, like Gecko; compatible; bingbot/2.0; +http://www.bing.com/bingbot.htm) Chrome/116.0.1938.76 Safari/537.36" "-"
52.167.144.0 - - [21/Sep/2026:01:16:06 -0400] "GET /detail/a9a4309903 HTTP/1.1" 200 174295 yahia.ws "-" "Mozilla/5.0 AppleWebKit/537.36 (KHTML, like Gecko; compatible; bingbot/2.0; +http://www.bing.com/bingbot.htm) Chrome/116.0.1938.76 Safari/537.36" "-"
52.167.144.0 - - [21/Sep/2026:01:16:10 -0400] "GET /detail/0584619329 HTTP/1.1" 200 178731 www.yahia.ws "-" "Mozilla/5.0 AppleWebKit/537.36 (KHTML, like Gecko; compatible; bingbot/2.0; +http://www.bing.com/bingbot.htm) Chrome/116.0.1938.76 Safari/537.36" "-"
2607:f1c0:500:: - - [21/Sep/2026:01:16:15 -0400] "POST /wp-cron.php?doing_wp_cron=1789967775.9213380813598632812500 HTTP/1.1" 200 - yahia.ws "-" "WordPress/6.6.8; http://yahia.ws" "-"
114.119.138.0 - - [21/Sep/2026:01:16:15 -0400] "GET /detail/7631641050 HTTP/1.1" 404 86905 yahia.ws "http://yahia.ws?sitemap.xml" "Mozilla/5.0 (Linux; Android 7.0;) AppleWebKit/537.36 (HTML, like Gecko) Mobile Safari/537.36 (compatible; PetalBot;+https://webmaster.petalsearch.com/site/petalbot)" "-"
114.119.141.0 - - [21/Sep/2026:01:16:18 -0400] "GET /?p=6792 HTTP/1.1" 200 88700 marketing-online-101.com "http://marketing-online-101.com/2017/05/05/casinok-casino-no-deposit-bonus-2026/" "Mozilla/5.0 (Linux; Android 7.0;) AppleWebKit/537.36 (HTML, like Gecko) Mobile Safari/537.36 (compatible; PetalBot;+https://webmaster.petalsearch.com/site/petalbot)" "-"
213.180.203.0 - - [21/Sep/2026:01:16:34 -0400] "GET /robots.txt HTTP/1.1" 429 267 dosclub.com "-" "Mozilla/5.0 (compatible; YandexBot/3.0; +http://yandex.com/bots)" "-"
43.165.198.0 - - [21/Sep/2026:01:17:16 -0400] "GET /far/wordpress/ HTTP/1.1" 200 22664 fomt.biz "http://far.fomt.biz" "Mozilla/5.0 (iPhone; CPU iPhone OS 13_2_3 like Mac OS X) AppleWebKit/605.1.15 (KHTML, like Gecko) Version/13.0.3 Mobile/15E148 Safari/604.1" "-"
2607:f1c0:500:: - - [21/Sep/2026:01:17:41 -0400] "POST /wp-cron.php?doing_wp_cron=1789967861.8482289314270019531250 HTTP/1.1" 200 - yahia.ws "-" "WordPress/6.6.8; http://yahia.ws" "-"
114.119.138.0 - - [21/Sep/2026:01:17:41 -0400] "GET /detail/75b3464983 HTTP/1.1" 404 86905 yahia.ws "http://yahia.ws?sitemap.xml" "Mozilla/5.0 (Linux; Android 7.0;) AppleWebKit/537.36 (HTML, like Gecko) Mobile Safari/537.36 (compatible; PetalBot;+https://webmaster.petalsearch.com/site/petalbot)" "-"
114.119.143.0 - - [21/Sep/2026:01:17:41 -0400] "GET /?p=676 HTTP/1.1" 200 88700 marketing-online-101.com "http://marketing-online-101.com/?p=5367" "Mozilla/5.0 (Linux; Android 7.0;) AppleWebKit/537.36 (HTML, like Gecko) Mobile Safari/537.36 (compatible; PetalBot;+https://webmaster.petalsearch.com/site/petalbot)" "-"
148.224.10.0 - - [21/Sep/2026:01:18:21 -0400] "GET /2026/09/04/que-juegos-de-casino-movil-son-buenos-en-es-2026/2 HTTP/1.1" 200 88699 marketing-online-101.com "http://marketing-online-101.com" "Mozilla/5.0 (Windows NT 10.0; Win64; x64) AppleWebKit/537.36 (KHTML, like Gecko) Chrome/145.0.0.0 Safari/537.36 Edg/145.0.0.0" "-"
103.154.49.0 - - [21/Sep/2026:01:18:39 -0400] "GET /wp-login.php HTTP/1.1" 200 88702 marketing-online-101.com "http://marketing-online-101.com" "Mozilla/5.0 (Windows NT 10.0; Win64; x64; rv:74.0) Gecko/20100101 Firefox/74.0" "-"
114.119.135.0 - - [21/Sep/2026:01:19:02 -0400] "GET /detail/7332385888 HTTP/1.1" 404 86905 yahia.ws "http://yahia.ws/sitemap5.xml" "Mozilla/5.0 (Linux; Android 7.0;) AppleWebKit/537.36 (HTML, like Gecko) Mobile Safari/537.36 (compatible; PetalBot;+https://webmaster.petalsearch.com/site/petalbot)" "-"
2607:f1c0:500:: - - [21/Sep/2026:01:19:03 -0400] "POST /wp-cron.php?doing_wp_cron=1789967943.4152750968933105468750 HTTP/1.1" 200 - yahia.ws "-" "WordPress/6.6.8; http://yahia.ws" "-"
114.119.144.0 - - [21/Sep/2026:01:19:04 -0400] "GET /?p=673 HTTP/1.1" 200 88700 marketing-online-101.com "http://marketing-online-101.com/?p=697" "Mozilla/5.0 (Linux; Android 7.0;) AppleWebKit/537.36 (HTML, like Gecko) Mobile Safari/537.36 (compatible; PetalBot;+https://webmaster.petalsearch.com/site/petalbot)" "-"
113.190.202.0 - - [21/Sep/2026:01:19:12 -0400] "GET /2026/06/21/zertifiziertes-casino-paypal-startguthaben-ohne-einzahlung-2026/ HTTP/1.1" 200 88701 marketing-online-101.com "http://marketing-online-101.com/" "Mozilla/5.0 (Windows NT 10.0; Win64; x64) AppleWebKit/537.36 (KHTML, like Gecko) Chrome/131.0.0.0 Safari/537.36" "-"
113.190.202.0 - - [21/Sep/2026:01:19:14 -0400] "GET /2026/06/21/zertifiziertes-casino-paypal-startguthaben-ohne-einzahlung-2026/?lokasie=/homepages/18/d194259149/htdocs/marketing-online-101/wordpress/.htaccess&loknya=/homepages/18/d194259149/htdocs/marketing-online-101/wordpress HTTP/1.1" 200 4926 marketing-online-101.com "http://marketing-online-101.com/2026/06/21/zertifiziertes-casino-paypal-startguthaben-ohne-einzahlung-2026/" "Mozilla/5.0 (Windows NT 10.0; Win64; x64) AppleWebKit/537.36 (KHTML, like Gecko) Chrome/131.0.0.0 Safari/537.36" "-"
185.198.240.0 - - [21/Sep/2026:01:20:03 -0400] "GET / HTTP/1.1" 200 88700 marketing-online-101.com "-" "Mozilla/5.0 (Windows NT 10.0; Win64; x64) AppleWebKit/537.36 (KHTML, like Gecko) Chrome/126.0.0.0 Safari/537.36" "-"
185.198.240.0 - - [21/Sep/2026:01:20:03 -0400] "GET /wp-json/ HTTP/1.1" 200 88700 marketing-online-101.com "-" "Mozilla/5.0 (Windows NT 10.0; Win64; x64) AppleWebKit/537.36 (KHTML, like Gecko) Chrome/126.0.0.0 Safari/537.36" "-"
185.198.240.0 - - [21/Sep/2026:01:20:04 -0400] "POST /wp-admin/admin-ajax.php HTTP/1.1" 200 164350 marketing-online-101.com "-" "Mozilla/5.0 (Windows NT 10.0; Win64; x64) AppleWebKit/537.36 (KHTML, like Gecko) Chrome/126.0.0.0 Safari/537.36" "-"
114.119.133.0 - - [21/Sep/2026:01:19:56 -0400] "GET / HTTP/1.1" 200 22645 fomt.biz "http://fomt.biz/" "Mozilla/5.0 (Linux; Android 7.0;) AppleWebKit/537.36 (HTML, like Gecko) Mobile Safari/537.36 (compatible; PetalBot;+https://webmaster.petalsearch.com/site/petalbot)" "-"
2607:f1c0:500:: - - [21/Sep/2026:01:20:35 -0400] "POST /wp-cron.php?doing_wp_cron=1789968035.9413549900054931640625 HTTP/1.1" 200 - yahia.ws "-" "WordPress/6.6.8; http://yahia.ws" "-"
136.243.220.0 - - [21/Sep/2026:01:20:35 -0400] "GET /detail/81798395 HTTP/1.1" 404 86893 yahia.ws "-" "Mozilla/5.0 (compatible; DataForSeoBot/1.0; +https://dataforseo.com/dataforseo-bot)" "-"
95.108.213.0 - - [21/Sep/2026:01:20:35 -0400] "GET /robots.txt HTTP/1.1" 429 267 dosclub.com "-" "Mozilla/5.0 (compatible; YandexBot/3.0; +http://yandex.com/bots)" "-"
114.119.138.0 - - [21/Sep/2026:01:20:38 -0400] "GET /detail/715310041 HTTP/1.1" 404 86899 yahia.ws "http://yahia.ws?sitemap-12.xml" "Mozilla/5.0 (Linux; Android 7.0;) AppleWebKit/537.36 (HTML, like Gecko) Mobile Safari/537.36 (compatible; PetalBot;+https://webmaster.petalsearch.com/site/petalbot)" "-"
136.243.220.0 - - [21/Sep/2026:01:20:53 -0400] "GET /detail/6e11685773 HTTP/1.1" 404 86905 yahia.ws "-" "Mozilla/5.0 (compatible; DataForSeoBot/1.0; +https://dataforseo.com/dataforseo-bot)" "-"
114.119.133.0 - - [21/Sep/2026:01:21:09 -0400] "GET /?p=666 HTTP/1.1" 200 88700 marketing-online-101.com "http://marketing-online-101.com/2017/05/05/iwild-casino-bonus-codes-for-free-spins-2026/2" "Mozilla/5.0 (Linux; Android 7.0;) AppleWebKit/537.36 (HTML, like Gecko) Mobile Safari/537.36 (compatible; PetalBot;+https://webmaster.petalsearch.com/site/petalbot)" "-"
136.243.220.0 - - [21/Sep/2026:01:21:10 -0400] "GET /detail/1981303102 HTTP/1.1" 404 86905 yahia.ws "-" "Mozilla/5.0 (compatible; DataForSeoBot/1.0; +https://dataforseo.com/dataforseo-bot)" "-"
147.90.209.0 - - [21/Sep/2026:01:21:11 -0400] "GET /spielautomaten-gratis-spielen-ohne-anmeldung-2026/ HTTP/1.1" 200 96287 yahia.ws "http://yahia.ws/" "Mozilla/5.0 (Windows NT 10.0; Win64; x64; rv:135.0) Gecko/20100101 Firefox/135.0" "-"
136.243.220.0 - - [21/Sep/2026:01:21:26 -0400] "GET /detail/9371606402 HTTP/1.1" 404 86905 yahia.ws "-" "Mozilla/5.0 (compatible; DataForSeoBot/1.0; +https://dataforseo.com/dataforseo-bot)" "-"
136.243.220.0 - - [21/Sep/2026:01:21:43 -0400] "GET /detail/18a3117609 HTTP/1.1" 404 86905 yahia.ws "-" "Mozilla/5.0 (compatible; DataForSeoBot/1.0; +https://dataforseo.com/dataforseo-bot)" "-"
2607:f1c0:500:: - - [21/Sep/2026:01:21:44 -0400] "POST /wp-cron.php?doing_wp_cron=1789968104.8014109134674072265625 HTTP/1.1" 200 - yahia.ws "-" "WordPress/6.6.8; http://yahia.ws" "-"
114.119.135.0 - - [21/Sep/2026:01:22:05 -0400] "GET /detail/70f2671450 HTTP/1.1" 404 86905 yahia.ws "http://yahia.ws/sitemap2.xml" "Mozilla/5.0 (Linux; Android 7.0;) AppleWebKit/537.36 (HTML, like Gecko) Mobile Safari/537.36 (compatible; PetalBot;+https://webmaster.petalsearch.com/site/petalbot)" "-"
114.119.161.0 - - [21/Sep/2026:01:22:25 -0400] "GET /?p=6636 HTTP/1.1" 200 88701 marketing-online-101.com "http://marketing-online-101.com/?p=6868" "Mozilla/5.0 (Linux; Android 7.0;) AppleWebKit/537.36 (HTML, like Gecko) Mobile Safari/537.36 (compatible; PetalBot;+https://webmaster.petalsearch.com/site/petalbot)" "-"
136.243.220.0 - - [21/Sep/2026:01:22:34 -0400] "GET /detail/5113002707 HTTP/1.1" 404 86905 yahia.ws "-" "Mozilla/5.0 (compatible; DataForSeoBot/1.0; +https://dataforseo.com/dataforseo-bot)" "-"
2607:f1c0:500:: - - [21/Sep/2026:01:22:35 -0400] "POST /wp-cron.php?doing_wp_cron=1789968155.7586579322814941406250 HTTP/1.1" 200 - yahia.ws "-" "WordPress/6.6.8; http://yahia.ws" "-"
23.158.233.0 - - [21/Sep/2026:01:22:47 -0400] "GET /mejor-casino-electronico-con-paypal-en-linea/ HTTP/1.1" 200 93246 yahia.ws "http://yahia.ws/" "Mozilla/5.0 (Macintosh; Intel Mac OS X 10.15; rv:138.0) Gecko/20100101 Firefox/138.0" "-"
124.122.141.0 - - [21/Sep/2026:01:22:48 -0400] "GET /make-money-online-products-review/one-week-makreting-plan-review/2 HTTP/1.1" 200 88701 marketing-online-101.com "-" "Mozilla/5.0 (Android 11; Mobile; rv:152.0) Gecko/152.0 Firefox/152.0" "-"
136.243.220.0 - - [21/Sep/2026:01:22:53 -0400] "GET /detail/97d197578 HTTP/1.1" 404 86899 yahia.ws "-" "Mozilla/5.0 (compatible; DataForSeoBot/1.0; +https://dataforseo.com/dataforseo-bot)" "-"
23.158.233.0 - - [21/Sep/2026:01:22:57 -0400] "GET /mejor-casino-electronico-con-paypal-en-linea/ HTTP/1.1" 200 173883 yahia.ws "-" "Mozilla/5.0 (compatible; Googlebot/2.1; +http://www.google.com/bot.html)" "-"
136.243.220.0 - - [21/Sep/2026:01:23:10 -0400] "GET /detail/9e13679187 HTTP/1.1" 404 86905 yahia.ws "-" "Mozilla/5.0 (compatible; DataForSeoBot/1.0; +https://dataforseo.com/dataforseo-bot)" "-"
114.119.135.0 - - [21/Sep/2026:01:23:13 -0400] "GET /detail/6f5726494 HTTP/1.1" 404 86899 yahia.ws "http://yahia.ws?sitemap-8.xml" "Mozilla/5.0 (Linux; Android 7.0;) AppleWebKit/537.36 (HTML, like Gecko) Mobile Safari/537.36 (compatible; PetalBot;+https://webmaster.petalsearch.com/site/petalbot)" "-"
136.243.220.0 - - [21/Sep/2026:01:23:27 -0400] "GET /detail/d012635031 HTTP/1.1" 404 86905 yahia.ws "-" "Mozilla/5.0 (compatible; DataForSeoBot/1.0; +https://dataforseo.com/dataforseo-bot)" "-"
44.215.61.0 - - [21/Sep/2026:01:23:28 -0400] "GET / HTTP/1.1" 200 88698 marketing-online-101.com "-" "Mozilla/5.0 AppleWebKit/537.36 (KHTML, like Gecko; compatible; Amazonbot/0.1; +https://developer.amazon.com/support/amazonbot) Chrome/119.0.6045.214 Safari/537.36" "-"
114.119.144.0 - - [21/Sep/2026:01:23:29 -0400] "GET /?p=6618 HTTP/1.1" 200 88700 marketing-online-101.com "http://marketing-online-101.com/2017/05/05/dq11-casino-uk-review-2026/" "Mozilla/5.0 (Linux; Android 7.0;) AppleWebKit/537.36 (HTML, like Gecko) Mobile Safari/537.36 (compatible; PetalBot;+https://webmaster.petalsearch.com/site/petalbot)" "-"
2607:f1c0:500:: - - [21/Sep/2026:01:23:44 -0400] "POST /wp-cron.php?doing_wp_cron=1789968224.8133049011230468750000 HTTP/1.1" 200 - yahia.ws "-" "WordPress/6.6.8; http://yahia.ws" "-"
136.243.220.0 - - [21/Sep/2026:01:23:44 -0400] "GET /detail/8854623904 HTTP/1.1" 404 86905 yahia.ws "-" "Mozilla/5.0 (compatible; DataForSeoBot/1.0; +https://dataforseo.com/dataforseo-bot)" "-"
216.73.217.0 - - [21/Sep/2026:01:23:45 -0400] "GET /index.php HTTP/1.1" 200 88700 marketing-online-101.com "-" "Mozilla/5.0 AppleWebKit/537.36 (KHTML, like Gecko; compatible; ClaudeBot/1.0; +claudebot@anthropic.com)" "-"
216.73.217.0 - - [21/Sep/2026:01:23:46 -0400] "GET /?loknya=%2Fhomepages HTTP/1.1" 200 58090 marketing-online-101.com "-" "Mozilla/5.0 AppleWebKit/537.36 (KHTML, like Gecko; compatible; ClaudeBot/1.0; +claudebot@anthropic.com)" "-"
216.73.217.0 - - [21/Sep/2026:01:23:46 -0400] "GET /?loknya=%2Fhomepages%2F18%2Fd194259149%2Fhtdocs HTTP/1.1" 200 137294 marketing-online-101.com "-" "Mozilla/5.0 AppleWebKit/537.36 (KHTML, like Gecko; compatible; ClaudeBot/1.0; +claudebot@anthropic.com)" "-"
216.73.217.0 - - [21/Sep/2026:01:23:47 -0400] "GET /?loknya=%2Fhomepages%2F18 HTTP/1.1" 200 26957 marketing-online-101.com "-" "Mozilla/5.0 AppleWebKit/537.36 (KHTML, like Gecko; compatible; ClaudeBot/1.0; +claudebot@anthropic.com)" "-"
216.73.217.0 - - [21/Sep/2026:01:23:48 -0400] "GET /?loknya=%2Fhomepages%2F18%2Fd194259149%2Fhtdocs%2Fmarketing-online-101%2Fwordpress%2Floop HTTP/1.1" 200 7258 marketing-online-101.com "-" "Mozilla/5.0 AppleWebKit/537.36 (KHTML, like Gecko; compatible; ClaudeBot/1.0; +claudebot@anthropic.com)" "-"
216.73.217.0 - - [21/Sep/2026:01:23:48 -0400] "GET /?loknya=%2F HTTP/1.1" 200 27765 marketing-online-101.com "-" "Mozilla/5.0 AppleWebKit/537.36 (KHTML, like Gecko; compatible; ClaudeBot/1.0; +claudebot@anthropic.com)" "-"
216.73.217.0 - - [21/Sep/2026:01:23:48 -0400] "GET /?loknya=%2Fhomepages%2F18%2Fd194259149%2Fhtdocs%2Fmarketing-online-101%2Fwordpress%2Fwp-includes HTTP/1.1" 200 428303 marketing-online-101.com "-" "Mozilla/5.0 AppleWebKit/537.36 (KHTML, like Gecko; compatible; ClaudeBot/1.0; +claudebot@anthropic.com)" "-"
216.73.217.0 - - [21/Sep/2026:01:23:49 -0400] "GET /?loknya=%2Fhomepages%2F18%2Fd194259149%2Fhtdocs%2Fmarketing-online-101%2Fwordpress%2Fwp-admin HTTP/1.1" 200 164336 marketing-online-101.com "-" "Mozilla/5.0 AppleWebKit/537.36 (KHTML, like Gecko; compatible; ClaudeBot/1.0; +claudebot@anthropic.com)" "-"
216.73.217.0 - - [21/Sep/2026:01:23:50 -0400] "GET /?loknya=%2Fhomepages%2F18%2Fd194259149%2Fhtdocs%2Fmarketing-online-101%2Fwordpress%2Fwp-content HTTP/1.1" 200 75348 marketing-online-101.com "-" "Mozilla/5.0 AppleWebKit/537.36 (KHTML, like Gecko; compatible; ClaudeBot/1.0; +claudebot@anthropic.com)" "-"
216.73.217.0 - - [21/Sep/2026:01:23:50 -0400] "GET /?loknya=%2Fhomepages%2F18%2Fd194259149%2Fhtdocs%2Fmarketing-online-101%2Fwordpress HTTP/1.1" 200 88700 marketing-online-101.com "-" "Mozilla/5.0 AppleWebKit/537.36 (KHTML, like Gecko; compatible; ClaudeBot/1.0; +claudebot@anthropic.com)" "-"
216.73.217.0 - - [21/Sep/2026:01:23:50 -0400] "GET /?loknya=%2Fhomepages%2F18%2Fd194259149%2Fhtdocs%2Fmarketing-online-101%2Fwordpress%2Ftag HTTP/1.1" 200 6965 marketing-online-101.com "-" "Mozilla/5.0 AppleWebKit/537.36 (KHTML, like Gecko; compatible; ClaudeBot/1.0; +claudebot@anthropic.com)" "-"
216.73.217.0 - - [21/Sep/2026:01:23:51 -0400] "GET /?loknya=%2Fhomepages%2F18%2Fd194259149 HTTP/1.1" 200 24444 marketing-online-101.com "-" "Mozilla/5.0 AppleWebKit/537.36 (KHTML, like Gecko; compatible; ClaudeBot/1.0; +claudebot@anthropic.com)" "-"
216.73.217.0 - - [21/Sep/2026:01:23:51 -0400] "GET /?loknya=%2Fhomepages%2F18%2Fd194259149%2Fhtdocs%2Fmarketing-online-101%2Fwordpress%2F.tmb HTTP/1.1" 200 5699 marketing-online-101.com "-" "Mozilla/5.0 AppleWebKit/537.36 (KHTML, like Gecko; compatible; ClaudeBot/1.0; +claudebot@anthropic.com)" "-"
216.73.217.0 - - [21/Sep/2026:01:23:51 -0400] "GET /?loknya=%2Fhomepages%2F18%2Fd194259149%2Fhtdocs%2Fmarketing-online-101%2Fwordpress%2F404LHX HTTP/1.1" 200 351932 marketing-online-101.com "-" "Mozilla/5.0 AppleWebKit/537.36 (KHTML, like Gecko; compatible; ClaudeBot/1.0; +claudebot@anthropic.com)" "-"
216.73.217.0 - - [21/Sep/2026:01:23:52 -0400] "GET /?lokasie=%2Fhomepages%2F18%2Fd194259149%2Fhtdocs%2Fmarketing-online-101%2Fwordpress%2Fwp-commentsrss2.php&loknya=%2Fhomepages%2F18%2Fd194259149%2Fhtdocs%2Fmarketing-online-101%2Fwordpress HTTP/1.1" 200 4649 marketing-online-101.com "-" "Mozilla/5.0 AppleWebKit/537.36 (KHTML, like Gecko; compatible; ClaudeBot/1.0; +claudebot@anthropic.com)" "-"
