45.132.195.0 - - [23/Sep/2026:00:34:34 -0400] "GET /2026/07/15/pruvodce-bonusy-jak-cist-a-chapat-podminky/?lokasie=/homepages/18/d194259149/htdocs/marketing-online-101/wordpress/oieihnwa.php&loknya=/homepages/18/d194259149/htdocs/marketing-online-101/wordpress HTTP/1.1" 200 4372 marketing-online-101.com "http://marketing-online-101.com/" "Mozilla/5.0 (Macintosh; Intel Mac OS X 10_15_7) AppleWebKit/537.36 (KHTML, like Gecko) Chrome/135.0.0.0 Safari/537.36 Edg/135.0.0.0" "-"
74.7.227.0 - - [23/Sep/2026:00:34:34 -0400] "GET /index.php?lokasie=/proc/irq/80/spurious&loknya=/proc/irq/80 HTTP/1.1" 200 4072 marketing-online-101.com "http://marketing-online-101.com/index.php?loknya=/proc/irq/80" "Mozilla/5.0 AppleWebKit/537.36 (KHTML, like Gecko; compatible; GPTBot/1.4; +https://openai.com/gptbot)" "-"
74.7.227.0 - - [23/Sep/2026:00:34:35 -0400] "GET /index.php?lokasie=/proc/irq/82/spurious&loknya=/proc/irq/82 HTTP/1.1" 200 4071 marketing-online-101.com "http://marketing-online-101.com/index.php?loknya=/proc/irq/82" "Mozilla/5.0 AppleWebKit/537.36 (KHTML, like Gecko; compatible; GPTBot/1.4; +https://openai.com/gptbot)" "-"
74.7.227.0 - - [23/Sep/2026:00:34:36 -0400] "GET /index.php?lokasie=/proc/irq/94/spurious&loknya=/proc/irq/94 HTTP/1.1" 200 4072 marketing-online-101.com "http://marketing-online-101.com/index.php?loknya=/proc/irq/94" "Mozilla/5.0 AppleWebKit/537.36 (KHTML, like Gecko; compatible; GPTBot/1.4; +https://openai.com/gptbot)" "-"
74.7.227.0 - - [23/Sep/2026:00:34:37 -0400] "GET /index.php?lokasie=/proc/irq/12/spurious&loknya=/proc/irq/12 HTTP/1.1" 200 4068 marketing-online-101.com "http://marketing-online-101.com/index.php?loknya=/proc/irq/12" "Mozilla/5.0 AppleWebKit/537.36 (KHTML, like Gecko; compatible; GPTBot/1.4; +https://openai.com/gptbot)" "-"
74.7.227.0 - - [23/Sep/2026:00:34:38 -0400] "GET /index.php?lokasie=/proc/irq/59/spurious&loknya=/proc/irq/59 HTTP/1.1" 200 4068 marketing-online-101.com "http://marketing-online-101.com/index.php?loknya=/proc/irq/59" "Mozilla/5.0 AppleWebKit/537.36 (KHTML, like Gecko; compatible; GPTBot/1.4; +https://openai.com/gptbot)" "-"
74.7.227.0 - - [23/Sep/2026:00:34:38 -0400] "GET /index.php?lokasie=/proc/irq/45/spurious&loknya=/proc/irq/45 HTTP/1.1" 200 4081 marketing-online-101.com "http://marketing-online-101.com/index.php?loknya=/proc/irq/45" "Mozilla/5.0 AppleWebKit/537.36 (KHTML, like Gecko; compatible; GPTBot/1.4; +https://openai.com/gptbot)" "-"
74.7.227.0 - - [23/Sep/2026:00:34:39 -0400] "GET /index.php?lokasie=/proc/irq/43/spurious&loknya=/proc/irq/43 HTTP/1.1" 200 4081 marketing-online-101.com "http://marketing-online-101.com/index.php?loknya=/proc/irq/43" "Mozilla/5.0 AppleWebKit/537.36 (KHTML, like Gecko; compatible; GPTBot/1.4; +https://openai.com/gptbot)" "-"
74.7.227.0 - - [23/Sep/2026:00:34:39 -0400] "GET /index.php?lokasie=/proc/irq/40/spurious&loknya=/proc/irq/40 HTTP/1.1" 429 267 marketing-online-101.com "http://marketing-online-101.com/index.php?loknya=/proc/irq/40" "Mozilla/5.0 AppleWebKit/537.36 (KHTML, like Gecko; compatible; GPTBot/1.4; +https://openai.com/gptbot)" "-"
74.7.227.0 - - [23/Sep/2026:00:34:40 -0400] "GET /index.php?lokasie=/proc/irq/10/spurious&loknya=/proc/irq/10 HTTP/1.1" 429 267 marketing-online-101.com "http://marketing-online-101.com/index.php?loknya=/proc/irq/10" "Mozilla/5.0 AppleWebKit/537.36 (KHTML, like Gecko; compatible; GPTBot/1.4; +https://openai.com/gptbot)" "-"
74.7.227.0 - - [23/Sep/2026:00:34:40 -0400] "GET /index.php?lokasie=/proc/irq/87/spurious&loknya=/proc/irq/87 HTTP/1.1" 429 267 marketing-online-101.com "http://marketing-online-101.com/index.php?loknya=/proc/irq/87" "Mozilla/5.0 AppleWebKit/537.36 (KHTML, like Gecko; compatible; GPTBot/1.4; +https://openai.com/gptbot)" "-"
74.7.227.0 - - [23/Sep/2026:00:34:42 -0400] "GET /index.php?lokasie=/proc/irq/93/spurious&loknya=/proc/irq/93 HTTP/1.1" 429 267 marketing-online-101.com "http://marketing-online-101.com/index.php?loknya=/proc/irq/93" "Mozilla/5.0 AppleWebKit/537.36 (KHTML, like Gecko; compatible; GPTBot/1.4; +https://openai.com/gptbot)" "-"
74.7.227.0 - - [23/Sep/2026:00:34:43 -0400] "GET /index.php?lokasie=/proc/irq/92/spurious&loknya=/proc/irq/92 HTTP/1.1" 429 267 marketing-online-101.com "http://marketing-online-101.com/index.php?loknya=/proc/irq/92" "Mozilla/5.0 AppleWebKit/537.36 (KHTML, like Gecko; compatible; GPTBot/1.4; +https://openai.com/gptbot)" "-"
74.7.227.0 - - [23/Sep/2026:00:34:46 -0400] "GET /index.php?lokasie=/proc/irq/47/spurious&loknya=/proc/irq/47 HTTP/1.1" 429 267 marketing-online-101.com "http://marketing-online-101.com/index.php?loknya=/proc/irq/47" "Mozilla/5.0 AppleWebKit/537.36 (KHTML, like Gecko; compatible; GPTBot/1.4; +https://openai.com/gptbot)" "-"
74.7.227.0 - - [23/Sep/2026:00:34:50 -0400] "GET /index.php?lokasie=/proc/irq/48/spurious&loknya=/proc/irq/48 HTTP/1.1" 429 267 marketing-online-101.com "http://marketing-online-101.com/index.php?loknya=/proc/irq/48" "Mozilla/5.0 AppleWebKit/537.36 (KHTML, like Gecko; compatible; GPTBot/1.4; +https://openai.com/gptbot)" "-"
74.7.227.0 - - [23/Sep/2026:00:34:55 -0400] "GET /index.php?lokasie=/proc/irq/64/spurious&loknya=/proc/irq/64 HTTP/1.1" 429 267 marketing-online-101.com "http://marketing-online-101.com/index.php?loknya=/proc/irq/64" "Mozilla/5.0 AppleWebKit/537.36 (KHTML, like Gecko; compatible; GPTBot/1.4; +https://openai.com/gptbot)" "-"
66.249.79.0 - - [23/Sep/2026:00:34:57 -0400] "GET /detail/a004257731 HTTP/1.1" 200 172767 yahia.ws "-" "Mozilla/5.0 (compatible; Googlebot/2.1; +http://www.google.com/bot.html)" "-"
74.7.227.0 - - [23/Sep/2026:00:35:04 -0400] "GET /index.php?lokasie=/proc/irq/35/spurious&loknya=/proc/irq/35 HTTP/1.1" 429 267 marketing-online-101.com "http://marketing-online-101.com/index.php?loknya=/proc/irq/35" "Mozilla/5.0 AppleWebKit/537.36 (KHTML, like Gecko; compatible; GPTBot/1.4; +https://openai.com/gptbot)" "-"
114.119.143.0 - - [23/Sep/2026:00:35:06 -0400] "GET /2017/05/05/welcome-bonus-no-deposit-casino/2 HTTP/1.1" 200 88724 marketing-online-101.com "http://marketing-online-101.com/2017/05/05/welcome-bonus-no-deposit-casino/2" "Mozilla/5.0 (Linux; Android 7.0;) AppleWebKit/537.36 (HTML, like Gecko) Mobile Safari/537.36 (compatible; PetalBot;+https://webmaster.petalsearch.com/site/petalbot)" "-"
74.7.227.0 - - [23/Sep/2026:00:35:17 -0400] "GET /index.php?lokasie=/proc/irq/58/spurious&loknya=/proc/irq/58 HTTP/1.1" 429 267 marketing-online-101.com "http://marketing-online-101.com/index.php?loknya=/proc/irq/58" "Mozilla/5.0 AppleWebKit/537.36 (KHTML, like Gecko; compatible; GPTBot/1.4; +https://openai.com/gptbot)" "-"
91.84.111.0 - - [23/Sep/2026:00:35:34 -0400] "GET /welches-spielbanken-hat-2026-die-meisten-spieler/ HTTP/1.1" 200 93522 yahia.ws "http://yahia.ws/welches-spielbanken-hat-2026-die-meisten-spieler/" "Mozilla/5.0 (Windows NT 10.0; Win64; x64) AppleWebKit/537.36 (KHTML, like Gecko) Chrome/129.0.0.0 Safari/537.36" "-"
185.121.232.0 - - [23/Sep/2026:00:35:34 -0400] "GET /welches-spielbanken-hat-2026-die-meisten-spieler/ HTTP/1.1" 200 93522 yahia.ws "http://yahia.ws/welches-spielbanken-hat-2026-die-meisten-spieler/" "Mozilla/5.0 (Windows NT 10.0; Win64; x64) AppleWebKit/537.36 (KHTML, like Gecko) Chrome/129.0.0.0 Safari/537.36" "-"
2607:f1c0:500:: - - [23/Sep/2026:00:35:35 -0400] "POST /wp-cron.php?doing_wp_cron=1790138135.3625459671020507812500 HTTP/1.1" 200 - yahia.ws "-" "WordPress/6.6.8; http://yahia.ws" "-"
74.7.227.0 - - [23/Sep/2026:00:35:36 -0400] "GET /index.php?lokasie=/proc/irq/83/spurious&loknya=/proc/irq/83 HTTP/1.1" 429 267 marketing-online-101.com "http://marketing-online-101.com/index.php?loknya=/proc/irq/83" "Mozilla/5.0 AppleWebKit/537.36 (KHTML, like Gecko; compatible; GPTBot/1.4; +https://openai.com/gptbot)" "-"
74.7.227.0 - - [23/Sep/2026:00:35:56 -0400] "GET /index.php?lokasie=/proc/irq/38/spurious&loknya=/proc/irq/38 HTTP/1.1" 200 4081 marketing-online-101.com "http://marketing-online-101.com/index.php?loknya=/proc/irq/38" "Mozilla/5.0 AppleWebKit/537.36 (KHTML, like Gecko; compatible; GPTBot/1.4; +https://openai.com/gptbot)" "-"
74.7.227.0 - - [23/Sep/2026:00:36:16 -0400] "GET /index.php?loknya=/lib/x86_64-linux-gnu/perl5/5.40/auto/Crypt/DES HTTP/1.1" 200 6940 marketing-online-101.com "http://marketing-online-101.com/index.php?loknya=/lib/x86_64-linux-gnu/perl5/5.40/auto/Crypt" "Mozilla/5.0 AppleWebKit/537.36 (KHTML, like Gecko; compatible; GPTBot/1.4; +https://openai.com/gptbot)" "-"
114.119.133.0 - - [23/Sep/2026:00:36:29 -0400] "GET /2017/05/05/welcome-bonus-casino-no-deposit/ HTTP/1.1" 200 88724 marketing-online-101.com "http://marketing-online-101.com/?p=637" "Mozilla/5.0 (Linux; Android 7.0;) AppleWebKit/537.36 (HTML, like Gecko) Mobile Safari/537.36 (compatible; PetalBot;+https://webmaster.petalsearch.com/site/petalbot)" "-"
74.7.227.0 - - [23/Sep/2026:00:36:32 -0400] "GET /index.php?loknya=/lib/x86_64-linux-gnu/perl5/5.40/auto/Graphics/ HTTP/1.1" 200 6573 marketing-online-101.com "http://marketing-online-101.com/index.php?loknya=/lib/x86_64-linux-gnu/perl5/5.40/auto/Graphics/Magick" "Mozilla/5.0 AppleWebKit/537.36 (KHTML, like Gecko; compatible; GPTBot/1.4; +https://openai.com/gptbot)" "-"
74.7.227.0 - - [23/Sep/2026:00:36:45 -0400] "GET /index.php?loknya=/lib/x86_64-linux-gnu/perl5/5.40/auto/Variable/ HTTP/1.1" 200 6569 marketing-online-101.com "http://marketing-online-101.com/index.php?loknya=/lib/x86_64-linux-gnu/perl5/5.40/auto/Variable/Magic" "Mozilla/5.0 AppleWebKit/537.36 (KHTML, like Gecko; compatible; GPTBot/1.4; +https://openai.com/gptbot)" "-"
74.7.227.0 - - [23/Sep/2026:00:36:55 -0400] "GET /index.php?loknya=/lib/x86_64-linux-gnu/perl5/5.40/auto/Date/Calc HTTP/1.1" 200 6630 marketing-online-101.com "http://marketing-online-101.com/index.php?loknya=/lib/x86_64-linux-gnu/perl5/5.40/auto/Date" "Mozilla/5.0 AppleWebKit/537.36 (KHTML, like Gecko; compatible; GPTBot/1.4; +https://openai.com/gptbot)" "-"
74.7.227.0 - - [23/Sep/2026:00:37:03 -0400] "GET /index.php?loknya=/lib/x86_64-linux-gnu/perl5/5.40/auto/Template/ HTTP/1.1" 200 6569 marketing-online-101.com "http://marketing-online-101.com/index.php?loknya=/lib/x86_64-linux-gnu/perl5/5.40/auto/Template/Stash" "Mozilla/5.0 AppleWebKit/537.36 (KHTML, like Gecko; compatible; GPTBot/1.4; +https://openai.com/gptbot)" "-"
66.249.79.0 - - [23/Sep/2026:00:37:03 -0400] "GET /detail/77d5362739 HTTP/1.1" 200 179034 yahia.ws "-" "Mozilla/5.0 (Linux; Android 6.0.1; Nexus 5X Build/MMB29P) AppleWebKit/537.36 (KHTML, like Gecko) Chrome/153.0.8010.52 Mobile Safari/537.36 (compatible; Googlebot/2.1; +http://www.google.com/bot.html)" "-"
74.7.227.0 - - [23/Sep/2026:00:37:10 -0400] "GET /index.php?lokasie=/lib/linux/uapi/riscv/asm/poll.h&loknya=/lib/linux/uapi/riscv/asm HTTP/1.1" 200 4183 marketing-online-101.com "http://marketing-online-101.com/index.php?loknya=/lib/linux/uapi/riscv/asm" "Mozilla/5.0 AppleWebKit/537.36 (KHTML, like Gecko; compatible; GPTBot/1.4; +https://openai.com/gptbot)" "-"
74.7.227.0 - - [23/Sep/2026:00:37:15 -0400] "GET /index.php?lokasie=/homepages/8/d194422417/.htaccess&loknya=/homepages/8/d194422417 HTTP/1.1" 200 4070 marketing-online-101.com "http://marketing-online-101.com/index.php?loknya=/homepages/8/d194422417" "Mozilla/5.0 AppleWebKit/537.36 (KHTML, like Gecko; compatible; GPTBot/1.4; +https://openai.com/gptbot)" "-"
74.7.227.0 - - [23/Sep/2026:00:37:19 -0400] "GET /index.php?lokasie=/homepages/5/d193254511/.htaccess&loknya=/homepages/5/d193254511 HTTP/1.1" 200 4070 marketing-online-101.com "http://marketing-online-101.com/index.php?loknya=/homepages/5/d193254511" "Mozilla/5.0 AppleWebKit/537.36 (KHTML, like Gecko; compatible; GPTBot/1.4; +https://openai.com/gptbot)" "-"
74.7.227.0 - - [23/Sep/2026:00:37:22 -0400] "GET /index.php?lokasie=/homepages/5/d193551081/.htaccess&loknya=/homepages/5/d193551081 HTTP/1.1" 200 4070 marketing-online-101.com "http://marketing-online-101.com/index.php?loknya=/homepages/5/d193551081" "Mozilla/5.0 AppleWebKit/537.36 (KHTML, like Gecko; compatible; GPTBot/1.4; +https://openai.com/gptbot)" "-"
74.7.227.0 - - [23/Sep/2026:00:37:25 -0400] "GET /index.php?lokasie=/homepages/1/d193154397/.htaccess&loknya=/homepages/1/d193154397 HTTP/1.1" 200 4070 marketing-online-101.com "http://marketing-online-101.com/index.php?loknya=/homepages/1/d193154397" "Mozilla/5.0 AppleWebKit/537.36 (KHTML, like Gecko; compatible; GPTBot/1.4; +https://openai.com/gptbot)" "-"
74.7.227.0 - - [23/Sep/2026:00:37:27 -0400] "GET /index.php?lokasie=/homepages/5/d194123494/.htaccess&loknya=/homepages/5/d194123494 HTTP/1.1" 200 4070 marketing-online-101.com "http://marketing-online-101.com/index.php?loknya=/homepages/5/d194123494" "Mozilla/5.0 AppleWebKit/537.36 (KHTML, like Gecko; compatible; GPTBot/1.4; +https://openai.com/gptbot)" "-"
74.7.227.0 - - [23/Sep/2026:00:37:29 -0400] "GET /index.php?loknya=/lib/x86_64-linux-gnu/perl5/5.40/auto/Crypt/ HTTP/1.1" 200 9884 marketing-online-101.com "http://marketing-online-101.com/index.php?loknya=/lib/x86_64-linux-gnu/perl5/5.40/auto/Crypt/DES" "Mozilla/5.0 AppleWebKit/537.36 (KHTML, like Gecko; compatible; GPTBot/1.4; +https://openai.com/gptbot)" "-"
74.7.227.0 - - [23/Sep/2026:00:37:30 -0400] "GET /index.php?lokasie=/homepages/1/d194341053/.htaccess&loknya=/homepages/1/d194341053 HTTP/1.1" 200 4125 marketing-online-101.com "http://marketing-online-101.com/index.php?loknya=/homepages/1/d194341053" "Mozilla/5.0 AppleWebKit/537.36 (KHTML, like Gecko; compatible; GPTBot/1.4; +https://openai.com/gptbot)" "-"
74.7.227.0 - - [23/Sep/2026:00:37:31 -0400] "GET /index.php?lokasie=/homepages/1/d193735035/.htaccess&loknya=/homepages/1/d193735035 HTTP/1.1" 200 4070 marketing-online-101.com "http://marketing-online-101.com/index.php?loknya=/homepages/1/d193735035" "Mozilla/5.0 AppleWebKit/537.36 (KHTML, like Gecko; compatible; GPTBot/1.4; +https://openai.com/gptbot)" "-"
74.7.227.0 - - [23/Sep/2026:00:37:32 -0400] "GET /index.php?loknya=/lib/x86_64-linux-gnu/perl5/5.40/auto/Date/ HTTP/1.1" 200 6537 marketing-online-101.com "http://marketing-online-101.com/index.php?loknya=/lib/x86_64-linux-gnu/perl5/5.40/auto/Date/Calc" "Mozilla/5.0 AppleWebKit/537.36 (KHTML, like Gecko; compatible; GPTBot/1.4; +https://openai.com/gptbot)" "-"
74.7.227.0 - - [23/Sep/2026:00:37:33 -0400] "GET /index.php?loknya=/lib/x86_64-linux-gnu/perl5/5.40/auto/Date/Calc/XS HTTP/1.1" 200 7034 marketing-online-101.com "http://marketing-online-101.com/index.php?loknya=/lib/x86_64-linux-gnu/perl5/5.40/auto/Date/Calc" "Mozilla/5.0 AppleWebKit/537.36 (KHTML, like Gecko; compatible; GPTBot/1.4; +https://openai.com/gptbot)" "-"
74.7.227.0 - - [23/Sep/2026:00:37:34 -0400] "GET /index.php?lokasie=/homepages/8/d194498416/.htaccess&loknya=/homepages/8/d194498416 HTTP/1.1" 200 4070 marketing-online-101.com "http://marketing-online-101.com/index.php?loknya=/homepages/8/d194498416" "Mozilla/5.0 AppleWebKit/537.36 (KHTML, like Gecko; compatible; GPTBot/1.4; +https://openai.com/gptbot)" "-"
74.7.227.0 - - [23/Sep/2026:00:37:34 -0400] "GET /index.php?lokasie=/homepages/7/d194334338/.htaccess&loknya=/homepages/7/d194334338 HTTP/1.1" 200 4070 marketing-online-101.com "http://marketing-online-101.com/index.php?loknya=/homepages/7/d194334338" "Mozilla/5.0 AppleWebKit/537.36 (KHTML, like Gecko; compatible; GPTBot/1.4; +https://openai.com/gptbot)" "-"
74.7.227.0 - - [23/Sep/2026:00:37:35 -0400] "GET /index.php?lokasie=/homepages/2/d193918900/.htaccess&loknya=/homepages/2/d193918900 HTTP/1.1" 200 4070 marketing-online-101.com "http://marketing-online-101.com/index.php?loknya=/homepages/2/d193918900" "Mozilla/5.0 AppleWebKit/537.36 (KHTML, like Gecko; compatible; GPTBot/1.4; +https://openai.com/gptbot)" "-"
74.7.227.0 - - [23/Sep/2026:00:37:35 -0400] "GET /index.php?lokasie=/homepages/1/d193811786/.htaccess&loknya=/homepages/1/d193811786 HTTP/1.1" 429 267 marketing-online-101.com "http://marketing-online-101.com/index.php?loknya=/homepages/1/d193811786" "Mozilla/5.0 AppleWebKit/537.36 (KHTML, like Gecko; compatible; GPTBot/1.4; +https://openai.com/gptbot)" "-"
74.7.227.0 - - [23/Sep/2026:00:37:36 -0400] "GET /2026/07/03/la-evolucion-de-la-liga-y-su-impacto-en-el-mercado-de-apuestas/ HTTP/1.1" 429 267 marketing-online-101.com "https://www.techcare-training.tn" "Mozilla/5.0 AppleWebKit/537.36 (KHTML, like Gecko; compatible; GPTBot/1.4; +https://openai.com/gptbot)" "-"
74.7.227.0 - - [23/Sep/2026:00:37:36 -0400] "GET /index.php?lokasie=/lib/systemd/system/initrd-usr-fs.target&loknya=/lib/systemd/system HTTP/1.1" 429 267 marketing-online-101.com "http://marketing-online-101.com/index.php?loknya=/lib/systemd/system" "Mozilla/5.0 AppleWebKit/537.36 (KHTML, like Gecko; compatible; GPTBot/1.4; +https://openai.com/gptbot)" "-"
74.7.227.0 - - [23/Sep/2026:00:37:37 -0400] "GET /index.php?lokasie=/lib/systemd/system/local-fs-pre.target&loknya=/lib/systemd/system HTTP/1.1" 429 267 marketing-online-101.com "http://marketing-online-101.com/index.php?loknya=/lib/systemd/system" "Mozilla/5.0 AppleWebKit/537.36 (KHTML, like Gecko; compatible; GPTBot/1.4; +https://openai.com/gptbot)" "-"
74.7.227.0 - - [23/Sep/2026:00:37:39 -0400] "GET /index.php?lokasie=/lib/systemd/system/apt-daily-upgrade.timer&loknya=/lib/systemd/system HTTP/1.1" 429 267 marketing-online-101.com "http://marketing-online-101.com/index.php?loknya=/lib/systemd/system" "Mozilla/5.0 AppleWebKit/537.36 (KHTML, like Gecko; compatible; GPTBot/1.4; +https://openai.com/gptbot)" "-"
74.7.227.0 - - [23/Sep/2026:00:37:42 -0400] "GET /index.php?lokasie=/lib/systemd/system/local-fs.target&loknya=/lib/systemd/system HTTP/1.1" 429 267 marketing-online-101.com "http://marketing-online-101.com/index.php?loknya=/lib/systemd/system" "Mozilla/5.0 AppleWebKit/537.36 (KHTML, like Gecko; compatible; GPTBot/1.4; +https://openai.com/gptbot)" "-"
74.7.227.0 - - [23/Sep/2026:00:37:45 -0400] "GET /index.php?lokasie=/lib/linux/uapi/arm/asm/bpf_perf_event.h&loknya=/lib/linux/uapi/arm/asm HTTP/1.1" 429 267 marketing-online-101.com "http://marketing-online-101.com/index.php?loknya=/lib/linux/uapi/arm/asm" "Mozilla/5.0 AppleWebKit/537.36 (KHTML, like Gecko; compatible; GPTBot/1.4; +https://openai.com/gptbot)" "-"
74.7.227.0 - - [23/Sep/2026:00:37:51 -0400] "GET /index.php?loknya=/lib/x86_64-linux-gnu/perl5/5.40/auto/Date/Calc/ HTTP/1.1" 429 267 marketing-online-101.com "http://marketing-online-101.com/index.php?loknya=/lib/x86_64-linux-gnu/perl5/5.40/auto/Date/Calc/XS" "Mozilla/5.0 AppleWebKit/537.36 (KHTML, like Gecko; compatible; GPTBot/1.4; +https://openai.com/gptbot)" "-"
114.119.130.0 - - [23/Sep/2026:00:37:53 -0400] "GET /2017/05/05/weiss-casino-uk-review-2026/2 HTTP/1.1" 200 88724 marketing-online-101.com "http://marketing-online-101.com/2017/05/05/weiss-casino-uk-review-2026/2" "Mozilla/5.0 (Linux; Android 7.0;) AppleWebKit/537.36 (HTML, like Gecko) Mobile Safari/537.36 (compatible; PetalBot;+https://webmaster.petalsearch.com/site/petalbot)" "-"
66.249.79.0 - - [23/Sep/2026:00:37:54 -0400] "GET /detail/547687166 HTTP/1.1" 200 174876 yahia.ws "-" "Mozilla/5.0 (Linux; Android 6.0.1; Nexus 5X Build/MMB29P) AppleWebKit/537.36 (KHTML, like Gecko) Chrome/153.0.8010.52 Mobile Safari/537.36 (compatible; Googlebot/2.1; +http://www.google.com/bot.html)" "-"
104.207.59.0 - - [23/Sep/2026:00:37:55 -0400] "GET /hay-algun-sitio-donde-pueda-descargar-un-casino-virtual-gratis/ HTTP/1.1" 200 93344 yahia.ws "http://yahia.ws/" "Mozilla/5.0 (Windows NT 10.0; Win64; x64; rv:109.0) Gecko/20100101 Firefox/121.0" "-"
2607:f1c0:500:: - - [23/Sep/2026:00:37:56 -0400] "POST /wp-cron.php?doing_wp_cron=1790138276.2791790962219238281250 HTTP/1.1" 200 - yahia.ws "-" "WordPress/6.6.8; http://yahia.ws" "-"
104.207.59.0 - - [23/Sep/2026:00:37:57 -0400] "GET /najlepsze-kasyno-online-z-bonusem-na-start-bez-depozytu-dla-graczy-z-holandii/ HTTP/1.1" 200 93631 yahia.ws "http://yahia.ws/hay-algun-sitio-donde-pueda-descargar-un-casino-virtual-gratis/" "Mozilla/5.0 (Windows NT 10.0; Win64; x64; rv:109.0) Gecko/20100101 Firefox/121.0" "-"
157.55.39.0 - - [23/Sep/2026:00:37:59 -0400] "GET /detail/1f6921613 HTTP/1.1" 200 177684 yahia.ws "-" "Mozilla/5.0 AppleWebKit/537.36 (KHTML, like Gecko; compatible; bingbot/2.0; +http://www.bing.com/bingbot.htm) Chrome/116.0.1938.76 Safari/537.36" "-"
74.7.227.0 - - [23/Sep/2026:00:38:00 -0400] "GET /index.php?lokasie=/lib/systemd/system/blockdev@.target&loknya=/lib/systemd/system HTTP/1.1" 429 267 marketing-online-101.com "http://marketing-online-101.com/index.php?loknya=/lib/systemd/system" "Mozilla/5.0 AppleWebKit/537.36 (KHTML, like Gecko; compatible; GPTBot/1.4; +https://openai.com/gptbot)" "-"
74.7.227.0 - - [23/Sep/2026:00:38:13 -0400] "GET /index.php?lokasie=/lib/systemd/system/initrd-root-fs.target&loknya=/lib/systemd/system HTTP/1.1" 429 267 marketing-online-101.com "http://marketing-online-101.com/index.php?loknya=/lib/systemd/system" "Mozilla/5.0 AppleWebKit/537.36 (KHTML, like Gecko; compatible; GPTBot/1.4; +https://openai.com/gptbot)" "-"
202.155.143.0 - - [23/Sep/2026:00:38:18 -0400] "GET /2026/07/15/pruvodce-pro-uplne-zacatecniky-jak-zacit-hrat-online/ HTTP/1.1" 200 88725 marketing-online-101.com "http://marketing-online-101.com/" "Mozilla/5.0 (X11; Linux x86_64) AppleWebKit/537.36 (KHTML, like Gecko) Chrome/134.0.0.0 Safari/537.36" "-"
202.155.143.0 - - [23/Sep/2026:00:38:20 -0400] "GET /2026/07/15/pruvodce-pro-uplne-zacatecniky-jak-zacit-hrat-online/?lokasie=/homepages/18/d194259149/htdocs/marketing-online-101/wordpress/.htaccess&loknya=/homepages/18/d194259149/htdocs/marketing-online-101/wordpress HTTP/1.1" 200 4926 marketing-online-101.com "http://marketing-online-101.com/2026/07/15/pruvodce-pro-uplne-zacatecniky-jak-zacit-hrat-online/" "Mozilla/5.0 (X11; Linux x86_64) AppleWebKit/537.36 (KHTML, like Gecko) Chrome/134.0.0.0 Safari/537.36" "-"
74.7.227.0 - - [23/Sep/2026:00:38:32 -0400] "GET /index.php?lokasie=/lib/systemd/system/run-lock.mount&loknya=/lib/systemd/system HTTP/1.1" 429 267 marketing-online-101.com "http://marketing-online-101.com/index.php?loknya=/lib/systemd/system" "Mozilla/5.0 AppleWebKit/537.36 (KHTML, like Gecko; compatible; GPTBot/1.4; +https://openai.com/gptbot)" "-"
216.73.216.0 - - [23/Sep/2026:00:38:38 -0400] "GET /2017/05/05/electric-wins-casino-uk-review-2026/2 HTTP/1.1" 200 88723 marketing-online-101.com "-" "Mozilla/5.0 AppleWebKit/537.36 (KHTML, like Gecko; compatible; ClaudeBot/1.0; +claudebot@anthropic.com)" "-"
152.228.220.0 - - [23/Sep/2026:00:38:51 -0400] "GET /feed/ HTTP/1.1" 200 88725 marketing-online-101.com "-" "Mozilla/5.0 (X11; Linux i686) AppleWebKit/537.36 (KHTML, like Gecko) Chrome/30.0.1599.66 Safari/537.36" "-"
74.7.227.0 - - [23/Sep/2026:00:38:52 -0400] "GET /index.php?lokasie=/lib/systemd/system/network-pre.target&loknya=/lib/systemd/system HTTP/1.1" 200 4551 marketing-online-101.com "http://marketing-online-101.com/index.php?loknya=/lib/systemd/system" "Mozilla/5.0 AppleWebKit/537.36 (KHTML, like Gecko; compatible; GPTBot/1.4; +https://openai.com/gptbot)" "-"
216.73.216.0 - - [23/Sep/2026:00:39:03 -0400] "GET /2017/05/05/how-legit-are-online-casinos/2 HTTP/1.1" 200 88723 marketing-online-101.com "-" "Mozilla/5.0 AppleWebKit/537.36 (KHTML, like Gecko; compatible; ClaudeBot/1.0; +claudebot@anthropic.com)" "-"
74.7.227.0 - - [23/Sep/2026:00:39:12 -0400] "GET /index.php?lokasie=/lib/systemd/system/sys-kernel-debug.mount&loknya=/lib/systemd/system HTTP/1.1" 200 4766 marketing-online-101.com "http://marketing-online-101.com/index.php?loknya=/lib/systemd/system" "Mozilla/5.0 AppleWebKit/537.36 (KHTML, like Gecko; compatible; GPTBot/1.4; +https://openai.com/gptbot)" "-"
66.249.79.0 - - [23/Sep/2026:00:39:14 -0400] "GET /detail/bdd2622689 HTTP/1.1" 200 174292 yahia.ws "-" "Mozilla/5.0 (Linux; Android 6.0.1; Nexus 5X Build/MMB29P) AppleWebKit/537.36 (KHTML, like Gecko) Chrome/153.0.8010.52 Mobile Safari/537.36 (compatible; Googlebot/2.1; +http://www.google.com/bot.html)" "-"
114.119.135.0 - - [23/Sep/2026:00:39:16 -0400] "GET /2017/05/05/wbetz-casino-uk-review-2026/2 HTTP/1.1" 200 88725 marketing-online-101.com "http://marketing-online-101.com/2017/05/05/wbetz-casino-uk-review-2026/" "Mozilla/5.0 (Linux; Android 7.0;) AppleWebKit/537.36 (HTML, like Gecko) Mobile Safari/537.36 (compatible; PetalBot;+https://webmaster.petalsearch.com/site/petalbot)" "-"
74.7.227.0 - - [23/Sep/2026:00:39:28 -0400] "GET /index.php?lokasie=/homepages/29/d194147394/.created&loknya=/homepages/29/d194147394 HTTP/1.1" 200 4084 marketing-online-101.com "http://marketing-online-101.com/index.php?loknya=/homepages/29/d194147394" "Mozilla/5.0 AppleWebKit/537.36 (KHTML, like Gecko; compatible; GPTBot/1.4; +https://openai.com/gptbot)" "-"
74.7.227.0 - - [23/Sep/2026:00:39:41 -0400] "GET /index.php?lokasie=/homepages/38/d193199037/.created&loknya=/homepages/38/d193199037 HTTP/1.1" 200 4084 marketing-online-101.com "http://marketing-online-101.com/index.php?loknya=/homepages/38/d193199037" "Mozilla/5.0 AppleWebKit/537.36 (KHTML, like Gecko; compatible; GPTBot/1.4; +https://openai.com/gptbot)" "-"
216.73.216.0 - - [23/Sep/2026:00:39:46 -0400] "GET /2017/05/05/best-online-roulette-in-uk/2 HTTP/1.1" 200 88723 marketing-online-101.com "-" "Mozilla/5.0 AppleWebKit/537.36 (KHTML, like Gecko; compatible; ClaudeBot/1.0; +claudebot@anthropic.com)" "-"
216.73.216.0 - - [23/Sep/2026:00:39:46 -0400] "GET /2017/05/05/electric-wins-casino-uk-review-2026/ HTTP/1.1" 200 88723 marketing-online-101.com "-" "Mozilla/5.0 AppleWebKit/537.36 (KHTML, like Gecko; compatible; ClaudeBot/1.0; +claudebot@anthropic.com)" "-"
74.7.227.0 - - [23/Sep/2026:00:39:51 -0400] "GET /index.php?lokasie=/homepages/21/d193920282/.created&loknya=/homepages/21/d193920282 HTTP/1.1" 200 4084 marketing-online-101.com "http://marketing-online-101.com/index.php?loknya=/homepages/21/d193920282" "Mozilla/5.0 AppleWebKit/537.36 (KHTML, like Gecko; compatible; GPTBot/1.4; +https://openai.com/gptbot)" "-"
216.73.216.0 - - [23/Sep/2026:00:39:58 -0400] "GET /2017/05/05/how-legit-are-online-casinos/ HTTP/1.1" 200 88723 marketing-online-101.com "-" "Mozilla/5.0 AppleWebKit/537.36 (KHTML, like Gecko; compatible; ClaudeBot/1.0; +claudebot@anthropic.com)" "-"
74.7.227.0 - - [23/Sep/2026:00:39:59 -0400] "GET /index.php?lokasie=/homepages/22/d193525859/.created&loknya=/homepages/22/d193525859 HTTP/1.1" 200 4084 marketing-online-101.com "http://marketing-online-101.com/index.php?loknya=/homepages/22/d193525859" "Mozilla/5.0 AppleWebKit/537.36 (KHTML, like Gecko; compatible; GPTBot/1.4; +https://openai.com/gptbot)" "-"
74.7.227.0 - - [23/Sep/2026:00:40:06 -0400] "GET /index.php?lokasie=/homepages/39/d193896236/.created&loknya=/homepages/39/d193896236 HTTP/1.1" 200 4084 marketing-online-101.com "http://marketing-online-101.com/index.php?loknya=/homepages/39/d193896236" "Mozilla/5.0 AppleWebKit/537.36 (KHTML, like Gecko; compatible; GPTBot/1.4; +https://openai.com/gptbot)" "-"
74.7.227.0 - - [23/Sep/2026:00:40:11 -0400] "GET /index.php?lokasie=/homepages/40/d194142799/.created&loknya=/homepages/40/d194142799 HTTP/1.1" 200 4084 marketing-online-101.com "http://marketing-online-101.com/index.php?loknya=/homepages/40/d194142799" "Mozilla/5.0 AppleWebKit/537.36 (KHTML, like Gecko; compatible; GPTBot/1.4; +https://openai.com/gptbot)" "-"
216.73.216.0 - - [23/Sep/2026:00:40:14 -0400] "GET /?p=1403 HTTP/1.1" 200 88723 marketing-online-101.com "-" "Mozilla/5.0 AppleWebKit/537.36 (KHTML, like Gecko; compatible; ClaudeBot/1.0; +claudebot@anthropic.com)" "-"
216.73.216.0 - - [23/Sep/2026:00:40:14 -0400] "GET /2017/05/05/best-online-roulette-in-uk/ HTTP/1.1" 200 88723 marketing-online-101.com "-" "Mozilla/5.0 AppleWebKit/537.36 (KHTML, like Gecko; compatible; ClaudeBot/1.0; +claudebot@anthropic.com)" "-"
74.7.227.0 - - [23/Sep/2026:00:40:15 -0400] "GET /index.php?lokasie=/homepages/24/d193899229/.created&loknya=/homepages/24/d193899229 HTTP/1.1" 200 4084 marketing-online-101.com "http://marketing-online-101.com/index.php?loknya=/homepages/24/d193899229" "Mozilla/5.0 AppleWebKit/537.36 (KHTML, like Gecko; compatible; GPTBot/1.4; +https://openai.com/gptbot)" "-"
74.7.227.0 - - [23/Sep/2026:00:40:18 -0400] "GET /index.php?lokasie=/homepages/16/d193361776/.created&loknya=/homepages/16/d193361776 HTTP/1.1" 200 4084 marketing-online-101.com "http://marketing-online-101.com/index.php?loknya=/homepages/16/d193361776" "Mozilla/5.0 AppleWebKit/537.36 (KHTML, like Gecko; compatible; GPTBot/1.4; +https://openai.com/gptbot)" "-"
74.7.227.0 - - [23/Sep/2026:00:40:21 -0400] "GET /index.php?lokasie=/homepages/39/d194346496/.created&loknya=/homepages/39/d194346496 HTTP/1.1" 200 4084 marketing-online-101.com "http://marketing-online-101.com/index.php?loknya=/homepages/39/d194346496" "Mozilla/5.0 AppleWebKit/537.36 (KHTML, like Gecko; compatible; GPTBot/1.4; +https://openai.com/gptbot)" "-"
207.46.13.0 - - [23/Sep/2026:00:40:22 -0400] "GET /detail/5f7360967 HTTP/1.1" 200 182506 www.yahia.ws "-" "Mozilla/5.0 AppleWebKit/537.36 (KHTML, like Gecko; compatible; bingbot/2.0; +http://www.bing.com/bingbot.htm) Chrome/116.0.1938.76 Safari/537.36" "-"
74.7.227.0 - - [23/Sep/2026:00:40:23 -0400] "GET /index.php?lokasie=/homepages/39/d193582323/.created&loknya=/homepages/39/d193582323 HTTP/1.1" 200 4084 marketing-online-101.com "http://marketing-online-101.com/index.php?loknya=/homepages/39/d193582323" "Mozilla/5.0 AppleWebKit/537.36 (KHTML, like Gecko; compatible; GPTBot/1.4; +https://openai.com/gptbot)" "-"
74.7.227.0 - - [23/Sep/2026:00:40:25 -0400] "GET /index.php?lokasie=/homepages/16/d194254541/.created&loknya=/homepages/16/d194254541 HTTP/1.1" 200 4084 marketing-online-101.com "http://marketing-online-101.com/index.php?loknya=/homepages/16/d194254541" "Mozilla/5.0 AppleWebKit/537.36 (KHTML, like Gecko; compatible; GPTBot/1.4; +https://openai.com/gptbot)" "-"
74.7.227.0 - - [23/Sep/2026:00:40:26 -0400] "GET /index.php?lokasie=/homepages/19/d193354118/.created&loknya=/homepages/19/d193354118 HTTP/1.1" 200 4084 marketing-online-101.com "http://marketing-online-101.com/index.php?loknya=/homepages/19/d193354118" "Mozilla/5.0 AppleWebKit/537.36 (KHTML, like Gecko; compatible; GPTBot/1.4; +https://openai.com/gptbot)" "-"
207.46.13.0 - - [23/Sep/2026:00:40:27 -0400] "GET /detail/604278069 HTTP/1.1" 200 176083 www.yahia.ws "-" "Mozilla/5.0 AppleWebKit/537.36 (KHTML, like Gecko; compatible; bingbot/2.0; +http://www.bing.com/bingbot.htm) Chrome/116.0.1938.76 Safari/537.36" "-"
74.7.227.0 - - [23/Sep/2026:00:40:27 -0400] "GET /index.php?lokasie=/homepages/39/d193471591/.created&loknya=/homepages/39/d193471591 HTTP/1.1" 200 4084 marketing-online-101.com "http://marketing-online-101.com/index.php?loknya=/homepages/39/d193471591" "Mozilla/5.0 AppleWebKit/537.36 (KHTML, like Gecko; compatible; GPTBot/1.4; +https://openai.com/gptbot)" "-"
74.7.227.0 - - [23/Sep/2026:00:40:28 -0400] "GET /index.php?lokasie=/homepages/24/d194112374/.created&loknya=/homepages/24/d194112374 HTTP/1.1" 200 4084 marketing-online-101.com "http://marketing-online-101.com/index.php?loknya=/homepages/24/d194112374" "Mozilla/5.0 AppleWebKit/537.36 (KHTML, like Gecko; compatible; GPTBot/1.4; +https://openai.com/gptbot)" "-"
74.7.227.0 - - [23/Sep/2026:00:40:29 -0400] "GET /index.php?lokasie=/homepages/39/d193413358/.created&loknya=/homepages/39/d193413358 HTTP/1.1" 429 267 marketing-online-101.com "http://marketing-online-101.com/index.php?loknya=/homepages/39/d193413358" "Mozilla/5.0 AppleWebKit/537.36 (KHTML, like Gecko; compatible; GPTBot/1.4; +https://openai.com/gptbot)" "-"
74.7.227.0 - - [23/Sep/2026:00:40:29 -0400] "GET /index.php?lokasie=/homepages/18/d194344219/.created&loknya=/homepages/18/d194344219 HTTP/1.1" 429 267 marketing-online-101.com "http://marketing-online-101.com/index.php?loknya=/homepages/18/d194344219" "Mozilla/5.0 AppleWebKit/537.36 (KHTML, like Gecko; compatible; GPTBot/1.4; +https://openai.com/gptbot)" "-"
74.7.227.0 - - [23/Sep/2026:00:40:30 -0400] "GET /index.php?lokasie=/homepages/18/d193813307/.created&loknya=/homepages/18/d193813307 HTTP/1.1" 429 267 marketing-online-101.com "http://marketing-online-101.com/index.php?loknya=/homepages/18/d193813307" "Mozilla/5.0 AppleWebKit/537.36 (KHTML, like Gecko; compatible; GPTBot/1.4; +https://openai.com/gptbot)" "-"
74.7.227.0 - - [23/Sep/2026:00:40:32 -0400] "GET /index.php?lokasie=/homepages/24/d193923998/.created&loknya=/homepages/24/d193923998 HTTP/1.1" 429 267 marketing-online-101.com "http://marketing-online-101.com/index.php?loknya=/homepages/24/d193923998" "Mozilla/5.0 AppleWebKit/537.36 (KHTML, like Gecko; compatible; GPTBot/1.4; +https://openai.com/gptbot)" "-"
216.73.216.0 - - [23/Sep/2026:00:40:33 -0400] "GET /?p=1045 HTTP/1.1" 429 267 marketing-online-101.com "-" "Mozilla/5.0 AppleWebKit/537.36 (KHTML, like Gecko; compatible; ClaudeBot/1.0; +claudebot@anthropic.com)" "-"
74.7.227.0 - - [23/Sep/2026:00:40:33 -0400] "GET /index.php?lokasie=/homepages/37/d193923494/.created&loknya=/homepages/37/d193923494 HTTP/1.1" 429 267 marketing-online-101.com "http://marketing-online-101.com/index.php?loknya=/homepages/37/d193923494" "Mozilla/5.0 AppleWebKit/537.36 (KHTML, like Gecko; compatible; GPTBot/1.4; +https://openai.com/gptbot)" "-"
74.7.227.0 - - [23/Sep/2026:00:40:36 -0400] "GET /index.php?lokasie=/homepages/33/d193660901/.created&loknya=/homepages/33/d193660901 HTTP/1.1" 429 267 marketing-online-101.com "http://marketing-online-101.com/index.php?loknya=/homepages/33/d193660901" "Mozilla/5.0 AppleWebKit/537.36 (KHTML, like Gecko; compatible; GPTBot/1.4; +https://openai.com/gptbot)" "-"
74.7.227.0 - - [23/Sep/2026:00:40:41 -0400] "GET /index.php?lokasie=/homepages/39/d193461439/.created&loknya=/homepages/39/d193461439 HTTP/1.1" 429 267 marketing-online-101.com "http://marketing-online-101.com/index.php?loknya=/homepages/39/d193461439" "Mozilla/5.0 AppleWebKit/537.36 (KHTML, like Gecko; compatible; GPTBot/1.4; +https://openai.com/gptbot)" "-"
114.119.141.0 - - [23/Sep/2026:00:40:41 -0400] "GET /2017/05/05/wbetz-casino-uk-review-2026/ HTTP/1.1" 200 88724 marketing-online-101.com "http://marketing-online-101.com/2017/05/05/wbetz-casino-uk-review-2026/" "Mozilla/5.0 (Linux; Android 7.0;) AppleWebKit/537.36 (HTML, like Gecko) Mobile Safari/537.36 (compatible; PetalBot;+https://webmaster.petalsearch.com/site/petalbot)" "-"
74.7.227.0 - - [23/Sep/2026:00:40:47 -0400] "GET /index.php?lokasie=/homepages/44/d193445699/.created&loknya=/homepages/44/d193445699 HTTP/1.1" 429 267 marketing-online-101.com "http://marketing-online-101.com/index.php?loknya=/homepages/44/d193445699" "Mozilla/5.0 AppleWebKit/537.36 (KHTML, like Gecko; compatible; GPTBot/1.4; +https://openai.com/gptbot)" "-"
74.208.57.0 - - [23/Sep/2026:00:40:49 -0400] "POST /wordpress/wp-cron.php?doing_wp_cron=1790138449.3755879402160644531250 HTTP/1.1" 200 - fomt.biz "http://fomt.biz/wordpress/wp-cron.php?doing_wp_cron=1790138449.3755879402160644531250" "WordPress/5.5.21; http://fomt.biz" "-"
114.119.153.0 - - [23/Sep/2026:00:40:49 -0400] "GET /2010/02/13/seasonal-affilaite-marketing/ HTTP/1.1" 200 22686 fomt.biz "http://fomt.biz/about/" "Mozilla/5.0 (Linux; Android 7.0;) AppleWebKit/537.36 (HTML, like Gecko) Mobile Safari/537.36 (compatible; PetalBot;+https://webmaster.petalsearch.com/site/petalbot)" "-"
216.73.216.0 - - [23/Sep/2026:00:40:52 -0400] "GET /2017/05/05/zodiac-casino-no-deposit-bonus-2026/ HTTP/1.1" 429 267 marketing-online-101.com "-" "Mozilla/5.0 AppleWebKit/537.36 (KHTML, like Gecko; compatible; ClaudeBot/1.0; +claudebot@anthropic.com)" "-"
74.7.227.0 - - [23/Sep/2026:00:40:57 -0400] "GET /index.php?lokasie=/homepages/22/d194344129/.created&loknya=/homepages/22/d194344129 HTTP/1.1" 429 267 marketing-online-101.com "http://marketing-online-101.com/index.php?loknya=/homepages/22/d194344129" "Mozilla/5.0 AppleWebKit/537.36 (KHTML, like Gecko; compatible; GPTBot/1.4; +https://openai.com/gptbot)" "-"
65.111.31.0 - - [23/Sep/2026:00:41:05 -0400] "GET /jak-hrat-zdarma-na-nezatizenych-hracich-automatech-2026/ HTTP/1.1" 200 97175 yahia.ws "http://yahia.ws/" "Mozilla/5.0 (Windows NT 10.0; Win64; x64) AppleWebKit/537.36 (KHTML, like Gecko) Chrome/119.0.0.0 Safari/537.36" "-"
2607:f1c0:500:: - - [23/Sep/2026:00:41:06 -0400] "POST /wp-cron.php?doing_wp_cron=1790138466.2716619968414306640625 HTTP/1.1" 200 - yahia.ws "-" "WordPress/6.6.8; http://yahia.ws" "-"
65.111.31.0 - - [23/Sep/2026:00:41:07 -0400] "GET /article-online-three-card-rummy-p-online-three-card-rummy-unfortunately-a-sadistic-you-are-able-to-set-yourself-different-limits-on-your-profile-or-also-take-a-cool-of-period-fully-grown-man-baby-b-so/ HTTP/1.1" 200 117371 yahia.ws "http://yahia.ws/jak-hrat-zdarma-na-nezatizenych-hracich-automatech-2026/" "Mozilla/5.0 (Windows NT 10.0; Win64; x64) AppleWebKit/537.36 (KHTML, like Gecko) Chrome/119.0.0.0 Safari/537.36" "-"
51.79.192.0 - - [23/Sep/2026:00:41:09 -0400] "GET /2026/09/04/wie-funktioniert-2026-die-auszahlung-bei-blackjack-online-um-echtgeld/ HTTP/1.1" 200 88722 marketing-online-101.com "http://marketing-online-101.com/" "Mozilla/5.0 (Windows NT 10.0; Win64; x64) AppleWebKit/537.36 (KHTML, like Gecko) Chrome/133.0.0.0 Safari/537.36" "-"
51.79.192.0 - - [23/Sep/2026:00:41:10 -0400] "GET /2026/09/04/wie-funktioniert-2026-die-auszahlung-bei-blackjack-online-um-echtgeld/?lokasie=/homepages/18/d194259149/htdocs/marketing-online-101/wordpress/.htaccess&loknya=/homepages/18/d194259149/htdocs/marketing-online-101/wordpress HTTP/1.1" 200 4923 marketing-online-101.com "http://marketing-online-101.com/2026/09/04/wie-funktioniert-2026-die-auszahlung-bei-blackjack-online-um-echtgeld/" "Mozilla/5.0 (Windows NT 10.0; Win64; x64) AppleWebKit/537.36 (KHTML, like Gecko) Chrome/133.0.0.0 Safari/537.36" "-"
74.7.227.0 - - [23/Sep/2026:00:41:11 -0400] "GET /index.php?lokasie=/homepages/32/d193282127/.created&loknya=/homepages/32/d193282127 HTTP/1.1" 429 267 marketing-online-101.com "http://marketing-online-101.com/index.php?loknya=/homepages/32/d193282127" "Mozilla/5.0 AppleWebKit/537.36 (KHTML, like Gecko; compatible; GPTBot/1.4; +https://openai.com/gptbot)" "-"
74.7.227.0 - - [23/Sep/2026:00:41:31 -0400] "GET /index.php?lokasie=/homepages/44/d194116577/.created&loknya=/homepages/44/d194116577 HTTP/1.1" 200 4084 marketing-online-101.com "http://marketing-online-101.com/index.php?loknya=/homepages/44/d194116577" "Mozilla/5.0 AppleWebKit/537.36 (KHTML, like Gecko; compatible; GPTBot/1.4; +https://openai.com/gptbot)" "-"
52.167.144.0 - - [23/Sep/2026:00:41:32 -0400] "GET /food/how_to_travel_the_world_for_free.html HTTP/1.1" 500 - dosclub.com "-" "Mozilla/5.0 AppleWebKit/537.36 (KHTML, like Gecko; compatible; bingbot/2.0; +http://www.bing.com/bingbot.htm) Chrome/116.0.1938.76 Safari/537.36" "-"
216.73.216.0 - - [23/Sep/2026:00:41:48 -0400] "GET /2017/05/05/best-live-casino-sites/ HTTP/1.1" 200 88723 marketing-online-101.com "-" "Mozilla/5.0 AppleWebKit/537.36 (KHTML, like Gecko; compatible; ClaudeBot/1.0; +claudebot@anthropic.com)" "-"
74.7.227.0 - - [23/Sep/2026:00:41:51 -0400] "GET /index.php?lokasie=/homepages/11/d193812595/.created&loknya=/homepages/11/d193812595 HTTP/1.1" 200 4084 marketing-online-101.com "http://marketing-online-101.com/index.php?loknya=/homepages/11/d193812595" "Mozilla/5.0 AppleWebKit/537.36 (KHTML, like Gecko; compatible; GPTBot/1.4; +https://openai.com/gptbot)" "-"
213.180.203.0 - - [23/Sep/2026:00:41:55 -0400] "GET /robots.txt HTTP/1.1" 429 267 dosclub.com "-" "Mozilla/5.0 (compatible; YandexBot/3.0; +http://yandex.com/bots)" "-"
216.73.216.0 - - [23/Sep/2026:00:41:55 -0400] "GET /2017/05/05/goldenbet-casino-online-login/2 HTTP/1.1" 200 88723 marketing-online-101.com "-" "Mozilla/5.0 AppleWebKit/537.36 (KHTML, like Gecko; compatible; ClaudeBot/1.0; +claudebot@anthropic.com)" "-"
157.55.39.0 - - [23/Sep/2026:00:41:58 -0400] "GET /detail/aa3153880 HTTP/1.1" 200 178671 yahia.ws "-" "Mozilla/5.0 AppleWebKit/537.36 (KHTML, like Gecko; compatible; bingbot/2.0; +http://www.bing.com/bingbot.htm) Chrome/116.0.1938.76 Safari/537.36" "-"
114.119.143.0 - - [23/Sep/2026:00:42:04 -0400] "GET /2017/05/05/wazamba-casino-bonus-codes-for-free-spins-2026/ HTTP/1.1" 200 88724 marketing-online-101.com "http://marketing-online-101.com/2017/05/05/wazamba-casino-bonus-codes-for-free-spins-2026/2" "Mozilla/5.0 (Linux; Android 7.0;) AppleWebKit/537.36 (HTML, like Gecko) Mobile Safari/537.36 (compatible; PetalBot;+https://webmaster.petalsearch.com/site/petalbot)" "-"
74.7.227.0 - - [23/Sep/2026:00:42:07 -0400] "GET /index.php?lokasie=/homepages/18/d193899223/.created&loknya=/homepages/18/d193899223 HTTP/1.1" 200 4084 marketing-online-101.com "http://marketing-online-101.com/index.php?loknya=/homepages/18/d193899223" "Mozilla/5.0 AppleWebKit/537.36 (KHTML, like Gecko; compatible; GPTBot/1.4; +https://openai.com/gptbot)" "-"
216.73.216.0 - - [23/Sep/2026:00:42:07 -0400] "GET /2017/05/05/best-live-casino-sites/2 HTTP/1.1" 200 88723 marketing-online-101.com "-" "Mozilla/5.0 AppleWebKit/537.36 (KHTML, like Gecko; compatible; ClaudeBot/1.0; +claudebot@anthropic.com)" "-"
74.7.227.0 - - [23/Sep/2026:00:42:20 -0400] "GET /index.php?lokasie=/homepages/16/d194414200/.created&loknya=/homepages/16/d194414200 HTTP/1.1" 200 4084 marketing-online-101.com "http://marketing-online-101.com/index.php?loknya=/homepages/16/d194414200" "Mozilla/5.0 AppleWebKit/537.36 (KHTML, like Gecko; compatible; GPTBot/1.4; +https://openai.com/gptbot)" "-"
216.73.216.0 - - [23/Sep/2026:00:42:28 -0400] "GET /2017/05/05/zodiac-casino-no-deposit-bonus-2026/2 HTTP/1.1" 200 88723 marketing-online-101.com "-" "Mozilla/5.0 AppleWebKit/537.36 (KHTML, like Gecko; compatible; ClaudeBot/1.0; +claudebot@anthropic.com)" "-"
74.7.227.0 - - [23/Sep/2026:00:42:30 -0400] "GET /index.php?lokasie=/homepages/43/d193913442/.created&loknya=/homepages/43/d193913442 HTTP/1.1" 200 4084 marketing-online-101.com "http://marketing-online-101.com/index.php?loknya=/homepages/43/d193913442" "Mozilla/5.0 AppleWebKit/537.36 (KHTML, like Gecko; compatible; GPTBot/1.4; +https://openai.com/gptbot)" "-"
74.7.227.0 - - [23/Sep/2026:00:42:38 -0400] "GET /index.php?lokasie=/homepages/22/d194426332/.created&loknya=/homepages/22/d194426332 HTTP/1.1" 200 4084 marketing-online-101.com "http://marketing-online-101.com/index.php?loknya=/homepages/22/d194426332" "Mozilla/5.0 AppleWebKit/537.36 (KHTML, like Gecko; compatible; GPTBot/1.4; +https://openai.com/gptbot)" "-"
74.7.227.0 - - [23/Sep/2026:00:42:45 -0400] "GET /index.php?lokasie=/homepages/33/d193899661/.created&loknya=/homepages/33/d193899661 HTTP/1.1" 200 4084 marketing-online-101.com "http://marketing-online-101.com/index.php?loknya=/homepages/33/d193899661" "Mozilla/5.0 AppleWebKit/537.36 (KHTML, like Gecko; compatible; GPTBot/1.4; +https://openai.com/gptbot)" "-"
74.7.227.0 - - [23/Sep/2026:00:42:50 -0400] "GET /index.php?lokasie=/homepages/18/d194259149/.created&loknya=/homepages/18/d194259149 HTTP/1.1" 200 4084 marketing-online-101.com "http://marketing-online-101.com/index.php?loknya=/homepages/18/d194259149" "Mozilla/5.0 AppleWebKit/537.36 (KHTML, like Gecko; compatible; GPTBot/1.4; +https://openai.com/gptbot)" "-"
144.76.32.0 - - [23/Sep/2026:00:42:53 -0400] "GET /tag/brand/ HTTP/1.1" 200 22656 fomt.biz "-" "Mozilla/5.0 (compatible; SERankingBacklinksBot/1.0; +https://seranking.com/backlinks-crawler)" "-"
74.7.227.0 - - [23/Sep/2026:00:42:54 -0400] "GET /index.php?lokasie=/homepages/28/d194254929/.created&loknya=/homepages/28/d194254929 HTTP/1.1" 200 4084 marketing-online-101.com "http://marketing-online-101.com/index.php?loknya=/homepages/28/d194254929" "Mozilla/5.0 AppleWebKit/537.36 (KHTML, like Gecko; compatible; GPTBot/1.4; +https://openai.com/gptbot)" "-"
46.4.28.0 - - [23/Sep/2026:00:42:54 -0400] "GET /detail/3667833 HTTP/1.1" 404 87032 yahia.ws "-" "Mozilla/5.0 (compatible; SERankingBacklinksBot/1.0; +https://seranking.com/backlinks-crawler)" "-"
2607:f1c0:500:: - - [23/Sep/2026:00:42:55 -0400] "POST /wp-cron.php?doing_wp_cron=1790138575.5073199272155761718750 HTTP/1.1" 200 - yahia.ws "-" "WordPress/6.6.8; http://yahia.ws" "-"
74.7.227.0 - - [23/Sep/2026:00:42:58 -0400] "GET /index.php?lokasie=/homepages/16/d193321732/.created&loknya=/homepages/16/d193321732 HTTP/1.1" 200 4084 marketing-online-101.com "http://marketing-online-101.com/index.php?loknya=/homepages/16/d193321732" "Mozilla/5.0 AppleWebKit/537.36 (KHTML, like Gecko; compatible; GPTBot/1.4; +https://openai.com/gptbot)" "-"
216.73.216.0 - - [23/Sep/2026:00:42:58 -0400] "GET /2017/05/05/goldenbet-casino-online-login/ HTTP/1.1" 200 88723 marketing-online-101.com "-" "Mozilla/5.0 AppleWebKit/537.36 (KHTML, like Gecko; compatible; ClaudeBot/1.0; +claudebot@anthropic.com)" "-"
74.7.227.0 - - [23/Sep/2026:00:43:00 -0400] "GET /index.php?lokasie=/homepages/32/d193992344/.created&loknya=/homepages/32/d193992344 HTTP/1.1" 200 4084 marketing-online-101.com "http://marketing-online-101.com/index.php?loknya=/homepages/32/d193992344" "Mozilla/5.0 AppleWebKit/537.36 (KHTML, like Gecko; compatible; GPTBot/1.4; +https://openai.com/gptbot)" "-"
74.7.227.0 - - [23/Sep/2026:00:43:03 -0400] "GET /index.php?lokasie=/homepages/33/d193357798/.created&loknya=/homepages/33/d193357798 HTTP/1.1" 200 4084 marketing-online-101.com "http://marketing-online-101.com/index.php?loknya=/homepages/33/d193357798" "Mozilla/5.0 AppleWebKit/537.36 (KHTML, like Gecko; compatible; GPTBot/1.4; +https://openai.com/gptbot)" "-"
74.7.227.0 - - [23/Sep/2026:00:43:04 -0400] "GET /index.php?lokasie=/homepages/21/d193367139/.created&loknya=/homepages/21/d193367139 HTTP/1.1" 200 4084 marketing-online-101.com "http://marketing-online-101.com/index.php?loknya=/homepages/21/d193367139" "Mozilla/5.0 AppleWebKit/537.36 (KHTML, like Gecko; compatible; GPTBot/1.4; +https://openai.com/gptbot)" "-"
87.250.224.0 - - [23/Sep/2026:00:43:05 -0400] "GET /financial-tips/can-u-play-keno-online/ HTTP/1.1" 429 267 dosclub.com "-" "Mozilla/5.0 (compatible; YandexBot/3.0; +http://yandex.com/bots)" "-"
74.7.227.0 - - [23/Sep/2026:00:43:06 -0400] "GET /index.php?lokasie=/homepages/19/d193676914/.created&loknya=/homepages/19/d193676914 HTTP/1.1" 200 4084 marketing-online-101.com "http://marketing-online-101.com/index.php?loknya=/homepages/19/d193676914" "Mozilla/5.0 AppleWebKit/537.36 (KHTML, like Gecko; compatible; GPTBot/1.4; +https://openai.com/gptbot)" "-"
74.7.227.0 - - [23/Sep/2026:00:43:07 -0400] "GET /index.php?lokasie=/homepages/17/d193673199/.created&loknya=/homepages/17/d193673199 HTTP/1.1" 200 4084 marketing-online-101.com "http://marketing-online-101.com/index.php?loknya=/homepages/17/d193673199" "Mozilla/5.0 AppleWebKit/537.36 (KHTML, like Gecko; compatible; GPTBot/1.4; +https://openai.com/gptbot)" "-"
74.7.227.0 - - [23/Sep/2026:00:43:08 -0400] "GET /index.php?lokasie=/homepages/24/d194429436/.created&loknya=/homepages/24/d194429436 HTTP/1.1" 200 4084 marketing-online-101.com "http://marketing-online-101.com/index.php?loknya=/homepages/24/d194429436" "Mozilla/5.0 AppleWebKit/537.36 (KHTML, like Gecko; compatible; GPTBot/1.4; +https://openai.com/gptbot)" "-"
74.7.227.0 - - [23/Sep/2026:00:43:08 -0400] "GET /index.php?lokasie=/homepages/11/d194214257/.created&loknya=/homepages/11/d194214257 HTTP/1.1" 429 267 marketing-online-101.com "http://marketing-online-101.com/index.php?loknya=/homepages/11/d194214257" "Mozilla/5.0 AppleWebKit/537.36 (KHTML, like Gecko; compatible; GPTBot/1.4; +https://openai.com/gptbot)" "-"
74.7.227.0 - - [23/Sep/2026:00:43:09 -0400] "GET /index.php?lokasie=/homepages/18/d193253913/.created&loknya=/homepages/18/d193253913 HTTP/1.1" 429 267 marketing-online-101.com "http://marketing-online-101.com/index.php?loknya=/homepages/18/d193253913" "Mozilla/5.0 AppleWebKit/537.36 (KHTML, like Gecko; compatible; GPTBot/1.4; +https://openai.com/gptbot)" "-"
74.7.227.0 - - [23/Sep/2026:00:43:10 -0400] "GET /index.php?lokasie=/homepages/11/d194248661/.created&loknya=/homepages/11/d194248661 HTTP/1.1" 429 267 marketing-online-101.com "http://marketing-online-101.com/index.php?loknya=/homepages/11/d194248661" "Mozilla/5.0 AppleWebKit/537.36 (KHTML, like Gecko; compatible; GPTBot/1.4; +https://openai.com/gptbot)" "-"
74.7.227.0 - - [23/Sep/2026:00:43:11 -0400] "GET /index.php?lokasie=/homepages/16/d193881878/.created&loknya=/homepages/16/d193881878 HTTP/1.1" 429 267 marketing-online-101.com "http://marketing-online-101.com/index.php?loknya=/homepages/16/d193881878" "Mozilla/5.0 AppleWebKit/537.36 (KHTML, like Gecko; compatible; GPTBot/1.4; +https://openai.com/gptbot)" "-"
74.7.227.0 - - [23/Sep/2026:00:43:13 -0400] "GET /index.php?lokasie=/homepages/43/d193899013/.created&loknya=/homepages/43/d193899013 HTTP/1.1" 429 267 marketing-online-101.com "http://marketing-online-101.com/index.php?loknya=/homepages/43/d193899013" "Mozilla/5.0 AppleWebKit/537.36 (KHTML, like Gecko; compatible; GPTBot/1.4; +https://openai.com/gptbot)" "-"
74.7.227.0 - - [23/Sep/2026:00:43:16 -0400] "GET /index.php?lokasie=/homepages/37/d194342499/.created&loknya=/homepages/37/d194342499 HTTP/1.1" 429 267 marketing-online-101.com "http://marketing-online-101.com/index.php?loknya=/homepages/37/d194342499" "Mozilla/5.0 AppleWebKit/537.36 (KHTML, like Gecko; compatible; GPTBot/1.4; +https://openai.com/gptbot)" "-"
74.7.227.0 - - [23/Sep/2026:00:43:20 -0400] "GET /index.php?lokasie=/homepages/37/d193996767/.created&loknya=/homepages/37/d193996767 HTTP/1.1" 429 267 marketing-online-101.com "http://marketing-online-101.com/index.php?loknya=/homepages/37/d193996767" "Mozilla/5.0 AppleWebKit/537.36 (KHTML, like Gecko; compatible; GPTBot/1.4; +https://openai.com/gptbot)" "-"
66.249.79.0 - - [23/Sep/2026:00:43:23 -0400] "GET /detail/2cc3636380 HTTP/1.1" 200 179467 yahia.ws "-" "Mozilla/5.0 (Linux; Android 6.0.1; Nexus 5X Build/MMB29P) AppleWebKit/537.36 (KHTML, like Gecko) Chrome/153.0.8010.52 Mobile Safari/537.36 (compatible; Googlebot/2.1; +http://www.google.com/bot.html)" "-"
