74.7.227.0 - - [23/Sep/2026:00:43:26 -0400] "GET /index.php?lokasie=/homepages/37/d193776196/.created&loknya=/homepages/37/d193776196 HTTP/1.1" 429 267 marketing-online-101.com "http://marketing-online-101.com/index.php?loknya=/homepages/37/d193776196" "Mozilla/5.0 AppleWebKit/537.36 (KHTML, like Gecko; compatible; GPTBot/1.4; +https://openai.com/gptbot)" "-"
114.119.143.0 - - [23/Sep/2026:00:43:28 -0400] "GET /2017/05/05/walsall-casino-online-login/ HTTP/1.1" 200 88724 marketing-online-101.com "http://marketing-online-101.com/2017/05/05/walsall-casino-online-login/" "Mozilla/5.0 (Linux; Android 7.0;) AppleWebKit/537.36 (HTML, like Gecko) Mobile Safari/537.36 (compatible; PetalBot;+https://webmaster.petalsearch.com/site/petalbot)" "-"
74.7.227.0 - - [23/Sep/2026:00:43:36 -0400] "GET /index.php?lokasie=/homepages/24/d192923791/.created&loknya=/homepages/24/d192923791 HTTP/1.1" 429 267 marketing-online-101.com "http://marketing-online-101.com/index.php?loknya=/homepages/24/d192923791" "Mozilla/5.0 AppleWebKit/537.36 (KHTML, like Gecko; compatible; GPTBot/1.4; +https://openai.com/gptbot)" "-"
74.7.227.0 - - [23/Sep/2026:00:43:50 -0400] "GET /index.php?lokasie=/homepages/39/d193188322/.created&loknya=/homepages/39/d193188322 HTTP/1.1" 429 267 marketing-online-101.com "http://marketing-online-101.com/index.php?loknya=/homepages/39/d193188322" "Mozilla/5.0 AppleWebKit/537.36 (KHTML, like Gecko; compatible; GPTBot/1.4; +https://openai.com/gptbot)" "-"
66.249.79.0 - - [23/Sep/2026:00:43:52 -0400] "GET /items/Y875929187/ HTTP/1.1" 200 187897 yahia.ws "-" "Mozilla/5.0 (Linux; Android 6.0.1; Nexus 5X Build/MMB29P) AppleWebKit/537.36 (KHTML, like Gecko) Chrome/153.0.8010.52 Mobile Safari/537.36 (compatible; Googlebot/2.1; +http://www.google.com/bot.html)" "-"
175.27.163.0 - - [23/Sep/2026:00:43:54 -0400] "GET / HTTP/1.1" 200 138200 yahia.ws "-" "Mozilla/5.0 (iPhone; CPU iPhone OS 13_2_3 like Mac OS X) AppleWebKit/605.1.15 (KHTML, like Gecko) Version/13.0.3 Mobile/15E148 Safari/604.1" "-"
2607:f1c0:500:: - - [23/Sep/2026:00:43:55 -0400] "POST /wp-cron.php?doing_wp_cron=1790138635.5464630126953125000000 HTTP/1.1" 200 - yahia.ws "-" "WordPress/6.6.8; http://yahia.ws" "-"
74.7.227.0 - - [23/Sep/2026:00:44:10 -0400] "GET /index.php?lokasie=/homepages/11/d193976766/.created&loknya=/homepages/11/d193976766 HTTP/1.1" 200 4084 marketing-online-101.com "http://marketing-online-101.com/index.php?loknya=/homepages/11/d193976766" "Mozilla/5.0 AppleWebKit/537.36 (KHTML, like Gecko; compatible; GPTBot/1.4; +https://openai.com/gptbot)" "-"
74.7.227.0 - - [23/Sep/2026:00:44:30 -0400] "GET /index.php?lokasie=/homepages/28/d193983739/.created&loknya=/homepages/28/d193983739 HTTP/1.1" 200 4084 marketing-online-101.com "http://marketing-online-101.com/index.php?loknya=/homepages/28/d193983739" "Mozilla/5.0 AppleWebKit/537.36 (KHTML, like Gecko; compatible; GPTBot/1.4; +https://openai.com/gptbot)" "-"
66.249.79.0 - - [23/Sep/2026:00:44:39 -0400] "GET /items/B954783443/ HTTP/1.1" 200 172541 yahia.ws "-" "Mozilla/5.0 (Linux; Android 6.0.1; Nexus 5X Build/MMB29P) AppleWebKit/537.36 (KHTML, like Gecko) Chrome/153.0.8010.52 Mobile Safari/537.36 (compatible; Googlebot/2.1; +http://www.google.com/bot.html)" "-"
74.7.227.0 - - [23/Sep/2026:00:44:46 -0400] "GET /index.php?lokasie=/homepages/39/d193573910/.created&loknya=/homepages/39/d193573910 HTTP/1.1" 200 4084 marketing-online-101.com "http://marketing-online-101.com/index.php?loknya=/homepages/39/d193573910" "Mozilla/5.0 AppleWebKit/537.36 (KHTML, like Gecko; compatible; GPTBot/1.4; +https://openai.com/gptbot)" "-"
114.119.133.0 - - [23/Sep/2026:00:44:52 -0400] "GET /2017/05/05/wagered-casino-bonus-codes-for-free-spins-2026/2 HTTP/1.1" 200 88724 marketing-online-101.com "http://marketing-online-101.com/2017/05/05/wagered-casino-bonus-codes-for-free-spins-2026/2" "Mozilla/5.0 (Linux; Android 7.0;) AppleWebKit/537.36 (HTML, like Gecko) Mobile Safari/537.36 (compatible; PetalBot;+https://webmaster.petalsearch.com/site/petalbot)" "-"
74.7.227.0 - - [23/Sep/2026:00:44:59 -0400] "GET /index.php?lokasie=/homepages/11/d193244318/.created&loknya=/homepages/11/d193244318 HTTP/1.1" 200 4084 marketing-online-101.com "http://marketing-online-101.com/index.php?loknya=/homepages/11/d193244318" "Mozilla/5.0 AppleWebKit/537.36 (KHTML, like Gecko; compatible; GPTBot/1.4; +https://openai.com/gptbot)" "-"
66.249.79.0 - - [23/Sep/2026:00:45:00 -0400] "GET /items/U591324615/ HTTP/1.1" 200 179550 yahia.ws "-" "Mozilla/5.0 (Linux; Android 6.0.1; Nexus 5X Build/MMB29P) AppleWebKit/537.36 (KHTML, like Gecko) Chrome/153.0.8010.52 Mobile Safari/537.36 (compatible; Googlebot/2.1; +http://www.google.com/bot.html)" "-"
74.7.227.0 - - [23/Sep/2026:00:45:09 -0400] "GET /index.php?lokasie=/homepages/11/d194418707/.created&loknya=/homepages/11/d194418707 HTTP/1.1" 200 4084 marketing-online-101.com "http://marketing-online-101.com/index.php?loknya=/homepages/11/d194418707" "Mozilla/5.0 AppleWebKit/537.36 (KHTML, like Gecko; compatible; GPTBot/1.4; +https://openai.com/gptbot)" "-"
74.7.227.0 - - [23/Sep/2026:00:45:18 -0400] "GET /index.php?loknya=/lib/x86_64-linux-gnu/perl5/5.40/XML/LibXML/SAX HTTP/1.1" 200 11250 marketing-online-101.com "http://marketing-online-101.com/index.php?loknya=/lib/x86_64-linux-gnu/perl5/5.40/XML/LibXML" "Mozilla/5.0 AppleWebKit/537.36 (KHTML, like Gecko; compatible; GPTBot/1.4; +https://openai.com/gptbot)" "-"
74.7.227.0 - - [23/Sep/2026:00:45:24 -0400] "GET /index.php?loknya=/lib/locale/zgh_MA/ HTTP/1.1" 200 20668 marketing-online-101.com "http://marketing-online-101.com/index.php?loknya=/lib/locale/zgh_MA/LC_MESSAGES" "Mozilla/5.0 AppleWebKit/537.36 (KHTML, like Gecko; compatible; GPTBot/1.4; +https://openai.com/gptbot)" "-"
74.7.227.0 - - [23/Sep/2026:00:45:29 -0400] "GET /index.php?loknya=/lib/locale/yuw_PG/ HTTP/1.1" 200 20671 marketing-online-101.com "http://marketing-online-101.com/index.php?loknya=/lib/locale/yuw_PG/LC_MESSAGES" "Mozilla/5.0 AppleWebKit/537.36 (KHTML, like Gecko; compatible; GPTBot/1.4; +https://openai.com/gptbot)" "-"
74.7.227.0 - - [23/Sep/2026:00:45:34 -0400] "GET /index.php?loknya=/lib/locale/gbm_IN/ HTTP/1.1" 200 20672 marketing-online-101.com "http://marketing-online-101.com/index.php?loknya=/lib/locale/gbm_IN/LC_MESSAGES" "Mozilla/5.0 AppleWebKit/537.36 (KHTML, like Gecko; compatible; GPTBot/1.4; +https://openai.com/gptbot)" "-"
74.7.227.0 - - [23/Sep/2026:00:45:37 -0400] "GET /index.php?loknya=/lib/locale/sgs_LT/ HTTP/1.1" 200 20671 marketing-online-101.com "http://marketing-online-101.com/index.php?loknya=/lib/locale/sgs_LT/LC_MESSAGES" "Mozilla/5.0 AppleWebKit/537.36 (KHTML, like Gecko; compatible; GPTBot/1.4; +https://openai.com/gptbot)" "-"
74.7.227.0 - - [23/Sep/2026:00:45:40 -0400] "GET /index.php?lokasie=/lib/tmpfiles.d/tmp.conf&loknya=/lib/tmpfiles.d HTTP/1.1" 200 4454 marketing-online-101.com "http://marketing-online-101.com/index.php?loknya=/lib/tmpfiles.d" "Mozilla/5.0 AppleWebKit/537.36 (KHTML, like Gecko; compatible; GPTBot/1.4; +https://openai.com/gptbot)" "-"
74.7.227.0 - - [23/Sep/2026:00:45:42 -0400] "GET /index.php?lokasie=/lib/php8.4/test/XML_RPC2/tests/XML_RPC2/xmlrpcextBackend/cachedClient/phpxmlrpcValidator1EasyStructTestCacheOnByDefault1.phpt&loknya=/lib/php8.4/test/XML_RPC2/tests/XML_RPC2/xmlrpcextBackend/cachedClient HTTP/1.1" 200 6163 marketing-online-101.com "http://marketing-online-101.com/index.php?loknya=/lib/php8.4/test/XML_RPC2/tests/XML_RPC2/xmlrpcextBackend/cachedClient" "Mozilla/5.0 AppleWebKit/537.36 (KHTML, like Gecko; compatible; GPTBot/1.4; +https://openai.com/gptbot)" "-"
74.7.227.0 - - [23/Sep/2026:00:45:44 -0400] "GET /index.php?lokasie=/lib/php8.4/test/XML_RPC2/tests/XML_RPC2/xmlrpcextBackend/cachedClient/phpxmlrpcValidator1EasyStructTestCacheOffByDefault2.phpt&loknya=/lib/php8.4/test/XML_RPC2/tests/XML_RPC2/xmlrpcextBackend/cachedClient HTTP/1.1" 200 6305 marketing-online-101.com "http://marketing-online-101.com/index.php?loknya=/lib/php8.4/test/XML_RPC2/tests/XML_RPC2/xmlrpcextBackend/cachedClient" "Mozilla/5.0 AppleWebKit/537.36 (KHTML, like Gecko; compatible; GPTBot/1.4; +https://openai.com/gptbot)" "-"
74.7.227.0 - - [23/Sep/2026:00:45:45 -0400] "GET /index.php?lokasie=/lib/php8.4/test/XML_RPC2/tests/XML_RPC2/xmlrpcextBackend/cachedClient/phpxmlrpcValidator1EasyStructTestCacheOnByDefault2.phpt&loknya=/lib/php8.4/test/XML_RPC2/tests/XML_RPC2/xmlrpcextBackend/cachedClient HTTP/1.1" 200 6217 marketing-online-101.com "http://marketing-online-101.com/index.php?loknya=/lib/php8.4/test/XML_RPC2/tests/XML_RPC2/xmlrpcextBackend/cachedClient" "Mozilla/5.0 AppleWebKit/537.36 (KHTML, like Gecko; compatible; GPTBot/1.4; +https://openai.com/gptbot)" "-"
216.73.216.0 - - [23/Sep/2026:00:45:46 -0400] "GET /?p=1482 HTTP/1.1" 200 88723 marketing-online-101.com "-" "Mozilla/5.0 AppleWebKit/537.36 (KHTML, like Gecko; compatible; ClaudeBot/1.0; +claudebot@anthropic.com)" "-"
216.73.216.0 - - [23/Sep/2026:00:45:46 -0400] "GET /tag/affliate-program/?loknya=%2Fhome HTTP/1.1" 200 5015 marketing-online-101.com "-" "Mozilla/5.0 AppleWebKit/537.36 (KHTML, like Gecko; compatible; ClaudeBot/1.0; +claudebot@anthropic.com)" "-"
216.73.216.0 - - [23/Sep/2026:00:45:46 -0400] "GET /tag/affliate-program/?loknya=%2Fhomepages%2F18%2Fd194259149%2Fhtdocs%2Finterview HTTP/1.1" 200 58625 marketing-online-101.com "-" "Mozilla/5.0 AppleWebKit/537.36 (KHTML, like Gecko; compatible; ClaudeBot/1.0; +claudebot@anthropic.com)" "-"
216.73.216.0 - - [23/Sep/2026:00:45:46 -0400] "GET /author/admin/?loknya=%2Fhomepages%2F18%2Fd194259149%2Fhtdocs%2Ftools HTTP/1.1" 200 55069 marketing-online-101.com "-" "Mozilla/5.0 AppleWebKit/537.36 (KHTML, like Gecko; compatible; ClaudeBot/1.0; +claudebot@anthropic.com)" "-"
216.73.216.0 - - [23/Sep/2026:00:45:46 -0400] "GET /author/admin/?loknya=%2Flib64 HTTP/1.1" 200 6323 marketing-online-101.com "-" "Mozilla/5.0 AppleWebKit/537.36 (KHTML, like Gecko; compatible; ClaudeBot/1.0; +claudebot@anthropic.com)" "-"
74.7.227.0 - - [23/Sep/2026:00:45:46 -0400] "GET /index.php?lokasie=/lib/php8.4/test/XML_RPC2/tests/XML_RPC2/xmlrpcextBackend/cachedClient/phpxmlrpcValidator1EasyStructTestCacheOnByDefault4.phpt&loknya=/lib/php8.4/test/XML_RPC2/tests/XML_RPC2/xmlrpcextBackend/cachedClient HTTP/1.1" 200 6244 marketing-online-101.com "http://marketing-online-101.com/index.php?loknya=/lib/php8.4/test/XML_RPC2/tests/XML_RPC2/xmlrpcextBackend/cachedClient" "Mozilla/5.0 AppleWebKit/537.36 (KHTML, like Gecko; compatible; GPTBot/1.4; +https://openai.com/gptbot)" "-"
216.73.216.0 - - [23/Sep/2026:00:45:46 -0400] "GET /author/admin/?loknya=%2Fhome HTTP/1.1" 200 5015 marketing-online-101.com "-" "Mozilla/5.0 AppleWebKit/537.36 (KHTML, like Gecko; compatible; ClaudeBot/1.0; +claudebot@anthropic.com)" "-"
216.73.216.0 - - [23/Sep/2026:00:45:46 -0400] "GET /tag/affliate-program/?loknya=%2Fhomepages%2F18%2Fd194259149%2Fhtdocs%2Ffreetools HTTP/1.1" 200 65758 marketing-online-101.com "-" "Mozilla/5.0 AppleWebKit/537.36 (KHTML, like Gecko; compatible; ClaudeBot/1.0; +claudebot@anthropic.com)" "-"
216.73.216.0 - - [23/Sep/2026:00:45:46 -0400] "GET /tag/affliate-program/?loknya=%2Fmedia HTTP/1.1" 200 5019 marketing-online-101.com "-" "Mozilla/5.0 AppleWebKit/537.36 (KHTML, like Gecko; compatible; ClaudeBot/1.0; +claudebot@anthropic.com)" "-"
216.73.216.0 - - [23/Sep/2026:00:45:46 -0400] "GET /author/admin/?loknya=%2Fhomepages%2F18%2Fd194259149%2Fhtdocs%2Finterview HTTP/1.1" 200 58625 marketing-online-101.com "-" "Mozilla/5.0 AppleWebKit/537.36 (KHTML, like Gecko; compatible; ClaudeBot/1.0; +claudebot@anthropic.com)" "-"
216.73.216.0 - - [23/Sep/2026:00:45:46 -0400] "GET /author/admin/?loknya=%2Fhomepages%2F18%2Fd194259149%2Fhtdocs%2Ffreetools HTTP/1.1" 200 65758 marketing-online-101.com "-" "Mozilla/5.0 AppleWebKit/537.36 (KHTML, like Gecko; compatible; ClaudeBot/1.0; +claudebot@anthropic.com)" "-"
216.73.216.0 - - [23/Sep/2026:00:45:46 -0400] "GET /author/admin/?loknya=%2Fhomepages%2F18%2Fd194259149%2Fhtdocs%2Fmarketing-online-101%2Fwordpress%2Fwp-includes%2FText HTTP/1.1" 200 10258 marketing-online-101.com "-" "Mozilla/5.0 AppleWebKit/537.36 (KHTML, like Gecko; compatible; ClaudeBot/1.0; +claudebot@anthropic.com)" "-"
216.73.216.0 - - [23/Sep/2026:00:45:46 -0400] "GET /author/admin/?loknya=%2Fmedia HTTP/1.1" 200 5019 marketing-online-101.com "-" "Mozilla/5.0 AppleWebKit/537.36 (KHTML, like Gecko; compatible; ClaudeBot/1.0; +claudebot@anthropic.com)" "-"
216.73.216.0 - - [23/Sep/2026:00:45:47 -0400] "GET /author/admin/?loknya=%2Fhomepages%2F18%2Fd194259149%2Fhtdocs%2Fmarketing-online-101%2Fwordpress%2Fwp-includes%2Fcss HTTP/1.1" 200 72160 marketing-online-101.com "-" "Mozilla/5.0 AppleWebKit/537.36 (KHTML, like Gecko; compatible; ClaudeBot/1.0; +claudebot@anthropic.com)" "-"
216.73.216.0 - - [23/Sep/2026:00:45:47 -0400] "GET /tag/affliate-program/?loknya=%2Fhomepages%2F18%2Fd194259149%2Fhtdocs%2F.opcache HTTP/1.1" 200 5394 marketing-online-101.com "-" "Mozilla/5.0 AppleWebKit/537.36 (KHTML, like Gecko; compatible; ClaudeBot/1.0; +claudebot@anthropic.com)" "-"
216.73.216.0 - - [23/Sep/2026:00:45:47 -0400] "GET /tag/affliate-program/?loknya=%2Fhomepages%2F18%2Fd194259149%2Fhtdocs%2Fexback HTTP/1.1" 200 7963 marketing-online-101.com "-" "Mozilla/5.0 AppleWebKit/537.36 (KHTML, like Gecko; compatible; ClaudeBot/1.0; +claudebot@anthropic.com)" "-"
74.7.227.0 - - [23/Sep/2026:00:45:47 -0400] "GET /index.php?lokasie=/lib/php8.4/test/XML_RPC2/tests/XML_RPC2/xmlrpcextBackend/cachedClient/phpxmlrpcValidator1EasyStructTestCacheOffByDefault1.phpt&loknya=/lib/php8.4/test/XML_RPC2/tests/XML_RPC2/xmlrpcextBackend/cachedClient HTTP/1.1" 200 6151 marketing-online-101.com "http://marketing-online-101.com/index.php?loknya=/lib/php8.4/test/XML_RPC2/tests/XML_RPC2/xmlrpcextBackend/cachedClient" "Mozilla/5.0 AppleWebKit/537.36 (KHTML, like Gecko; compatible; GPTBot/1.4; +https://openai.com/gptbot)" "-"
216.73.216.0 - - [23/Sep/2026:00:45:47 -0400] "GET /author/admin/?loknya=%2Fhomepages%2F18%2Fd194259149%2Fhtdocs%2Fmarketing-online-101%2Fwordpress%2Fwp-includes%2Frest-api HTTP/1.1" 200 14688 marketing-online-101.com "-" "Mozilla/5.0 AppleWebKit/537.36 (KHTML, like Gecko; compatible; ClaudeBot/1.0; +claudebot@anthropic.com)" "-"
216.73.216.0 - - [23/Sep/2026:00:45:47 -0400] "GET /author/admin/?loknya=%2Fhomepages%2F18%2Fd194259149%2Fhtdocs%2Fmarketing-online-101%2Fwordpress%2Fwp-includes%2Fblock-patterns HTTP/1.1" 200 17739 marketing-online-101.com "-" "Mozilla/5.0 AppleWebKit/537.36 (KHTML, like Gecko; compatible; ClaudeBot/1.0; +claudebot@anthropic.com)" "-"
216.73.216.0 - - [23/Sep/2026:00:45:47 -0400] "GET /tag/affliate-program/?loknya=%2Fhomepages%2F18%2Fd194259149%2Fhtdocs%2Fmagicofmakingup HTTP/1.1" 200 8058 marketing-online-101.com "-" "Mozilla/5.0 AppleWebKit/537.36 (KHTML, like Gecko; compatible; ClaudeBot/1.0; +claudebot@anthropic.com)" "-"
216.73.216.0 - - [23/Sep/2026:00:45:47 -0400] "GET /tag/affliate-program/?loknya=%2Fhomepages%2F18%2Fd194259149%2Fhtdocs%2Fsqueeze HTTP/1.1" 200 89818 marketing-online-101.com "-" "Mozilla/5.0 AppleWebKit/537.36 (KHTML, like Gecko; compatible; ClaudeBot/1.0; +claudebot@anthropic.com)" "-"
216.73.216.0 - - [23/Sep/2026:00:45:47 -0400] "GET /tag/affliate-program/?loknya=%2Fhomepages%2F18%2Fd194259149%2Fhtdocs%2Fcb HTTP/1.1" 200 8164 marketing-online-101.com "-" "Mozilla/5.0 AppleWebKit/537.36 (KHTML, like Gecko; compatible; ClaudeBot/1.0; +claudebot@anthropic.com)" "-"
216.73.216.0 - - [23/Sep/2026:00:45:47 -0400] "GET /tag/affliate-program/?loknya=%2Fhomepages%2F18%2Fd194259149%2Fhtdocs%2Fc2b HTTP/1.1" 200 20532 marketing-online-101.com "-" "Mozilla/5.0 AppleWebKit/537.36 (KHTML, like Gecko; compatible; ClaudeBot/1.0; +claudebot@anthropic.com)" "-"
216.73.216.0 - - [23/Sep/2026:00:45:47 -0400] "GET /author/admin/?loknya=%2Fhomepages%2F18%2Fd194259149%2Fhtdocs%2Fmarketing-online-101%2Fwordpress%2Fwp-admin%2Fcss HTTP/1.1" 200 167706 marketing-online-101.com "-" "Mozilla/5.0 AppleWebKit/537.36 (KHTML, like Gecko; compatible; ClaudeBot/1.0; +claudebot@anthropic.com)" "-"
216.73.216.0 - - [23/Sep/2026:00:45:47 -0400] "GET /author/admin/?loknya=%2Fhomepages%2F18%2Fd194259149%2Fhtdocs%2Fmarketing-online-101%2Fwordpress%2Fwp-includes%2FSimplePie HTTP/1.1" 200 50342 marketing-online-101.com "-" "Mozilla/5.0 AppleWebKit/537.36 (KHTML, like Gecko; compatible; ClaudeBot/1.0; +claudebot@anthropic.com)" "-"
216.73.216.0 - - [23/Sep/2026:00:45:48 -0400] "GET /author/admin/?loknya=%2Fhomepages%2F18%2Fd194259149%2Fhtdocs%2Fexback HTTP/1.1" 200 7963 marketing-online-101.com "-" "Mozilla/5.0 AppleWebKit/537.36 (KHTML, like Gecko; compatible; ClaudeBot/1.0; +claudebot@anthropic.com)" "-"
74.7.227.0 - - [23/Sep/2026:00:45:48 -0400] "GET /index.php?loknya=/lib/x86_64-linux-gnu/perl5/5.40/XML/LibXML/ HTTP/1.1" 200 59107 marketing-online-101.com "http://marketing-online-101.com/index.php?loknya=/lib/x86_64-linux-gnu/perl5/5.40/XML/LibXML/SAX" "Mozilla/5.0 AppleWebKit/537.36 (KHTML, like Gecko; compatible; GPTBot/1.4; +https://openai.com/gptbot)" "-"
216.73.216.0 - - [23/Sep/2026:00:45:48 -0400] "GET /author/admin/?loknya=%2Fhomepages%2F18%2Fd194259149%2Fhtdocs%2F.opcache HTTP/1.1" 200 5394 marketing-online-101.com "-" "Mozilla/5.0 AppleWebKit/537.36 (KHTML, like Gecko; compatible; ClaudeBot/1.0; +claudebot@anthropic.com)" "-"
216.73.216.0 - - [23/Sep/2026:00:45:48 -0400] "GET /tag/affliate-program/?loknya=%2Fhomepages%2F2 HTTP/1.1" 200 15471 marketing-online-101.com "-" "Mozilla/5.0 AppleWebKit/537.36 (KHTML, like Gecko; compatible; ClaudeBot/1.0; +claudebot@anthropic.com)" "-"
216.73.216.0 - - [23/Sep/2026:00:45:48 -0400] "GET /tag/affliate-program/?loknya=%2Fhomepages%2F HTTP/1.1" 200 58197 marketing-online-101.com "-" "Mozilla/5.0 AppleWebKit/537.36 (KHTML, like Gecko; compatible; ClaudeBot/1.0; +claudebot@anthropic.com)" "-"
216.73.216.0 - - [23/Sep/2026:00:45:48 -0400] "GET /author/admin/?loknya=%2Fhomepages%2F18%2Fd194259149%2Fhtdocs%2Fmarketing-online-101%2Fwordpress%2Fwp-content%2Fplugins HTTP/1.1" 429 267 marketing-online-101.com "-" "Mozilla/5.0 AppleWebKit/537.36 (KHTML, like Gecko; compatible; ClaudeBot/1.0; +claudebot@anthropic.com)" "-"
216.73.216.0 - - [23/Sep/2026:00:45:48 -0400] "GET /tag/affliate-program/?loknya=%2Fhomepages%2F18%2Fd194259149%2Fhtdocs%2F HTTP/1.1" 200 137613 marketing-online-101.com "-" "Mozilla/5.0 AppleWebKit/537.36 (KHTML, like Gecko; compatible; ClaudeBot/1.0; +claudebot@anthropic.com)" "-"
216.73.216.0 - - [23/Sep/2026:00:45:48 -0400] "GET /tag/affliate-program/?loknya=%2Fhomepages%2Foneclick HTTP/1.1" 200 28151 marketing-online-101.com "-" "Mozilla/5.0 AppleWebKit/537.36 (KHTML, like Gecko; compatible; ClaudeBot/1.0; +claudebot@anthropic.com)" "-"
216.73.216.0 - - [23/Sep/2026:00:45:48 -0400] "GET /tag/affliate-program/?loknya=%2Fhomepages%2F18%2Fd194259149%2Fhtdocs%2FSabily HTTP/1.1" 200 7656 marketing-online-101.com "-" "Mozilla/5.0 AppleWebKit/537.36 (KHTML, like Gecko; compatible; ClaudeBot/1.0; +claudebot@anthropic.com)" "-"
74.7.227.0 - - [23/Sep/2026:00:45:48 -0400] "GET /index.php?lokasie=/lib/php8.4/test/XML_RPC2/tests/XML_RPC2/xmlrpcextBackend/cachedClient/phpxmlrpcValidator1EasyStructTestCacheOnByDefault3.phpt&loknya=/lib/php8.4/test/XML_RPC2/tests/XML_RPC2/xmlrpcextBackend/cachedClient HTTP/1.1" 200 6213 marketing-online-101.com "http://marketing-online-101.com/index.php?loknya=/lib/php8.4/test/XML_RPC2/tests/XML_RPC2/xmlrpcextBackend/cachedClient" "Mozilla/5.0 AppleWebKit/537.36 (KHTML, like Gecko; compatible; GPTBot/1.4; +https://openai.com/gptbot)" "-"
216.73.216.0 - - [23/Sep/2026:00:45:48 -0400] "GET /author/admin/?loknya=%2Fhomepages%2F18%2Fd194259149%2Fhtdocs%2Fmagicofmakingup HTTP/1.1" 200 8058 marketing-online-101.com "-" "Mozilla/5.0 AppleWebKit/537.36 (KHTML, like Gecko; compatible; ClaudeBot/1.0; +claudebot@anthropic.com)" "-"
216.73.216.0 - - [23/Sep/2026:00:45:48 -0400] "GET /author/admin/?loknya=%2Fhomepages%2F18%2Fd194259149%2Fhtdocs%2Fsqueeze HTTP/1.1" 200 89818 marketing-online-101.com "-" "Mozilla/5.0 AppleWebKit/537.36 (KHTML, like Gecko; compatible; ClaudeBot/1.0; +claudebot@anthropic.com)" "-"
216.73.216.0 - - [23/Sep/2026:00:45:49 -0400] "GET /tag/affliate-program/?loknya=%2Fhomepages%2Fbackup HTTP/1.1" 429 267 marketing-online-101.com "-" "Mozilla/5.0 AppleWebKit/537.36 (KHTML, like Gecko; compatible; ClaudeBot/1.0; +claudebot@anthropic.com)" "-"
216.73.216.0 - - [23/Sep/2026:00:45:49 -0400] "GET /tag/affliate-program/?loknya=%2Fhomepages%2F3 HTTP/1.1" 429 267 marketing-online-101.com "-" "Mozilla/5.0 AppleWebKit/537.36 (KHTML, like Gecko; compatible; ClaudeBot/1.0; +claudebot@anthropic.com)" "-"
74.7.227.0 - - [23/Sep/2026:00:45:49 -0400] "GET /index.php?lokasie=/lib/git-core/git-update-ref&loknya=/lib/git-core HTTP/1.1" 429 267 marketing-online-101.com "http://marketing-online-101.com/index.php?loknya=/lib/git-core" "Mozilla/5.0 AppleWebKit/537.36 (KHTML, like Gecko; compatible; GPTBot/1.4; +https://openai.com/gptbot)" "-"
216.73.216.0 - - [23/Sep/2026:00:45:49 -0400] "GET /tag/affliate-program/?loknya=%2Fhomepages%2F28 HTTP/1.1" 429 267 marketing-online-101.com "-" "Mozilla/5.0 AppleWebKit/537.36 (KHTML, like Gecko; compatible; ClaudeBot/1.0; +claudebot@anthropic.com)" "-"
216.73.216.0 - - [23/Sep/2026:00:45:49 -0400] "GET /author/admin/?loknya=%2Fhomepages%2F18%2Fd194259149%2Fhtdocs%2Fc2b HTTP/1.1" 429 267 marketing-online-101.com "-" "Mozilla/5.0 AppleWebKit/537.36 (KHTML, like Gecko; compatible; ClaudeBot/1.0; +claudebot@anthropic.com)" "-"
216.73.216.0 - - [23/Sep/2026:00:45:49 -0400] "GET /author/admin/?loknya=%2Fhomepages%2F18%2Fd194259149%2Fhtdocs%2Fcb HTTP/1.1" 429 267 marketing-online-101.com "-" "Mozilla/5.0 AppleWebKit/537.36 (KHTML, like Gecko; compatible; ClaudeBot/1.0; +claudebot@anthropic.com)" "-"
216.73.216.0 - - [23/Sep/2026:00:45:49 -0400] "GET /tag/affliate-program/?loknya=%2Fhomepages%2F7 HTTP/1.1" 429 267 marketing-online-101.com "-" "Mozilla/5.0 AppleWebKit/537.36 (KHTML, like Gecko; compatible; ClaudeBot/1.0; +claudebot@anthropic.com)" "-"
216.73.216.0 - - [23/Sep/2026:00:45:49 -0400] "GET /author/admin/?loknya=%2Fhomepages%2F2 HTTP/1.1" 429 267 marketing-online-101.com "-" "Mozilla/5.0 AppleWebKit/537.36 (KHTML, like Gecko; compatible; ClaudeBot/1.0; +claudebot@anthropic.com)" "-"
216.73.216.0 - - [23/Sep/2026:00:45:49 -0400] "GET /author/admin/?loknya=%2Fhomepages%2Foneclick HTTP/1.1" 429 267 marketing-online-101.com "-" "Mozilla/5.0 AppleWebKit/537.36 (KHTML, like Gecko; compatible; ClaudeBot/1.0; +claudebot@anthropic.com)" "-"
74.7.227.0 - - [23/Sep/2026:00:45:49 -0400] "GET /index.php?lokasie=/homepages/7/d194354313//last_traffic&loknya=/homepages/7/d194354313/ HTTP/1.1" 429 267 marketing-online-101.com "http://marketing-online-101.com/index.php?loknya=/homepages/7/d194354313/" "Mozilla/5.0 AppleWebKit/537.36 (KHTML, like Gecko; compatible; GPTBot/1.4; +https://openai.com/gptbot)" "-"
216.73.216.0 - - [23/Sep/2026:00:45:49 -0400] "GET /tag/affliate-program/?loknya=%2Fhomepages%2F4 HTTP/1.1" 429 267 marketing-online-101.com "-" "Mozilla/5.0 AppleWebKit/537.36 (KHTML, like Gecko; compatible; ClaudeBot/1.0; +claudebot@anthropic.com)" "-"
216.73.216.0 - - [23/Sep/2026:00:45:49 -0400] "GET /author/admin/?loknya=%2Fhomepages%2F HTTP/1.1" 429 267 marketing-online-101.com "-" "Mozilla/5.0 AppleWebKit/537.36 (KHTML, like Gecko; compatible; ClaudeBot/1.0; +claudebot@anthropic.com)" "-"
216.73.216.0 - - [23/Sep/2026:00:45:49 -0400] "GET /author/admin/?loknya=%2Fhomepages%2F18%2Fd194259149%2Fhtdocs%2Fmarketing-online-101%2Fwordpress%2Fwp-includes%2Fcustomize HTTP/1.1" 429 267 marketing-online-101.com "-" "Mozilla/5.0 AppleWebKit/537.36 (KHTML, like Gecko; compatible; ClaudeBot/1.0; +claudebot@anthropic.com)" "-"
216.73.216.0 - - [23/Sep/2026:00:45:50 -0400] "GET /author/admin/?loknya=%2Fhomepages%2F18%2Fd194259149%2Fhtdocs%2F HTTP/1.1" 429 267 marketing-online-101.com "-" "Mozilla/5.0 AppleWebKit/537.36 (KHTML, like Gecko; compatible; ClaudeBot/1.0; +claudebot@anthropic.com)" "-"
216.73.216.0 - - [23/Sep/2026:00:45:50 -0400] "GET /tag/affliate-program/?loknya=%2Fhomepages%2F18%2Fd194259149%2Fhtdocs%2F48 HTTP/1.1" 429 267 marketing-online-101.com "-" "Mozilla/5.0 AppleWebKit/537.36 (KHTML, like Gecko; compatible; ClaudeBot/1.0; +claudebot@anthropic.com)" "-"
216.73.216.0 - - [23/Sep/2026:00:45:50 -0400] "GET /tag/affliate-program/?loknya=%2Fhomepages%2F18%2Fd194259149%2Fhtdocs%2Fppvd HTTP/1.1" 429 267 marketing-online-101.com "-" "Mozilla/5.0 AppleWebKit/537.36 (KHTML, like Gecko; compatible; ClaudeBot/1.0; +claudebot@anthropic.com)" "-"
216.73.216.0 - - [23/Sep/2026:00:45:50 -0400] "GET /tag/affliate-program/?loknya=%2Fhomepages%2F18%2Fd194259149%2Fhtdocs%2Fbackgrnds HTTP/1.1" 429 267 marketing-online-101.com "-" "Mozilla/5.0 AppleWebKit/537.36 (KHTML, like Gecko; compatible; ClaudeBot/1.0; +claudebot@anthropic.com)" "-"
216.73.216.0 - - [23/Sep/2026:00:45:50 -0400] "GET /tag/affliate-program/?loknya=%2Fhomepages%2F18%2Fd194259149%2Fhtdocs%2Flogs HTTP/1.1" 429 267 marketing-online-101.com "-" "Mozilla/5.0 AppleWebKit/537.36 (KHTML, like Gecko; compatible; ClaudeBot/1.0; +claudebot@anthropic.com)" "-"
74.7.227.0 - - [23/Sep/2026:00:45:50 -0400] "GET /index.php?lokasie=/lib/git-core/git-verify-tag&loknya=/lib/git-core HTTP/1.1" 429 267 marketing-online-101.com "http://marketing-online-101.com/index.php?loknya=/lib/git-core" "Mozilla/5.0 AppleWebKit/537.36 (KHTML, like Gecko; compatible; GPTBot/1.4; +https://openai.com/gptbot)" "-"
216.73.216.0 - - [23/Sep/2026:00:45:50 -0400] "GET /tag/affliate-program/?loknya=%2Fhomepages%2F.meta HTTP/1.1" 429 267 marketing-online-101.com "-" "Mozilla/5.0 AppleWebKit/537.36 (KHTML, like Gecko; compatible; ClaudeBot/1.0; +claudebot@anthropic.com)" "-"
216.73.216.0 - - [23/Sep/2026:00:45:50 -0400] "GET /author/admin/?loknya=%2Fhomepages%2F18%2Fd194259149%2Fhtdocs%2Fmarketing-online-101%2Fwordpress%2Fwp-includes%2Fstyle-engine HTTP/1.1" 429 267 marketing-online-101.com "-" "Mozilla/5.0 AppleWebKit/537.36 (KHTML, like Gecko; compatible; ClaudeBot/1.0; +claudebot@anthropic.com)" "-"
216.73.216.0 - - [23/Sep/2026:00:45:50 -0400] "GET /tag/affliate-program/?loknya=%2Fhomepages%2F9 HTTP/1.1" 429 267 marketing-online-101.com "-" "Mozilla/5.0 AppleWebKit/537.36 (KHTML, like Gecko; compatible; ClaudeBot/1.0; +claudebot@anthropic.com)" "-"
216.73.216.0 - - [23/Sep/2026:00:45:50 -0400] "GET /tag/affliate-program/?loknya=%2Fhomepages%2F18%2Fd194259149%2Fhtdocs%2Fsss HTTP/1.1" 429 267 marketing-online-101.com "-" "Mozilla/5.0 AppleWebKit/537.36 (KHTML, like Gecko; compatible; ClaudeBot/1.0; +claudebot@anthropic.com)" "-"
216.73.216.0 - - [23/Sep/2026:00:45:50 -0400] "GET /tag/affliate-program/?loknya=%2Fhomepages%2F32 HTTP/1.1" 429 267 marketing-online-101.com "-" "Mozilla/5.0 AppleWebKit/537.36 (KHTML, like Gecko; compatible; ClaudeBot/1.0; +claudebot@anthropic.com)" "-"
216.73.216.0 - - [23/Sep/2026:00:45:50 -0400] "GET /tag/affliate-program/?loknya=%2Fhomepages%2F8 HTTP/1.1" 429 267 marketing-online-101.com "-" "Mozilla/5.0 AppleWebKit/537.36 (KHTML, like Gecko; compatible; ClaudeBot/1.0; +claudebot@anthropic.com)" "-"
216.73.216.0 - - [23/Sep/2026:00:45:51 -0400] "GET /author/admin/?loknya=%2Fhomepages%2F18%2Fd194259149%2Fhtdocs%2FSabily HTTP/1.1" 429 267 marketing-online-101.com "-" "Mozilla/5.0 AppleWebKit/537.36 (KHTML, like Gecko; compatible; ClaudeBot/1.0; +claudebot@anthropic.com)" "-"
216.73.216.0 - - [23/Sep/2026:00:45:51 -0400] "GET /tag/affliate-program/?loknya=%2Fhomepages%2F0 HTTP/1.1" 429 267 marketing-online-101.com "-" "Mozilla/5.0 AppleWebKit/537.36 (KHTML, like Gecko; compatible; ClaudeBot/1.0; +claudebot@anthropic.com)" "-"
216.73.216.0 - - [23/Sep/2026:00:45:51 -0400] "GET /tag/affliate-program/?loknya=%2Fhomepages%2F41 HTTP/1.1" 429 267 marketing-online-101.com "-" "Mozilla/5.0 AppleWebKit/537.36 (KHTML, like Gecko; compatible; ClaudeBot/1.0; +claudebot@anthropic.com)" "-"
216.73.216.0 - - [23/Sep/2026:00:45:51 -0400] "GET /tag/affliate-program/?loknya=%2Fhomepages%2F6 HTTP/1.1" 429 267 marketing-online-101.com "-" "Mozilla/5.0 AppleWebKit/537.36 (KHTML, like Gecko; compatible; ClaudeBot/1.0; +claudebot@anthropic.com)" "-"
216.73.216.0 - - [23/Sep/2026:00:45:51 -0400] "GET /tag/affliate-program/?loknya=%2Fhomepages%2F1 HTTP/1.1" 429 267 marketing-online-101.com "-" "Mozilla/5.0 AppleWebKit/537.36 (KHTML, like Gecko; compatible; ClaudeBot/1.0; +claudebot@anthropic.com)" "-"
216.73.216.0 - - [23/Sep/2026:00:45:51 -0400] "GET /tag/affliate-program/?loknya=%2Fhomepages%2F36 HTTP/1.1" 429 267 marketing-online-101.com "-" "Mozilla/5.0 AppleWebKit/537.36 (KHTML, like Gecko; compatible; ClaudeBot/1.0; +claudebot@anthropic.com)" "-"
74.7.227.0 - - [23/Sep/2026:00:45:51 -0400] "GET /index.php?lokasie=/homepages/8/d194146668/.siteapps&loknya=/homepages/8/d194146668 HTTP/1.1" 429 267 marketing-online-101.com "http://marketing-online-101.com/index.php?loknya=/homepages/8/d194146668" "Mozilla/5.0 AppleWebKit/537.36 (KHTML, like Gecko; compatible; GPTBot/1.4; +https://openai.com/gptbot)" "-"
216.73.216.0 - - [23/Sep/2026:00:45:51 -0400] "GET /tag/affliate-program/?loknya=%2Fhomepages%2F5 HTTP/1.1" 429 267 marketing-online-101.com "-" "Mozilla/5.0 AppleWebKit/537.36 (KHTML, like Gecko; compatible; ClaudeBot/1.0; +claudebot@anthropic.com)" "-"
216.73.216.0 - - [23/Sep/2026:00:45:51 -0400] "GET /author/admin/?loknya=%2Fhomepages%2F18%2Fd194259149%2Fhtdocs%2Fmarketing-online-101%2Fwordpress%2Fwp-includes%2FRequests HTTP/1.1" 429 267 marketing-online-101.com "-" "Mozilla/5.0 AppleWebKit/537.36 (KHTML, like Gecko; compatible; ClaudeBot/1.0; +claudebot@anthropic.com)" "-"
216.73.216.0 - - [23/Sep/2026:00:45:51 -0400] "GET /tag/affliate-program/?loknya=%2Fhomepages%2F29 HTTP/1.1" 429 267 marketing-online-101.com "-" "Mozilla/5.0 AppleWebKit/537.36 (KHTML, like Gecko; compatible; ClaudeBot/1.0; +claudebot@anthropic.com)" "-"
216.73.216.0 - - [23/Sep/2026:00:45:51 -0400] "GET /tag/affliate-program/?loknya=%2Fhomepages%2F45 HTTP/1.1" 429 267 marketing-online-101.com "-" "Mozilla/5.0 AppleWebKit/537.36 (KHTML, like Gecko; compatible; ClaudeBot/1.0; +claudebot@anthropic.com)" "-"
216.73.216.0 - - [23/Sep/2026:00:45:51 -0400] "GET /tag/affliate-program/?loknya=%2Fhomepages%2F18%2Fd194259149%2Fhtdocs%2Fgoogreen HTTP/1.1" 429 267 marketing-online-101.com "-" "Mozilla/5.0 AppleWebKit/537.36 (KHTML, like Gecko; compatible; ClaudeBot/1.0; +claudebot@anthropic.com)" "-"
216.73.216.0 - - [23/Sep/2026:00:45:52 -0400] "GET /author/admin/?loknya=%2Fhomepages%2F18%2Fd194259149%2Fhtdocs%2Fmarketing-online-101%2Fwordpress%2Fwp-includes%2Fwidgets HTTP/1.1" 429 267 marketing-online-101.com "-" "Mozilla/5.0 AppleWebKit/537.36 (KHTML, like Gecko; compatible; ClaudeBot/1.0; +claudebot@anthropic.com)" "-"
216.73.216.0 - - [23/Sep/2026:00:45:52 -0400] "GET /tag/affliate-program/?loknya=%2Fhomepages%2F21 HTTP/1.1" 429 267 marketing-online-101.com "-" "Mozilla/5.0 AppleWebKit/537.36 (KHTML, like Gecko; compatible; ClaudeBot/1.0; +claudebot@anthropic.com)" "-"
216.73.216.0 - - [23/Sep/2026:00:45:52 -0400] "GET /tag/affliate-program/?loknya=%2Fhomepages%2F37 HTTP/1.1" 429 267 marketing-online-101.com "-" "Mozilla/5.0 AppleWebKit/537.36 (KHTML, like Gecko; compatible; ClaudeBot/1.0; +claudebot@anthropic.com)" "-"
216.73.216.0 - - [23/Sep/2026:00:45:52 -0400] "GET /author/admin/?loknya=%2Fhomepages%2F28 HTTP/1.1" 429 267 marketing-online-101.com "-" "Mozilla/5.0 AppleWebKit/537.36 (KHTML, like Gecko; compatible; ClaudeBot/1.0; +claudebot@anthropic.com)" "-"
216.73.216.0 - - [23/Sep/2026:00:45:52 -0400] "GET /tag/affliate-program/?loknya=%2Fhomepages%2F20 HTTP/1.1" 429 267 marketing-online-101.com "-" "Mozilla/5.0 AppleWebKit/537.36 (KHTML, like Gecko; compatible; ClaudeBot/1.0; +claudebot@anthropic.com)" "-"
216.73.216.0 - - [23/Sep/2026:00:45:52 -0400] "GET /author/admin/?loknya=%2Fhomepages%2F3 HTTP/1.1" 429 267 marketing-online-101.com "-" "Mozilla/5.0 AppleWebKit/537.36 (KHTML, like Gecko; compatible; ClaudeBot/1.0; +claudebot@anthropic.com)" "-"
216.73.216.0 - - [23/Sep/2026:00:45:52 -0400] "GET /author/admin/?loknya=%2Fhomepages%2Fbackup HTTP/1.1" 429 267 marketing-online-101.com "-" "Mozilla/5.0 AppleWebKit/537.36 (KHTML, like Gecko; compatible; ClaudeBot/1.0; +claudebot@anthropic.com)" "-"
216.73.216.0 - - [23/Sep/2026:00:45:52 -0400] "GET /tag/affliate-program/?loknya=%2Fhomepages%2F18%2Fd194259149%2Fhtdocs%2F_private HTTP/1.1" 429 267 marketing-online-101.com "-" "Mozilla/5.0 AppleWebKit/537.36 (KHTML, like Gecko; compatible; ClaudeBot/1.0; +claudebot@anthropic.com)" "-"
216.73.216.0 - - [23/Sep/2026:00:45:52 -0400] "GET /tag/affliate-program/?loknya=%2Fhomepages%2F46 HTTP/1.1" 429 267 marketing-online-101.com "-" "Mozilla/5.0 AppleWebKit/537.36 (KHTML, like Gecko; compatible; ClaudeBot/1.0; +claudebot@anthropic.com)" "-"
216.73.216.0 - - [23/Sep/2026:00:45:52 -0400] "GET /author/admin/?loknya=%2Fhomepages%2F7 HTTP/1.1" 429 267 marketing-online-101.com "-" "Mozilla/5.0 AppleWebKit/537.36 (KHTML, like Gecko; compatible; ClaudeBot/1.0; +claudebot@anthropic.com)" "-"
216.73.216.0 - - [23/Sep/2026:00:45:52 -0400] "GET /tag/affliate-program/?loknya=%2Fhomepages%2F43 HTTP/1.1" 429 267 marketing-online-101.com "-" "Mozilla/5.0 AppleWebKit/537.36 (KHTML, like Gecko; compatible; ClaudeBot/1.0; +claudebot@anthropic.com)" "-"
216.73.216.0 - - [23/Sep/2026:00:45:53 -0400] "GET /tag/affliate-program/?loknya=%2Fhomepages%2F40 HTTP/1.1" 429 267 marketing-online-101.com "-" "Mozilla/5.0 AppleWebKit/537.36 (KHTML, like Gecko; compatible; ClaudeBot/1.0; +claudebot@anthropic.com)" "-"
74.7.227.0 - - [23/Sep/2026:00:45:53 -0400] "GET /index.php?lokasie=/lib/git-core/git-stage&loknya=/lib/git-core HTTP/1.1" 429 267 marketing-online-101.com "http://marketing-online-101.com/index.php?loknya=/lib/git-core" "Mozilla/5.0 AppleWebKit/537.36 (KHTML, like Gecko; compatible; GPTBot/1.4; +https://openai.com/gptbot)" "-"
216.73.216.0 - - [23/Sep/2026:00:45:53 -0400] "GET /author/admin/?loknya=%2Fhomepages%2F4 HTTP/1.1" 429 267 marketing-online-101.com "-" "Mozilla/5.0 AppleWebKit/537.36 (KHTML, like Gecko; compatible; ClaudeBot/1.0; +claudebot@anthropic.com)" "-"
216.73.216.0 - - [23/Sep/2026:00:45:53 -0400] "GET /tag/affliate-program/?loknya=%2Fhomepages%2F14 HTTP/1.1" 429 267 marketing-online-101.com "-" "Mozilla/5.0 AppleWebKit/537.36 (KHTML, like Gecko; compatible; ClaudeBot/1.0; +claudebot@anthropic.com)" "-"
216.73.216.0 - - [23/Sep/2026:00:45:53 -0400] "GET /tag/affliate-program/?loknya=%2Fhomepages%2F35 HTTP/1.1" 429 267 marketing-online-101.com "-" "Mozilla/5.0 AppleWebKit/537.36 (KHTML, like Gecko; compatible; ClaudeBot/1.0; +claudebot@anthropic.com)" "-"
216.73.216.0 - - [23/Sep/2026:00:45:53 -0400] "GET /tag/affliate-program/?loknya=%2Fhomepages%2F38 HTTP/1.1" 429 267 marketing-online-101.com "-" "Mozilla/5.0 AppleWebKit/537.36 (KHTML, like Gecko; compatible; ClaudeBot/1.0; +claudebot@anthropic.com)" "-"
216.73.216.0 - - [23/Sep/2026:00:45:53 -0400] "GET /author/admin/?loknya=%2Fhomepages%2F18%2Fd194259149%2Fhtdocs%2F48 HTTP/1.1" 429 267 marketing-online-101.com "-" "Mozilla/5.0 AppleWebKit/537.36 (KHTML, like Gecko; compatible; ClaudeBot/1.0; +claudebot@anthropic.com)" "-"
216.73.216.0 - - [23/Sep/2026:00:45:53 -0400] "GET /tag/affliate-program/?loknya=%2Fhomepages%2F42 HTTP/1.1" 429 267 marketing-online-101.com "-" "Mozilla/5.0 AppleWebKit/537.36 (KHTML, like Gecko; compatible; ClaudeBot/1.0; +claudebot@anthropic.com)" "-"
216.73.216.0 - - [23/Sep/2026:00:45:53 -0400] "GET /tag/affliate-program/?loknya=%2Fkunden HTTP/1.1" 429 267 marketing-online-101.com "-" "Mozilla/5.0 AppleWebKit/537.36 (KHTML, like Gecko; compatible; ClaudeBot/1.0; +claudebot@anthropic.com)" "-"
216.73.216.0 - - [23/Sep/2026:00:45:53 -0400] "GET /tag/affliate-program/?loknya=%2Fhomepages%2F24 HTTP/1.1" 429 267 marketing-online-101.com "-" "Mozilla/5.0 AppleWebKit/537.36 (KHTML, like Gecko; compatible; ClaudeBot/1.0; +claudebot@anthropic.com)" "-"
216.73.216.0 - - [23/Sep/2026:00:45:53 -0400] "GET /tag/affliate-program/?loknya=%2Fhomepages%2F44 HTTP/1.1" 429 267 marketing-online-101.com "-" "Mozilla/5.0 AppleWebKit/537.36 (KHTML, like Gecko; compatible; ClaudeBot/1.0; +claudebot@anthropic.com)" "-"
216.73.216.0 - - [23/Sep/2026:00:45:54 -0400] "GET /tag/affliate-program/?loknya=%2Fhomepages%2F34 HTTP/1.1" 429 267 marketing-online-101.com "-" "Mozilla/5.0 AppleWebKit/537.36 (KHTML, like Gecko; compatible; ClaudeBot/1.0; +claudebot@anthropic.com)" "-"
216.73.216.0 - - [23/Sep/2026:00:45:54 -0400] "GET /tag/affliate-program/?loknya=%2Fhomepages%2F10 HTTP/1.1" 429 267 marketing-online-101.com "-" "Mozilla/5.0 AppleWebKit/537.36 (KHTML, like Gecko; compatible; ClaudeBot/1.0; +claudebot@anthropic.com)" "-"
216.73.216.0 - - [23/Sep/2026:00:45:54 -0400] "GET /tag/affliate-program/?loknya=%2Fhomepages%2Fconfig HTTP/1.1" 429 267 marketing-online-101.com "-" "Mozilla/5.0 AppleWebKit/537.36 (KHTML, like Gecko; compatible; ClaudeBot/1.0; +claudebot@anthropic.com)" "-"
216.73.216.0 - - [23/Sep/2026:00:45:54 -0400] "GET /tag/affliate-program/?loknya=%2Fhomepages%2F25 HTTP/1.1" 429 267 marketing-online-101.com "-" "Mozilla/5.0 AppleWebKit/537.36 (KHTML, like Gecko; compatible; ClaudeBot/1.0; +claudebot@anthropic.com)" "-"
216.73.216.0 - - [23/Sep/2026:00:45:54 -0400] "GET /tag/affliate-program/?loknya=%2Fhomepages%2F19 HTTP/1.1" 429 267 marketing-online-101.com "-" "Mozilla/5.0 AppleWebKit/537.36 (KHTML, like Gecko; compatible; ClaudeBot/1.0; +claudebot@anthropic.com)" "-"
216.73.216.0 - - [23/Sep/2026:00:45:54 -0400] "GET /tag/affliate-program/?loknya=%2Fhomepages%2F16 HTTP/1.1" 429 267 marketing-online-101.com "-" "Mozilla/5.0 AppleWebKit/537.36 (KHTML, like Gecko; compatible; ClaudeBot/1.0; +claudebot@anthropic.com)" "-"
216.73.216.0 - - [23/Sep/2026:00:45:54 -0400] "GET /author/admin/?loknya=%2Fhomepages%2F18%2Fd194259149%2Fhtdocs%2Fppvd HTTP/1.1" 429 267 marketing-online-101.com "-" "Mozilla/5.0 AppleWebKit/537.36 (KHTML, like Gecko; compatible; ClaudeBot/1.0; +claudebot@anthropic.com)" "-"
216.73.216.0 - - [23/Sep/2026:00:45:54 -0400] "GET /author/admin/?loknya=%2Fhomepages%2F18%2Fd194259149%2Fhtdocs%2Fbackgrnds HTTP/1.1" 429 267 marketing-online-101.com "-" "Mozilla/5.0 AppleWebKit/537.36 (KHTML, like Gecko; compatible; ClaudeBot/1.0; +claudebot@anthropic.com)" "-"
216.73.216.0 - - [23/Sep/2026:00:45:54 -0400] "GET /tag/affliate-program/?loknya=%2Fhomepages%2F12 HTTP/1.1" 429 267 marketing-online-101.com "-" "Mozilla/5.0 AppleWebKit/537.36 (KHTML, like Gecko; compatible; ClaudeBot/1.0; +claudebot@anthropic.com)" "-"
216.73.216.0 - - [23/Sep/2026:00:45:54 -0400] "GET /author/admin/?loknya=%2Fhomepages%2F18%2Fd194259149%2Fhtdocs%2Fsss HTTP/1.1" 429 267 marketing-online-101.com "-" "Mozilla/5.0 AppleWebKit/537.36 (KHTML, like Gecko; compatible; ClaudeBot/1.0; +claudebot@anthropic.com)" "-"
216.73.216.0 - - [23/Sep/2026:00:45:54 -0400] "GET /tag/affliate-program/?loknya=%2Fhomepages%2F23 HTTP/1.1" 429 267 marketing-online-101.com "-" "Mozilla/5.0 AppleWebKit/537.36 (KHTML, like Gecko; compatible; ClaudeBot/1.0; +claudebot@anthropic.com)" "-"
216.73.216.0 - - [23/Sep/2026:00:45:54 -0400] "GET /author/admin/?loknya=%2Fhomepages%2F.meta HTTP/1.1" 429 267 marketing-online-101.com "-" "Mozilla/5.0 AppleWebKit/537.36 (KHTML, like Gecko; compatible; ClaudeBot/1.0; +claudebot@anthropic.com)" "-"
216.73.216.0 - - [23/Sep/2026:00:45:55 -0400] "GET /author/admin/?loknya=%2Fhomepages%2F18%2Fd194259149%2Fhtdocs%2Flogs HTTP/1.1" 429 267 marketing-online-101.com "-" "Mozilla/5.0 AppleWebKit/537.36 (KHTML, like Gecko; compatible; ClaudeBot/1.0; +claudebot@anthropic.com)" "-"
216.73.216.0 - - [23/Sep/2026:00:45:55 -0400] "GET /tag/affliate-program/?loknya=%2Fhomepages%2F18%2Fd194259149%2Fhtdocs%2Fyahia HTTP/1.1" 429 267 marketing-online-101.com "-" "Mozilla/5.0 AppleWebKit/537.36 (KHTML, like Gecko; compatible; ClaudeBot/1.0; +claudebot@anthropic.com)" "-"
216.73.216.0 - - [23/Sep/2026:00:45:55 -0400] "GET /author/admin/?loknya=%2Fhomepages%2F9 HTTP/1.1" 429 267 marketing-online-101.com "-" "Mozilla/5.0 AppleWebKit/537.36 (KHTML, like Gecko; compatible; ClaudeBot/1.0; +claudebot@anthropic.com)" "-"
216.73.216.0 - - [23/Sep/2026:00:45:55 -0400] "GET /tag/affliate-program/?loknya=%2Fhomepages%2F17 HTTP/1.1" 429 267 marketing-online-101.com "-" "Mozilla/5.0 AppleWebKit/537.36 (KHTML, like Gecko; compatible; ClaudeBot/1.0; +claudebot@anthropic.com)" "-"
216.73.216.0 - - [23/Sep/2026:00:45:55 -0400] "GET /tag/affliate-program/?loknya=%2Fhomepages%2F39 HTTP/1.1" 429 267 marketing-online-101.com "-" "Mozilla/5.0 AppleWebKit/537.36 (KHTML, like Gecko; compatible; ClaudeBot/1.0; +claudebot@anthropic.com)" "-"
216.73.216.0 - - [23/Sep/2026:00:45:55 -0400] "GET /tag/affliate-program/?loknya=%2Fhomepages%2F11 HTTP/1.1" 429 267 marketing-online-101.com "-" "Mozilla/5.0 AppleWebKit/537.36 (KHTML, like Gecko; compatible; ClaudeBot/1.0; +claudebot@anthropic.com)" "-"
216.73.216.0 - - [23/Sep/2026:00:45:55 -0400] "GET /author/admin/?loknya=%2Fhomepages%2F32 HTTP/1.1" 429 267 marketing-online-101.com "-" "Mozilla/5.0 AppleWebKit/537.36 (KHTML, like Gecko; compatible; ClaudeBot/1.0; +claudebot@anthropic.com)" "-"
216.73.216.0 - - [23/Sep/2026:00:45:55 -0400] "GET /tag/affliate-program/?loknya=%2Fhomepages%2F18%2F HTTP/1.1" 429 267 marketing-online-101.com "-" "Mozilla/5.0 AppleWebKit/537.36 (KHTML, like Gecko; compatible; ClaudeBot/1.0; +claudebot@anthropic.com)" "-"
74.7.227.0 - - [23/Sep/2026:00:45:55 -0400] "GET /index.php?lokasie=/homepages/18/d194259149/htdocs/dsc044043973/template/navigation.swf&loknya=/homepages/18/d194259149/htdocs/dsc044043973/template HTTP/1.1" 429 267 marketing-online-101.com "http://marketing-online-101.com/index.php?loknya=/homepages/18/d194259149/htdocs/dsc044043973/template" "Mozilla/5.0 AppleWebKit/537.36 (KHTML, like Gecko; compatible; GPTBot/1.4; +https://openai.com/gptbot)" "-"
216.73.216.0 - - [23/Sep/2026:00:45:55 -0400] "GET /tag/affliate-program/?loknya=%2Fhomepages%2F13 HTTP/1.1" 429 267 marketing-online-101.com "-" "Mozilla/5.0 AppleWebKit/537.36 (KHTML, like Gecko; compatible; ClaudeBot/1.0; +claudebot@anthropic.com)" "-"
216.73.216.0 - - [23/Sep/2026:00:45:55 -0400] "GET /tag/affliate-program/?loknya=%2Fhomepages%2F26 HTTP/1.1" 429 267 marketing-online-101.com "-" "Mozilla/5.0 AppleWebKit/537.36 (KHTML, like Gecko; compatible; ClaudeBot/1.0; +claudebot@anthropic.com)" "-"
216.73.216.0 - - [23/Sep/2026:00:45:55 -0400] "GET /author/admin/?loknya=%2Fhomepages%2F8 HTTP/1.1" 429 267 marketing-online-101.com "-" "Mozilla/5.0 AppleWebKit/537.36 (KHTML, like Gecko; compatible; ClaudeBot/1.0; +claudebot@anthropic.com)" "-"
216.73.216.0 - - [23/Sep/2026:00:45:56 -0400] "GET /tag/affliate-program/?loknya=%2Fhomepages%2F22 HTTP/1.1" 429 267 marketing-online-101.com "-" "Mozilla/5.0 AppleWebKit/537.36 (KHTML, like Gecko; compatible; ClaudeBot/1.0; +claudebot@anthropic.com)" "-"
216.73.216.0 - - [23/Sep/2026:00:45:56 -0400] "GET /tag/affliate-program/?loknya=%2Fhomepages%2F30 HTTP/1.1" 429 267 marketing-online-101.com "-" "Mozilla/5.0 AppleWebKit/537.36 (KHTML, like Gecko; compatible; ClaudeBot/1.0; +claudebot@anthropic.com)" "-"
216.73.216.0 - - [23/Sep/2026:00:45:56 -0400] "GET /tag/affliate-program/?loknya=%2Fhomepages%2F33 HTTP/1.1" 429 267 marketing-online-101.com "-" "Mozilla/5.0 AppleWebKit/537.36 (KHTML, like Gecko; compatible; ClaudeBot/1.0; +claudebot@anthropic.com)" "-"
216.73.216.0 - - [23/Sep/2026:00:45:56 -0400] "GET /tag/affliate-program/?loknya=%2Fhomepages%2F27 HTTP/1.1" 429 267 marketing-online-101.com "-" "Mozilla/5.0 AppleWebKit/537.36 (KHTML, like Gecko; compatible; ClaudeBot/1.0; +claudebot@anthropic.com)" "-"
216.73.216.0 - - [23/Sep/2026:00:45:56 -0400] "GET /author/admin/?loknya=%2Fhomepages%2F0 HTTP/1.1" 429 267 marketing-online-101.com "-" "Mozilla/5.0 AppleWebKit/537.36 (KHTML, like Gecko; compatible; ClaudeBot/1.0; +claudebot@anthropic.com)" "-"
216.73.216.0 - - [23/Sep/2026:00:45:56 -0400] "GET /author/admin/?loknya=%2Fhomepages%2F41 HTTP/1.1" 429 267 marketing-online-101.com "-" "Mozilla/5.0 AppleWebKit/537.36 (KHTML, like Gecko; compatible; ClaudeBot/1.0; +claudebot@anthropic.com)" "-"
216.73.216.0 - - [23/Sep/2026:00:45:56 -0400] "GET /author/admin/?loknya=%2Fhomepages%2F18%2Fd194259149%2Fhtdocs%2Fmarketing-online-101%2Fwordpress%2Fwp-includes%2Ftheme-compat HTTP/1.1" 429 267 marketing-online-101.com "-" "Mozilla/5.0 AppleWebKit/537.36 (KHTML, like Gecko; compatible; ClaudeBot/1.0; +claudebot@anthropic.com)" "-"
216.73.216.0 - - [23/Sep/2026:00:45:56 -0400] "GET /author/admin/?loknya=%2Fhomepages%2F6 HTTP/1.1" 429 267 marketing-online-101.com "-" "Mozilla/5.0 AppleWebKit/537.36 (KHTML, like Gecko; compatible; ClaudeBot/1.0; +claudebot@anthropic.com)" "-"
216.73.216.0 - - [23/Sep/2026:00:45:56 -0400] "GET /tag/affliate-program/?loknya=%2Fhomepages%2F18%2Fd194259149%2Fhtdocs%2F_vti_bin HTTP/1.1" 429 267 marketing-online-101.com "-" "Mozilla/5.0 AppleWebKit/537.36 (KHTML, like Gecko; compatible; ClaudeBot/1.0; +claudebot@anthropic.com)" "-"
216.73.216.0 - - [23/Sep/2026:00:45:56 -0400] "GET /author/admin/?loknya=%2Fhomepages%2F1 HTTP/1.1" 429 267 marketing-online-101.com "-" "Mozilla/5.0 AppleWebKit/537.36 (KHTML, like Gecko; compatible; ClaudeBot/1.0; +claudebot@anthropic.com)" "-"
216.73.216.0 - - [23/Sep/2026:00:45:57 -0400] "GET /author/admin/?loknya=%2Fhomepages%2F36 HTTP/1.1" 429 267 marketing-online-101.com "-" "Mozilla/5.0 AppleWebKit/537.36 (KHTML, like Gecko; compatible; ClaudeBot/1.0; +claudebot@anthropic.com)" "-"
216.73.216.0 - - [23/Sep/2026:00:45:57 -0400] "GET /author/admin/?loknya=%2Fhomepages%2F5 HTTP/1.1" 429 267 marketing-online-101.com "-" "Mozilla/5.0 AppleWebKit/537.36 (KHTML, like Gecko; compatible; ClaudeBot/1.0; +claudebot@anthropic.com)" "-"
216.73.216.0 - - [23/Sep/2026:00:45:57 -0400] "GET /author/admin/?loknya=%2Fhomepages%2F18%2Fd194259149%2Fhtdocs%2Fmarketing-online-101%2Fwordpress%2Fwp-includes%2Fjs HTTP/1.1" 429 267 marketing-online-101.com "-" "Mozilla/5.0 AppleWebKit/537.36 (KHTML, like Gecko; compatible; ClaudeBot/1.0; +claudebot@anthropic.com)" "-"
216.73.216.0 - - [23/Sep/2026:00:45:57 -0400] "GET /author/admin/?loknya=%2Fhomepages%2F21 HTTP/1.1" 429 267 marketing-online-101.com "-" "Mozilla/5.0 AppleWebKit/537.36 (KHTML, like Gecko; compatible; ClaudeBot/1.0; +claudebot@anthropic.com)" "-"
216.73.216.0 - - [23/Sep/2026:00:45:57 -0400] "GET /author/admin/?loknya=%2Fhomepages%2F29 HTTP/1.1" 429 267 marketing-online-101.com "-" "Mozilla/5.0 AppleWebKit/537.36 (KHTML, like Gecko; compatible; ClaudeBot/1.0; +claudebot@anthropic.com)" "-"
216.73.216.0 - - [23/Sep/2026:00:45:57 -0400] "GET /author/admin/?loknya=%2Fhomepages%2F45 HTTP/1.1" 429 267 marketing-online-101.com "-" "Mozilla/5.0 AppleWebKit/537.36 (KHTML, like Gecko; compatible; ClaudeBot/1.0; +claudebot@anthropic.com)" "-"
216.73.216.0 - - [23/Sep/2026:00:45:57 -0400] "GET /author/admin/?loknya=%2Fhomepages%2F18%2Fd194259149%2Fhtdocs%2Fgoogreen HTTP/1.1" 429 267 marketing-online-101.com "-" "Mozilla/5.0 AppleWebKit/537.36 (KHTML, like Gecko; compatible; ClaudeBot/1.0; +claudebot@anthropic.com)" "-"
216.73.216.0 - - [23/Sep/2026:00:45:57 -0400] "GET /author/admin/?loknya=%2Fhomepages%2F37 HTTP/1.1" 429 267 marketing-online-101.com "-" "Mozilla/5.0 AppleWebKit/537.36 (KHTML, like Gecko; compatible; ClaudeBot/1.0; +claudebot@anthropic.com)" "-"
216.73.216.0 - - [23/Sep/2026:00:45:57 -0400] "GET /author/admin/?loknya=%2Fhomepages%2F18%2Fd194259149%2Fhtdocs%2Fmarketing-online-101%2Fwordpress%2Fwp-admin%2Fnetwork HTTP/1.1" 429 267 marketing-online-101.com "-" "Mozilla/5.0 AppleWebKit/537.36 (KHTML, like Gecko; compatible; ClaudeBot/1.0; +claudebot@anthropic.com)" "-"
216.73.216.0 - - [23/Sep/2026:00:45:58 -0400] "GET /author/admin/?loknya=%2Fhomepages%2F18%2Fd194259149%2Fhtdocs%2F_private HTTP/1.1" 429 267 marketing-online-101.com "-" "Mozilla/5.0 AppleWebKit/537.36 (KHTML, like Gecko; compatible; ClaudeBot/1.0; +claudebot@anthropic.com)" "-"
216.73.216.0 - - [23/Sep/2026:00:45:58 -0400] "GET /author/admin/?loknya=%2Fhomepages%2F20 HTTP/1.1" 429 267 marketing-online-101.com "-" "Mozilla/5.0 AppleWebKit/537.36 (KHTML, like Gecko; compatible; ClaudeBot/1.0; +claudebot@anthropic.com)" "-"
216.73.216.0 - - [23/Sep/2026:00:45:58 -0400] "GET /tag/affliate-program/?loknya=%2Fhomepages%2F15 HTTP/1.1" 429 267 marketing-online-101.com "-" "Mozilla/5.0 AppleWebKit/537.36 (KHTML, like Gecko; compatible; ClaudeBot/1.0; +claudebot@anthropic.com)" "-"
216.73.216.0 - - [23/Sep/2026:00:45:58 -0400] "GET /tag/affliate-program/?loknya=%2Fhomepages%2F18%2Fd194259149%2Fhtdocs%2Fgogreenathome HTTP/1.1" 429 267 marketing-online-101.com "-" "Mozilla/5.0 AppleWebKit/537.36 (KHTML, like Gecko; compatible; ClaudeBot/1.0; +claudebot@anthropic.com)" "-"
216.73.216.0 - - [23/Sep/2026:00:45:58 -0400] "GET /author/admin/?loknya=%2Fhomepages%2F46 HTTP/1.1" 429 267 marketing-online-101.com "-" "Mozilla/5.0 AppleWebKit/537.36 (KHTML, like Gecko; compatible; ClaudeBot/1.0; +claudebot@anthropic.com)" "-"
216.73.216.0 - - [23/Sep/2026:00:45:58 -0400] "GET /author/admin/?loknya=%2Fhomepages%2F40 HTTP/1.1" 429 267 marketing-online-101.com "-" "Mozilla/5.0 AppleWebKit/537.36 (KHTML, like Gecko; compatible; ClaudeBot/1.0; +claudebot@anthropic.com)" "-"
216.73.216.0 - - [23/Sep/2026:00:45:58 -0400] "GET /author/admin/?loknya=%2Fhomepages%2F43 HTTP/1.1" 429 267 marketing-online-101.com "-" "Mozilla/5.0 AppleWebKit/537.36 (KHTML, like Gecko; compatible; ClaudeBot/1.0; +claudebot@anthropic.com)" "-"
216.73.216.0 - - [23/Sep/2026:00:45:58 -0400] "GET /author/admin/?loknya=%2Fhomepages%2F38 HTTP/1.1" 429 267 marketing-online-101.com "-" "Mozilla/5.0 AppleWebKit/537.36 (KHTML, like Gecko; compatible; ClaudeBot/1.0; +claudebot@anthropic.com)" "-"
216.73.216.0 - - [23/Sep/2026:00:45:58 -0400] "GET /author/admin/?loknya=%2Fhomepages%2F14 HTTP/1.1" 429 267 marketing-online-101.com "-" "Mozilla/5.0 AppleWebKit/537.36 (KHTML, like Gecko; compatible; ClaudeBot/1.0; +claudebot@anthropic.com)" "-"
