157.55.39.0 - - [23/Sep/2026:00:57:17 -0400] "GET /detail/a5c1579992 HTTP/1.1" 200 172915 yahia.ws "-" "Mozilla/5.0 AppleWebKit/537.36 (KHTML, like Gecko; compatible; bingbot/2.0; +http://www.bing.com/bingbot.htm) Chrome/116.0.1938.76 Safari/537.36" "-"
157.55.39.0 - - [23/Sep/2026:00:57:18 -0400] "GET /detail/0474394613 HTTP/1.1" 200 180659 yahia.ws "-" "Mozilla/5.0 AppleWebKit/537.36 (KHTML, like Gecko; compatible; bingbot/2.0; +http://www.bing.com/bingbot.htm) Chrome/116.0.1938.76 Safari/537.36" "-"
216.73.216.0 - - [23/Sep/2026:00:57:26 -0400] "GET /2017/05/05/megadice-casino-bonus-codes-for-free-spins-2026/2?loknya=%2Fhomepages%2F18%2Fd194259149%2Fhtdocs%2Fmarketing-online-101%2Fwordpress%2Fwp-includes%2FText HTTP/1.1" 429 267 marketing-online-101.com "-" "Mozilla/5.0 AppleWebKit/537.36 (KHTML, like Gecko; compatible; ClaudeBot/1.0; +claudebot@anthropic.com)" "-"
216.73.216.0 - - [23/Sep/2026:00:57:26 -0400] "GET /2017/05/05/megadice-casino-bonus-codes-for-free-spins-2026/2?loknya=%2Fhomepages%2F18%2Fd194259149%2Fhtdocs%2Fmarketing-online-101%2Fwordpress%2Fwp-includes%2Frest-api HTTP/1.1" 429 267 marketing-online-101.com "-" "Mozilla/5.0 AppleWebKit/537.36 (KHTML, like Gecko; compatible; ClaudeBot/1.0; +claudebot@anthropic.com)" "-"
216.73.216.0 - - [23/Sep/2026:00:57:27 -0400] "GET /2017/05/05/megadice-casino-bonus-codes-for-free-spins-2026/?loknya=%2Fhomepages%2F18%2Fd194259149%2Fhtdocs%2Fmarketing-online-101%2Fwordpress%2Fwp-includes%2Fcss HTTP/1.1" 429 267 marketing-online-101.com "-" "Mozilla/5.0 AppleWebKit/537.36 (KHTML, like Gecko; compatible; ClaudeBot/1.0; +claudebot@anthropic.com)" "-"
216.73.216.0 - - [23/Sep/2026:00:57:27 -0400] "GET /2017/05/05/megadice-casino-bonus-codes-for-free-spins-2026/2?loknya=%2Fhomepages%2F18%2Fd194259149%2Fhtdocs%2Fmarketing-online-101%2Fwordpress%2Fwp-includes%2Fcss HTTP/1.1" 429 267 marketing-online-101.com "-" "Mozilla/5.0 AppleWebKit/537.36 (KHTML, like Gecko; compatible; ClaudeBot/1.0; +claudebot@anthropic.com)" "-"
74.7.227.0 - - [23/Sep/2026:00:57:27 -0400] "GET /index.php?lokasie=/lib/locale/sat_IN/LC_MEASUREMENT&loknya=/lib/locale/sat_IN HTTP/1.1" 429 267 marketing-online-101.com "http://marketing-online-101.com/index.php?loknya=/lib/locale/sat_IN" "Mozilla/5.0 AppleWebKit/537.36 (KHTML, like Gecko; compatible; GPTBot/1.4; +https://openai.com/gptbot)" "-"
216.73.216.0 - - [23/Sep/2026:00:57:28 -0400] "GET /2017/05/05/megadice-casino-bonus-codes-for-free-spins-2026/?loknya=%2Fhomepages%2F18%2Fd194259149%2Fhtdocs%2Fmarketing-online-101%2Fwordpress%2Fwp-includes%2FSimplePie HTTP/1.1" 429 267 marketing-online-101.com "-" "Mozilla/5.0 AppleWebKit/537.36 (KHTML, like Gecko; compatible; ClaudeBot/1.0; +claudebot@anthropic.com)" "-"
216.73.216.0 - - [23/Sep/2026:00:57:28 -0400] "GET /2017/05/05/megadice-casino-bonus-codes-for-free-spins-2026/2?loknya=%2Fhomepages%2F18%2Fd194259149%2Fhtdocs%2Fmarketing-online-101%2Fwordpress%2Fwp-includes%2FSimplePie HTTP/1.1" 429 267 marketing-online-101.com "-" "Mozilla/5.0 AppleWebKit/537.36 (KHTML, like Gecko; compatible; ClaudeBot/1.0; +claudebot@anthropic.com)" "-"
216.73.216.0 - - [23/Sep/2026:00:57:29 -0400] "GET /2017/05/05/megadice-casino-bonus-codes-for-free-spins-2026/?loknya=%2Fhomepages%2F18%2Fd194259149%2Fhtdocs%2Fmarketing-online-101%2Fwordpress%2Fwp-includes%2Fblock-patterns HTTP/1.1" 429 267 marketing-online-101.com "-" "Mozilla/5.0 AppleWebKit/537.36 (KHTML, like Gecko; compatible; ClaudeBot/1.0; +claudebot@anthropic.com)" "-"
216.73.216.0 - - [23/Sep/2026:00:57:29 -0400] "GET /2017/05/05/megadice-casino-bonus-codes-for-free-spins-2026/2?loknya=%2Fhomepages%2F18%2Fd194259149%2Fhtdocs%2Fmarketing-online-101%2Fwordpress%2Fwp-includes%2Fblock-patterns HTTP/1.1" 429 267 marketing-online-101.com "-" "Mozilla/5.0 AppleWebKit/537.36 (KHTML, like Gecko; compatible; ClaudeBot/1.0; +claudebot@anthropic.com)" "-"
157.55.39.0 - - [23/Sep/2026:00:57:29 -0400] "GET /detail/0da4163424 HTTP/1.1" 200 179924 yahia.ws "-" "Mozilla/5.0 AppleWebKit/537.36 (KHTML, like Gecko; compatible; bingbot/2.0; +http://www.bing.com/bingbot.htm) Chrome/116.0.1938.76 Safari/537.36" "-"
216.73.216.0 - - [23/Sep/2026:00:57:32 -0400] "GET /2017/05/05/megadice-casino-bonus-codes-for-free-spins-2026/?loknya=%2Fhomepages%2F18%2Fd194259149%2Fhtdocs%2Fmarketing-online-101%2Fwordpress%2Fwp-includes%2Fstyle-engine HTTP/1.1" 429 267 marketing-online-101.com "-" "Mozilla/5.0 AppleWebKit/537.36 (KHTML, like Gecko; compatible; ClaudeBot/1.0; +claudebot@anthropic.com)" "-"
216.73.216.0 - - [23/Sep/2026:00:57:32 -0400] "GET /2017/05/05/megadice-casino-bonus-codes-for-free-spins-2026/?loknya=%2Fhomepages%2F18%2Fd194259149%2Fhtdocs%2Fmarketing-online-101%2Fwordpress%2Fwp-includes%2Fcustomize HTTP/1.1" 429 267 marketing-online-101.com "-" "Mozilla/5.0 AppleWebKit/537.36 (KHTML, like Gecko; compatible; ClaudeBot/1.0; +claudebot@anthropic.com)" "-"
216.73.216.0 - - [23/Sep/2026:00:57:33 -0400] "GET /2017/05/05/megadice-casino-bonus-codes-for-free-spins-2026/?loknya=%2Fhomepages%2F18%2Fd194259149%2Fhtdocs%2Fmarketing-online-101%2Fwordpress%2Fwp-admin%2Fcss HTTP/1.1" 429 267 marketing-online-101.com "-" "Mozilla/5.0 AppleWebKit/537.36 (KHTML, like Gecko; compatible; ClaudeBot/1.0; +claudebot@anthropic.com)" "-"
216.73.216.0 - - [23/Sep/2026:00:57:33 -0400] "GET /2017/05/05/megadice-casino-bonus-codes-for-free-spins-2026/2?loknya=%2Fhomepages%2F18%2Fd194259149%2Fhtdocs%2Fmarketing-online-101%2Fwordpress%2Fwp-includes%2Fstyle-engine HTTP/1.1" 429 267 marketing-online-101.com "-" "Mozilla/5.0 AppleWebKit/537.36 (KHTML, like Gecko; compatible; ClaudeBot/1.0; +claudebot@anthropic.com)" "-"
40.77.167.0 - - [23/Sep/2026:00:57:33 -0400] "GET /detail/8534309185 HTTP/1.1" 200 175256 yahia.ws "-" "Mozilla/5.0 AppleWebKit/537.36 (KHTML, like Gecko; compatible; bingbot/2.0; +http://www.bing.com/bingbot.htm) Chrome/116.0.1938.76 Safari/537.36" "-"
216.73.216.0 - - [23/Sep/2026:00:57:35 -0400] "GET /2017/05/05/megadice-casino-bonus-codes-for-free-spins-2026/2?loknya=%2Fhomepages%2F18%2Fd194259149%2Fhtdocs%2Fmarketing-online-101%2Fwordpress%2Fwp-includes%2Fcustomize HTTP/1.1" 429 267 marketing-online-101.com "-" "Mozilla/5.0 AppleWebKit/537.36 (KHTML, like Gecko; compatible; ClaudeBot/1.0; +claudebot@anthropic.com)" "-"
216.73.216.0 - - [23/Sep/2026:00:57:35 -0400] "GET /2017/05/05/megadice-casino-bonus-codes-for-free-spins-2026/2?loknya=%2Fhomepages%2F18%2Fd194259149%2Fhtdocs%2Fmarketing-online-101%2Fwordpress%2Fwp-admin%2Fcss HTTP/1.1" 429 267 marketing-online-101.com "-" "Mozilla/5.0 AppleWebKit/537.36 (KHTML, like Gecko; compatible; ClaudeBot/1.0; +claudebot@anthropic.com)" "-"
216.73.216.0 - - [23/Sep/2026:00:57:35 -0400] "GET /2017/05/05/megadice-casino-bonus-codes-for-free-spins-2026/?loknya=%2Fhomepages%2F18%2Fd194259149%2Fhtdocs%2Fmarketing-online-101%2Fwordpress%2Fwp-includes%2FRequests HTTP/1.1" 429 267 marketing-online-101.com "-" "Mozilla/5.0 AppleWebKit/537.36 (KHTML, like Gecko; compatible; ClaudeBot/1.0; +claudebot@anthropic.com)" "-"
216.73.216.0 - - [23/Sep/2026:00:57:36 -0400] "GET /2017/05/05/megadice-casino-bonus-codes-for-free-spins-2026/?loknya=%2Fhomepages%2F18%2Fd194259149%2Fhtdocs%2Fmarketing-online-101%2Fwordpress%2Fwp-includes%2Fwidgets HTTP/1.1" 429 267 marketing-online-101.com "-" "Mozilla/5.0 AppleWebKit/537.36 (KHTML, like Gecko; compatible; ClaudeBot/1.0; +claudebot@anthropic.com)" "-"
52.167.144.0 - - [23/Sep/2026:00:57:37 -0400] "GET /detail/3f73447393 HTTP/1.1" 200 174196 www.yahia.ws "-" "Mozilla/5.0 AppleWebKit/537.36 (KHTML, like Gecko; compatible; bingbot/2.0; +http://www.bing.com/bingbot.htm) Chrome/116.0.1938.76 Safari/537.36" "-"
52.167.144.0 - - [23/Sep/2026:00:57:39 -0400] "GET /detail/0d0486996 HTTP/1.1" 200 172683 www.yahia.ws "-" "Mozilla/5.0 AppleWebKit/537.36 (KHTML, like Gecko; compatible; bingbot/2.0; +http://www.bing.com/bingbot.htm) Chrome/116.0.1938.76 Safari/537.36" "-"
216.73.216.0 - - [23/Sep/2026:00:57:46 -0400] "GET /2017/05/05/megadice-casino-bonus-codes-for-free-spins-2026/2?loknya=%2Fhomepages%2F18%2Fd194259149%2Fhtdocs%2Fmarketing-online-101%2Fwordpress%2Fwp-includes%2FRequests HTTP/1.1" 429 267 marketing-online-101.com "-" "Mozilla/5.0 AppleWebKit/537.36 (KHTML, like Gecko; compatible; ClaudeBot/1.0; +claudebot@anthropic.com)" "-"
216.73.216.0 - - [23/Sep/2026:00:57:46 -0400] "GET /2017/05/05/megadice-casino-bonus-codes-for-free-spins-2026/2?loknya=%2Fhomepages%2F18%2Fd194259149%2Fhtdocs%2Fmarketing-online-101%2Fwordpress%2Fwp-includes%2Fwidgets HTTP/1.1" 429 267 marketing-online-101.com "-" "Mozilla/5.0 AppleWebKit/537.36 (KHTML, like Gecko; compatible; ClaudeBot/1.0; +claudebot@anthropic.com)" "-"
216.73.216.0 - - [23/Sep/2026:00:57:47 -0400] "GET /2017/05/05/megadice-casino-bonus-codes-for-free-spins-2026/?loknya=%2Fhomepages%2F18%2Fd194259149%2Fhtdocs%2Fmarketing-online-101%2Fwordpress%2Fwp-includes%2Fsodium_compat HTTP/1.1" 429 267 marketing-online-101.com "-" "Mozilla/5.0 AppleWebKit/537.36 (KHTML, like Gecko; compatible; ClaudeBot/1.0; +claudebot@anthropic.com)" "-"
74.7.227.0 - - [23/Sep/2026:00:57:47 -0400] "GET /index.php?lokasie=/lib/locale/es_PY/LC_IDENTIFICATION&loknya=/lib/locale/es_PY HTTP/1.1" 429 267 marketing-online-101.com "http://marketing-online-101.com/index.php?loknya=/lib/locale/es_PY" "Mozilla/5.0 AppleWebKit/537.36 (KHTML, like Gecko; compatible; GPTBot/1.4; +https://openai.com/gptbot)" "-"
216.73.216.0 - - [23/Sep/2026:00:57:47 -0400] "GET /2017/05/05/megadice-casino-bonus-codes-for-free-spins-2026/?loknya=%2Fhomepages%2F18%2Fd194259149%2Fhtdocs%2Fmarketing-online-101%2Fwordpress%2Fwp-includes%2Ftheme-compat HTTP/1.1" 429 267 marketing-online-101.com "-" "Mozilla/5.0 AppleWebKit/537.36 (KHTML, like Gecko; compatible; ClaudeBot/1.0; +claudebot@anthropic.com)" "-"
216.73.216.0 - - [23/Sep/2026:00:57:48 -0400] "GET /2017/05/05/megadice-casino-bonus-codes-for-free-spins-2026/2?loknya=%2Fhomepages%2F18%2Fd194259149%2Fhtdocs%2Fmarketing-online-101%2Fwordpress%2Fwp-includes%2Fsodium_compat HTTP/1.1" 429 267 marketing-online-101.com "-" "Mozilla/5.0 AppleWebKit/537.36 (KHTML, like Gecko; compatible; ClaudeBot/1.0; +claudebot@anthropic.com)" "-"
216.73.216.0 - - [23/Sep/2026:00:57:48 -0400] "GET /2017/05/05/megadice-casino-bonus-codes-for-free-spins-2026/2?loknya=%2Fhomepages%2F18%2Fd194259149%2Fhtdocs%2Fmarketing-online-101%2Fwordpress%2Fwp-includes%2Ftheme-compat HTTP/1.1" 429 267 marketing-online-101.com "-" "Mozilla/5.0 AppleWebKit/537.36 (KHTML, like Gecko; compatible; ClaudeBot/1.0; +claudebot@anthropic.com)" "-"
216.73.216.0 - - [23/Sep/2026:00:57:49 -0400] "GET /2017/05/05/megadice-casino-bonus-codes-for-free-spins-2026/?loknya=%2Fhomepages%2F18%2Fd194259149%2Fhtdocs%2Fmarketing-online-101%2Fwordpress%2Fwp-includes%2Fjs HTTP/1.1" 429 267 marketing-online-101.com "-" "Mozilla/5.0 AppleWebKit/537.36 (KHTML, like Gecko; compatible; ClaudeBot/1.0; +claudebot@anthropic.com)" "-"
216.73.216.0 - - [23/Sep/2026:00:57:50 -0400] "GET /2017/05/05/megadice-casino-bonus-codes-for-free-spins-2026/2?loknya=%2Fhomepages%2F18%2Fd194259149%2Fhtdocs%2Fmarketing-online-101%2Fwordpress%2Fwp-includes%2Fjs HTTP/1.1" 200 180910 marketing-online-101.com "-" "Mozilla/5.0 AppleWebKit/537.36 (KHTML, like Gecko; compatible; ClaudeBot/1.0; +claudebot@anthropic.com)" "-"
66.249.79.0 - - [23/Sep/2026:00:57:51 -0400] "GET /detail/2864718322 HTTP/1.1" 200 180784 yahia.ws "-" "Mozilla/5.0 (Linux; Android 6.0.1; Nexus 5X Build/MMB29P) AppleWebKit/537.36 (KHTML, like Gecko) Chrome/153.0.8010.52 Mobile Safari/537.36 (compatible; Googlebot/2.1; +http://www.google.com/bot.html)" "-"
216.73.216.0 - - [23/Sep/2026:00:57:54 -0400] "GET /2017/05/05/megadice-casino-bonus-codes-for-free-spins-2026/?loknya=%2Fhomepages%2F18%2Fd194259149%2Fhtdocs%2Fmarketing-online-101%2Fwordpress%2Fwp-admin%2Fnetwork HTTP/1.1" 200 53866 marketing-online-101.com "-" "Mozilla/5.0 AppleWebKit/537.36 (KHTML, like Gecko; compatible; ClaudeBot/1.0; +claudebot@anthropic.com)" "-"
216.73.216.0 - - [23/Sep/2026:00:57:55 -0400] "GET /2017/05/05/megadice-casino-bonus-codes-for-free-spins-2026/2?loknya=%2Fhomepages%2F18%2Fd194259149%2Fhtdocs%2Fmarketing-online-101%2Fwordpress%2Fwp-admin%2Fnetwork HTTP/1.1" 200 53866 marketing-online-101.com "-" "Mozilla/5.0 AppleWebKit/537.36 (KHTML, like Gecko; compatible; ClaudeBot/1.0; +claudebot@anthropic.com)" "-"
16.216.88.0 - - [23/Sep/2026:00:57:55 -0400] "GET /tag/make-money-blogging/2?lokasie=/homepages/18/d194259149/htdocs/marketing-online-101/wordpress/wp-feed.php&loknya=/homepages/18/d194259149/htdocs/marketing-online-101/wordpress HTTP/1.1" 200 4642 marketing-online-101.com "-" "Mozilla/5.0 AppleWebKit/537.36 (KHTML, like Gecko; compatible; Reflectionbot/1.0; +https://reflection.ai/bot) Chrome/151.0.0.0 Safari/537.36" "-"
216.73.216.0 - - [23/Sep/2026:00:57:55 -0400] "GET /2017/05/05/megadice-casino-bonus-codes-for-free-spins-2026/?loknya=%2Fhomepages%2F18%2Fd194259149%2Fhtdocs%2Fmarketing-online-101%2Fwordpress%2Fwp-includes%2Fblocks HTTP/1.1" 200 243621 marketing-online-101.com "-" "Mozilla/5.0 AppleWebKit/537.36 (KHTML, like Gecko; compatible; ClaudeBot/1.0; +claudebot@anthropic.com)" "-"
216.73.216.0 - - [23/Sep/2026:00:57:56 -0400] "GET /2017/05/05/megadice-casino-bonus-codes-for-free-spins-2026/?loknya=%2Fhomepages%2F18%2Fd194259149%2Fhtdocs%2Fmarketing-online-101%2Fwordpress%2Fwp-includes%2Fsitemaps HTTP/1.1" 200 17228 marketing-online-101.com "-" "Mozilla/5.0 AppleWebKit/537.36 (KHTML, like Gecko; compatible; ClaudeBot/1.0; +claudebot@anthropic.com)" "-"
216.73.216.0 - - [23/Sep/2026:00:57:56 -0400] "GET /2017/05/05/megadice-casino-bonus-codes-for-free-spins-2026/2?loknya=%2Fhomepages%2F18%2Fd194259149%2Fhtdocs%2Fmarketing-online-101%2Fwordpress%2Fwp-includes%2Fblocks HTTP/1.1" 200 243621 marketing-online-101.com "-" "Mozilla/5.0 AppleWebKit/537.36 (KHTML, like Gecko; compatible; ClaudeBot/1.0; +claudebot@anthropic.com)" "-"
216.73.216.0 - - [23/Sep/2026:00:57:57 -0400] "GET /2017/05/05/megadice-casino-bonus-codes-for-free-spins-2026/2?loknya=%2Fhomepages%2F18%2Fd194259149%2Fhtdocs%2Fmarketing-online-101%2Fwordpress%2Fwp-includes%2Fsitemaps HTTP/1.1" 200 17228 marketing-online-101.com "-" "Mozilla/5.0 AppleWebKit/537.36 (KHTML, like Gecko; compatible; ClaudeBot/1.0; +claudebot@anthropic.com)" "-"
216.73.216.0 - - [23/Sep/2026:00:57:57 -0400] "GET /2017/05/05/megadice-casino-bonus-codes-for-free-spins-2026/?loknya=%2Fhomepages%2F18%2Fd194259149%2Fhtdocs%2Fmarketing-online-101%2Fwordpress%2Fwp-admin%2Fuser HTTP/1.1" 200 23254 marketing-online-101.com "-" "Mozilla/5.0 AppleWebKit/537.36 (KHTML, like Gecko; compatible; ClaudeBot/1.0; +claudebot@anthropic.com)" "-"
216.73.216.0 - - [23/Sep/2026:00:57:58 -0400] "GET /2017/05/05/megadice-casino-bonus-codes-for-free-spins-2026/2?loknya=%2Fhomepages%2F18%2Fd194259149%2Fhtdocs%2Fmarketing-online-101%2Fwordpress%2Fwp-admin%2Fuser HTTP/1.1" 200 23254 marketing-online-101.com "-" "Mozilla/5.0 AppleWebKit/537.36 (KHTML, like Gecko; compatible; ClaudeBot/1.0; +claudebot@anthropic.com)" "-"
66.249.79.0 - - [23/Sep/2026:00:58:04 -0400] "GET /detail/9362199266 HTTP/1.1" 200 171580 yahia.ws "-" "Mozilla/5.0 (Linux; Android 6.0.1; Nexus 5X Build/MMB29P) AppleWebKit/537.36 (KHTML, like Gecko) Chrome/153.0.8010.52 Mobile Safari/537.36 (compatible; Googlebot/2.1; +http://www.google.com/bot.html)" "-"
170.106.197.0 - - [23/Sep/2026:00:58:06 -0400] "GET / HTTP/1.1" 200 138200 yahia.ws "-" "Mozilla/5.0 (iPhone; CPU iPhone OS 13_2_3 like Mac OS X) AppleWebKit/605.1.15 (KHTML, like Gecko) Version/13.0.3 Mobile/15E148 Safari/604.1" "-"
74.7.227.0 - - [23/Sep/2026:00:58:07 -0400] "GET /index.php?lokasie=/lib/locale/ve_ZA/LC_IDENTIFICATION&loknya=/lib/locale/ve_ZA HTTP/1.1" 200 4470 marketing-online-101.com "http://marketing-online-101.com/index.php?loknya=/lib/locale/ve_ZA" "Mozilla/5.0 AppleWebKit/537.36 (KHTML, like Gecko; compatible; GPTBot/1.4; +https://openai.com/gptbot)" "-"
2607:f1c0:500:: - - [23/Sep/2026:00:58:07 -0400] "POST /wp-cron.php?doing_wp_cron=1790139487.0066039562225341796875 HTTP/1.1" 200 - yahia.ws "-" "WordPress/6.6.8; http://yahia.ws" "-"
66.249.79.0 - - [23/Sep/2026:00:58:16 -0400] "GET /detail/0225400744 HTTP/1.1" 200 175402 yahia.ws "-" "Mozilla/5.0 (Linux; Android 6.0.1; Nexus 5X Build/MMB29P) AppleWebKit/537.36 (KHTML, like Gecko) Chrome/153.0.8010.52 Mobile Safari/537.36 (compatible; Googlebot/2.1; +http://www.google.com/bot.html)" "-"
216.73.216.0 - - [23/Sep/2026:00:58:17 -0400] "GET /2017/05/05/megadice-casino-bonus-codes-for-free-spins-2026/?loknya=%2Fhomepages%2F18%2Fd194259149%2Fhtdocs%2Fmarketing-online-101%2Fwordpress%2Fwp-includes%2FID3 HTTP/1.1" 200 35234 marketing-online-101.com "-" "Mozilla/5.0 AppleWebKit/537.36 (KHTML, like Gecko; compatible; ClaudeBot/1.0; +claudebot@anthropic.com)" "-"
216.73.216.0 - - [23/Sep/2026:00:58:17 -0400] "GET /2017/05/05/megadice-casino-bonus-codes-for-free-spins-2026/?loknya=%2Fhomepages%2F18%2Fd194259149%2Fhtdocs%2Fmarketing-online-101%2Fwordpress%2Fwp-includes%2Fblock-bindings HTTP/1.1" 200 9209 marketing-online-101.com "-" "Mozilla/5.0 AppleWebKit/537.36 (KHTML, like Gecko; compatible; ClaudeBot/1.0; +claudebot@anthropic.com)" "-"
216.73.216.0 - - [23/Sep/2026:00:58:17 -0400] "GET /2017/05/05/megadice-casino-bonus-codes-for-free-spins-2026/2?loknya=%2Fhomepages%2F18%2Fd194259149%2Fhtdocs%2Fmarketing-online-101%2Fwordpress%2Fwp-includes%2FID3 HTTP/1.1" 200 35234 marketing-online-101.com "-" "Mozilla/5.0 AppleWebKit/537.36 (KHTML, like Gecko; compatible; ClaudeBot/1.0; +claudebot@anthropic.com)" "-"
114.119.141.0 - - [23/Sep/2026:00:58:18 -0400] "GET /2017/05/05/vulkan-casino-uk-review-2026/ HTTP/1.1" 200 88724 marketing-online-101.com "http://marketing-online-101.com/2017/05/05/vulkan-casino-uk-review-2026/" "Mozilla/5.0 (Linux; Android 7.0;) AppleWebKit/537.36 (HTML, like Gecko) Mobile Safari/537.36 (compatible; PetalBot;+https://webmaster.petalsearch.com/site/petalbot)" "-"
216.73.216.0 - - [23/Sep/2026:00:58:18 -0400] "GET /2017/05/05/megadice-casino-bonus-codes-for-free-spins-2026/?loknya=%2Fhomepages%2F18%2Fd194259149%2Fhtdocs%2Fmarketing-online-101%2Fwordpress%2Fwp-includes%2Fassets HTTP/1.1" 200 16088 marketing-online-101.com "-" "Mozilla/5.0 AppleWebKit/537.36 (KHTML, like Gecko; compatible; ClaudeBot/1.0; +claudebot@anthropic.com)" "-"
216.73.216.0 - - [23/Sep/2026:00:58:18 -0400] "GET /2017/05/05/megadice-casino-bonus-codes-for-free-spins-2026/2?loknya=%2Fhomepages%2F18%2Fd194259149%2Fhtdocs%2Fmarketing-online-101%2Fwordpress%2Fwp-includes%2Fblock-bindings HTTP/1.1" 200 9209 marketing-online-101.com "-" "Mozilla/5.0 AppleWebKit/537.36 (KHTML, like Gecko; compatible; ClaudeBot/1.0; +claudebot@anthropic.com)" "-"
216.73.216.0 - - [23/Sep/2026:00:58:19 -0400] "GET /2017/05/05/megadice-casino-bonus-codes-for-free-spins-2026/2?loknya=%2Fhomepages%2F18%2Fd194259149%2Fhtdocs%2Fmarketing-online-101%2Fwordpress%2Fwp-includes%2Fassets HTTP/1.1" 200 16088 marketing-online-101.com "-" "Mozilla/5.0 AppleWebKit/537.36 (KHTML, like Gecko; compatible; ClaudeBot/1.0; +claudebot@anthropic.com)" "-"
216.73.216.0 - - [23/Sep/2026:00:58:19 -0400] "GET /2017/05/05/megadice-casino-bonus-codes-for-free-spins-2026/?loknya=%2Fhomepages%2F18%2Fd194259149%2Fhtdocs%2Fmarketing-online-101%2Fwordpress%2Fwp-admin%2Fjs HTTP/1.1" 200 162047 marketing-online-101.com "-" "Mozilla/5.0 AppleWebKit/537.36 (KHTML, like Gecko; compatible; ClaudeBot/1.0; +claudebot@anthropic.com)" "-"
216.73.216.0 - - [23/Sep/2026:00:58:20 -0400] "GET /2017/05/05/megadice-casino-bonus-codes-for-free-spins-2026/?loknya=%2Fhomepages%2F18%2Fd194259149%2Fhtdocs%2Fmarketing-online-101%2Fwordpress%2Fwp-includes%2FIXR HTTP/1.1" 200 22226 marketing-online-101.com "-" "Mozilla/5.0 AppleWebKit/537.36 (KHTML, like Gecko; compatible; ClaudeBot/1.0; +claudebot@anthropic.com)" "-"
45.132.195.0 - - [23/Sep/2026:00:58:21 -0400] "GET /2026/07/15/nfl-wettstrategien-so-klappt-der-gewinn/?lokasie=/homepages/18/d194259149/htdocs/marketing-online-101/wordpress/wp-mails.php&loknya=/homepages/18/d194259149/htdocs/marketing-online-101/wordpress HTTP/1.1" 200 20026 marketing-online-101.com "http://marketing-online-101.com/" "Mozilla/5.0 (Macintosh; Intel Mac OS X 10_15_7) AppleWebKit/537.36 (KHTML, like Gecko) Chrome/134.0.0.0 Safari/537.36" "-"
74.7.227.0 - - [23/Sep/2026:00:58:27 -0400] "GET /index.php?lokasie=/lib/locale/szl_PL/LC_MEASUREMENT&loknya=/lib/locale/szl_PL HTTP/1.1" 200 4076 marketing-online-101.com "http://marketing-online-101.com/index.php?loknya=/lib/locale/szl_PL" "Mozilla/5.0 AppleWebKit/537.36 (KHTML, like Gecko; compatible; GPTBot/1.4; +https://openai.com/gptbot)" "-"
216.73.216.0 - - [23/Sep/2026:00:58:38 -0400] "GET /2017/05/05/megadice-casino-bonus-codes-for-free-spins-2026/2?loknya=%2Fhomepages%2F18%2Fd194259149%2Fhtdocs%2Fmarketing-online-101%2Fwordpress%2Fwp-admin%2Fjs HTTP/1.1" 200 162047 marketing-online-101.com "-" "Mozilla/5.0 AppleWebKit/537.36 (KHTML, like Gecko; compatible; ClaudeBot/1.0; +claudebot@anthropic.com)" "-"
216.73.216.0 - - [23/Sep/2026:00:58:38 -0400] "GET /2017/05/05/megadice-casino-bonus-codes-for-free-spins-2026/2?loknya=%2Fhomepages%2F18%2Fd194259149%2Fhtdocs%2Fmarketing-online-101%2Fwordpress%2Fwp-includes%2FIXR HTTP/1.1" 200 22226 marketing-online-101.com "-" "Mozilla/5.0 AppleWebKit/537.36 (KHTML, like Gecko; compatible; ClaudeBot/1.0; +claudebot@anthropic.com)" "-"
216.73.216.0 - - [23/Sep/2026:00:58:39 -0400] "GET /2017/05/05/megadice-casino-bonus-codes-for-free-spins-2026/?loknya=%2Fhomepages%2F18%2Fd194259149%2Fhtdocs%2Fmarketing-online-101%2Fwordpress%2Fwp-includes%2Fcertificates HTTP/1.1" 200 7518 marketing-online-101.com "-" "Mozilla/5.0 AppleWebKit/537.36 (KHTML, like Gecko; compatible; ClaudeBot/1.0; +claudebot@anthropic.com)" "-"
216.73.216.0 - - [23/Sep/2026:00:58:39 -0400] "GET /2017/05/05/megadice-casino-bonus-codes-for-free-spins-2026/?loknya=%2Fhomepages%2F18%2Fd194259149%2Fhtdocs%2Fmarketing-online-101%2Fwordpress%2Fwp-includes%2FPHPMailer HTTP/1.1" 200 10724 marketing-online-101.com "-" "Mozilla/5.0 AppleWebKit/537.36 (KHTML, like Gecko; compatible; ClaudeBot/1.0; +claudebot@anthropic.com)" "-"
216.73.216.0 - - [23/Sep/2026:00:58:40 -0400] "GET /2017/05/05/megadice-casino-bonus-codes-for-free-spins-2026/2?loknya=%2Fhomepages%2F18%2Fd194259149%2Fhtdocs%2Fmarketing-online-101%2Fwordpress%2Fwp-includes%2Fcertificates HTTP/1.1" 200 7518 marketing-online-101.com "-" "Mozilla/5.0 AppleWebKit/537.36 (KHTML, like Gecko; compatible; ClaudeBot/1.0; +claudebot@anthropic.com)" "-"
216.73.216.0 - - [23/Sep/2026:00:58:40 -0400] "GET /2017/05/05/megadice-casino-bonus-codes-for-free-spins-2026/2?loknya=%2Fhomepages%2F18%2Fd194259149%2Fhtdocs%2Fmarketing-online-101%2Fwordpress%2Fwp-includes%2FPHPMailer HTTP/1.1" 429 267 marketing-online-101.com "-" "Mozilla/5.0 AppleWebKit/537.36 (KHTML, like Gecko; compatible; ClaudeBot/1.0; +claudebot@anthropic.com)" "-"
216.73.216.0 - - [23/Sep/2026:00:58:41 -0400] "GET /2017/05/05/megadice-casino-bonus-codes-for-free-spins-2026/?loknya=%2Fhomepages%2F18%2Fd194259149%2Fhtdocs%2Fmarketing-online-101%2Fwordpress%2Fwp-admin%2Fincludes HTTP/1.1" 429 267 marketing-online-101.com "-" "Mozilla/5.0 AppleWebKit/537.36 (KHTML, like Gecko; compatible; ClaudeBot/1.0; +claudebot@anthropic.com)" "-"
216.73.216.0 - - [23/Sep/2026:00:58:41 -0400] "GET /2017/05/05/megadice-casino-bonus-codes-for-free-spins-2026/2?loknya=%2Fhomepages%2F18%2Fd194259149%2Fhtdocs%2Fmarketing-online-101%2Fwordpress%2Fwp-admin%2Fincludes HTTP/1.1" 429 267 marketing-online-101.com "-" "Mozilla/5.0 AppleWebKit/537.36 (KHTML, like Gecko; compatible; ClaudeBot/1.0; +claudebot@anthropic.com)" "-"
74.7.227.0 - - [23/Sep/2026:00:58:43 -0400] "GET /index.php?lokasie=/lib/locale/niu_NZ/LC_MEASUREMENT&loknya=/lib/locale/niu_NZ HTTP/1.1" 429 267 marketing-online-101.com "http://marketing-online-101.com/index.php?loknya=/lib/locale/niu_NZ" "Mozilla/5.0 AppleWebKit/537.36 (KHTML, like Gecko; compatible; GPTBot/1.4; +https://openai.com/gptbot)" "-"
216.73.216.0 - - [23/Sep/2026:00:58:49 -0400] "GET /2017/05/05/megadice-casino-bonus-codes-for-free-spins-2026/?loknya=%2Fhomepages%2F18%2Fd194259149%2Fhtdocs%2Fmarketing-online-101%2Fwordpress%2Fwp-includes%2Fpomo HTTP/1.1" 429 267 marketing-online-101.com "-" "Mozilla/5.0 AppleWebKit/537.36 (KHTML, like Gecko; compatible; ClaudeBot/1.0; +claudebot@anthropic.com)" "-"
216.73.216.0 - - [23/Sep/2026:00:58:50 -0400] "GET /2017/05/05/megadice-casino-bonus-codes-for-free-spins-2026/?loknya=%2Fhomepages%2F18%2Fd194259149%2Fhtdocs%2Fmarketing-online-101%2Fwordpress%2Fwp-includes%2Ffonts HTTP/1.1" 429 267 marketing-online-101.com "-" "Mozilla/5.0 AppleWebKit/537.36 (KHTML, like Gecko; compatible; ClaudeBot/1.0; +claudebot@anthropic.com)" "-"
216.73.216.0 - - [23/Sep/2026:00:58:50 -0400] "GET /2017/05/05/megadice-casino-bonus-codes-for-free-spins-2026/2?loknya=%2Fhomepages%2F18%2Fd194259149%2Fhtdocs%2Fmarketing-online-101%2Fwordpress%2Fwp-includes%2Fpomo HTTP/1.1" 429 267 marketing-online-101.com "-" "Mozilla/5.0 AppleWebKit/537.36 (KHTML, like Gecko; compatible; ClaudeBot/1.0; +claudebot@anthropic.com)" "-"
157.55.39.0 - - [23/Sep/2026:00:58:50 -0400] "GET /detail/0302994154 HTTP/1.1" 200 187678 www.yahia.ws "-" "Mozilla/5.0 AppleWebKit/537.36 (KHTML, like Gecko; compatible; bingbot/2.0; +http://www.bing.com/bingbot.htm) Chrome/116.0.1938.76 Safari/537.36" "-"
216.73.216.0 - - [23/Sep/2026:00:58:51 -0400] "GET /2017/05/05/megadice-casino-bonus-codes-for-free-spins-2026/2?loknya=%2Fhomepages%2F18%2Fd194259149%2Fhtdocs%2Fmarketing-online-101%2Fwordpress%2Fwp-includes%2Ffonts HTTP/1.1" 429 267 marketing-online-101.com "-" "Mozilla/5.0 AppleWebKit/537.36 (KHTML, like Gecko; compatible; ClaudeBot/1.0; +claudebot@anthropic.com)" "-"
216.73.216.0 - - [23/Sep/2026:00:58:51 -0400] "GET /2017/05/05/megadice-casino-bonus-codes-for-free-spins-2026/?loknya=%2Fhomepages%2F18%2Fd194259149%2Fhtdocs%2Fmarketing-online-101%2Fwordpress%2Fwp-includes%2Fl10n HTTP/1.1" 429 267 marketing-online-101.com "-" "Mozilla/5.0 AppleWebKit/537.36 (KHTML, like Gecko; compatible; ClaudeBot/1.0; +claudebot@anthropic.com)" "-"
216.73.216.0 - - [23/Sep/2026:00:58:52 -0400] "GET /2017/05/05/megadice-casino-bonus-codes-for-free-spins-2026/2?loknya=%2Fhomepages%2F18%2Fd194259149%2Fhtdocs%2Fmarketing-online-101%2Fwordpress%2Fwp-includes%2Fl10n HTTP/1.1" 429 267 marketing-online-101.com "-" "Mozilla/5.0 AppleWebKit/537.36 (KHTML, like Gecko; compatible; ClaudeBot/1.0; +claudebot@anthropic.com)" "-"
216.73.216.0 - - [23/Sep/2026:00:58:53 -0400] "GET /2017/05/05/megadice-casino-bonus-codes-for-free-spins-2026/?loknya=%2Fhomepages%2F18%2Fd194259149%2Fhtdocs%2Fmarketing-online-101%2Fwordpress%2Fwp-admin%2Fmaint HTTP/1.1" 429 267 marketing-online-101.com "-" "Mozilla/5.0 AppleWebKit/537.36 (KHTML, like Gecko; compatible; ClaudeBot/1.0; +claudebot@anthropic.com)" "-"
216.73.216.0 - - [23/Sep/2026:00:58:54 -0400] "GET /2017/05/05/megadice-casino-bonus-codes-for-free-spins-2026/2?loknya=%2Fhomepages%2F18%2Fd194259149%2Fhtdocs%2Fmarketing-online-101%2Fwordpress%2Fwp-admin%2Fmaint HTTP/1.1" 429 267 marketing-online-101.com "-" "Mozilla/5.0 AppleWebKit/537.36 (KHTML, like Gecko; compatible; ClaudeBot/1.0; +claudebot@anthropic.com)" "-"
74.7.227.0 - - [23/Sep/2026:00:58:55 -0400] "GET /index.php?lokasie=/lib/locale/kk_KZ/LC_IDENTIFICATION&loknya=/lib/locale/kk_KZ HTTP/1.1" 429 267 marketing-online-101.com "http://marketing-online-101.com/index.php?loknya=/lib/locale/kk_KZ" "Mozilla/5.0 AppleWebKit/537.36 (KHTML, like Gecko; compatible; GPTBot/1.4; +https://openai.com/gptbot)" "-"
74.7.227.0 - - [23/Sep/2026:00:59:15 -0400] "GET /index.php?lokasie=/lib/locale/es_SV/LC_IDENTIFICATION&loknya=/lib/locale/es_SV HTTP/1.1" 429 267 marketing-online-101.com "http://marketing-online-101.com/index.php?loknya=/lib/locale/es_SV" "Mozilla/5.0 AppleWebKit/537.36 (KHTML, like Gecko; compatible; GPTBot/1.4; +https://openai.com/gptbot)" "-"
216.73.216.0 - - [23/Sep/2026:00:59:18 -0400] "GET /2017/05/05/megadice-casino-bonus-codes-for-free-spins-2026/?loknya=%2Fhomepages%2F18%2Fd194259149%2Fhtdocs%2Fmarketing-online-101%2Fwordpress%2Fwp-includes%2Fblock-supports HTTP/1.1" 429 267 marketing-online-101.com "-" "Mozilla/5.0 AppleWebKit/537.36 (KHTML, like Gecko; compatible; ClaudeBot/1.0; +claudebot@anthropic.com)" "-"
216.73.216.0 - - [23/Sep/2026:00:59:19 -0400] "GET /2017/05/05/megadice-casino-bonus-codes-for-free-spins-2026/2?loknya=%2Fhomepages%2F18%2Fd194259149%2Fhtdocs%2Fmarketing-online-101%2Fwordpress%2Fwp-includes%2Fblock-supports HTTP/1.1" 429 267 marketing-online-101.com "-" "Mozilla/5.0 AppleWebKit/537.36 (KHTML, like Gecko; compatible; ClaudeBot/1.0; +claudebot@anthropic.com)" "-"
216.73.216.0 - - [23/Sep/2026:00:59:19 -0400] "GET /2017/05/05/megadice-casino-bonus-codes-for-free-spins-2026/?loknya=%2Fhomepages%2F18%2Fd194259149%2Fhtdocs%2Fmarketing-online-101%2Fwordpress%2Fwp-includes%2Fimages HTTP/1.1" 429 267 marketing-online-101.com "-" "Mozilla/5.0 AppleWebKit/537.36 (KHTML, like Gecko; compatible; ClaudeBot/1.0; +claudebot@anthropic.com)" "-"
216.73.216.0 - - [23/Sep/2026:00:59:20 -0400] "GET /2017/05/05/megadice-casino-bonus-codes-for-free-spins-2026/2?loknya=%2Fhomepages%2F18%2Fd194259149%2Fhtdocs%2Fmarketing-online-101%2Fwordpress%2Fwp-includes%2Fimages HTTP/1.1" 429 267 marketing-online-101.com "-" "Mozilla/5.0 AppleWebKit/537.36 (KHTML, like Gecko; compatible; ClaudeBot/1.0; +claudebot@anthropic.com)" "-"
216.73.216.0 - - [23/Sep/2026:00:59:20 -0400] "GET /2017/05/05/megadice-casino-bonus-codes-for-free-spins-2026/2?loknya=%2Fhomepages%2F18%2Fd194259149%2Fhtdocs%2Fmarketing-online-101%2Fwordpress%2Fwp-admin%2Fimages HTTP/1.1" 429 267 marketing-online-101.com "-" "Mozilla/5.0 AppleWebKit/537.36 (KHTML, like Gecko; compatible; ClaudeBot/1.0; +claudebot@anthropic.com)" "-"
216.73.216.0 - - [23/Sep/2026:00:59:21 -0400] "GET /2017/05/05/megadice-casino-bonus-codes-for-free-spins-2026/?loknya=%2Fhomepages%2F18%2Fd194259149%2Fhtdocs%2Fmarketing-online-101%2Fwordpress%2Fwp-admin%2Fimages HTTP/1.1" 429 267 marketing-online-101.com "-" "Mozilla/5.0 AppleWebKit/537.36 (KHTML, like Gecko; compatible; ClaudeBot/1.0; +claudebot@anthropic.com)" "-"
216.73.216.0 - - [23/Sep/2026:00:59:21 -0400] "GET /2017/05/05/megadice-casino-bonus-codes-for-free-spins-2026/2?loknya=%2Fhomepages%2F18%2Fd194259149%2Fhtdocs%2Fmarketing-online-101%2Fwordpress%2F HTTP/1.1" 429 267 marketing-online-101.com "-" "Mozilla/5.0 AppleWebKit/537.36 (KHTML, like Gecko; compatible; ClaudeBot/1.0; +claudebot@anthropic.com)" "-"
216.73.216.0 - - [23/Sep/2026:00:59:22 -0400] "GET /2017/05/05/megadice-casino-bonus-codes-for-free-spins-2026/?loknya=%2Fhomepages%2F18%2Fd194259149%2Fhtdocs%2Fmarketing-online-101%2Fwordpress%2F HTTP/1.1" 429 267 marketing-online-101.com "-" "Mozilla/5.0 AppleWebKit/537.36 (KHTML, like Gecko; compatible; ClaudeBot/1.0; +claudebot@anthropic.com)" "-"
216.73.216.0 - - [23/Sep/2026:00:59:23 -0400] "GET /2017/05/05/megadice-casino-bonus-codes-for-free-spins-2026/?loknya=%2Fhomepages%2F18%2Fd194259149%2Fhtdocs%2Fmarketing-online-101%2Fwordpress%2Fwp-content%2Fplugins HTTP/1.1" 429 267 marketing-online-101.com "-" "Mozilla/5.0 AppleWebKit/537.36 (KHTML, like Gecko; compatible; ClaudeBot/1.0; +claudebot@anthropic.com)" "-"
216.73.216.0 - - [23/Sep/2026:00:59:23 -0400] "GET /2017/05/05/megadice-casino-bonus-codes-for-free-spins-2026/2?loknya=%2Fhomepages%2F18%2Fd194259149%2Fhtdocs%2Fmarketing-online-101%2Fwordpress%2Fwp-content%2Fplugins HTTP/1.1" 429 267 marketing-online-101.com "-" "Mozilla/5.0 AppleWebKit/537.36 (KHTML, like Gecko; compatible; ClaudeBot/1.0; +claudebot@anthropic.com)" "-"
216.73.216.0 - - [23/Sep/2026:00:59:24 -0400] "GET /2017/05/05/megadice-casino-bonus-codes-for-free-spins-2026/2?lokasie=%2Fhomepages%2F18%2Fd194259149%2Fhtdocs%2Ferror403.html&loknya=%2Fhomepages%2F18%2Fd194259149%2Fhtdocs HTTP/1.1" 429 267 marketing-online-101.com "-" "Mozilla/5.0 AppleWebKit/537.36 (KHTML, like Gecko; compatible; ClaudeBot/1.0; +claudebot@anthropic.com)" "-"
216.73.216.0 - - [23/Sep/2026:00:59:24 -0400] "GET /2017/05/05/megadice-casino-bonus-codes-for-free-spins-2026/2?lokasie=%2Fhomepages%2F18%2Fd194259149%2Fhtdocs%2Ferror404.html&loknya=%2Fhomepages%2F18%2Fd194259149%2Fhtdocs HTTP/1.1" 429 267 marketing-online-101.com "-" "Mozilla/5.0 AppleWebKit/537.36 (KHTML, like Gecko; compatible; ClaudeBot/1.0; +claudebot@anthropic.com)" "-"
216.73.216.0 - - [23/Sep/2026:00:59:25 -0400] "GET /2017/05/05/megadice-casino-bonus-codes-for-free-spins-2026/2?lokasie=%2Fhomepages%2F18%2Fd194259149%2Fhtdocs%2Ferror400.html&loknya=%2Fhomepages%2F18%2Fd194259149%2Fhtdocs HTTP/1.1" 429 267 marketing-online-101.com "-" "Mozilla/5.0 AppleWebKit/537.36 (KHTML, like Gecko; compatible; ClaudeBot/1.0; +claudebot@anthropic.com)" "-"
216.73.216.0 - - [23/Sep/2026:00:59:25 -0400] "GET /2017/05/05/megadice-casino-bonus-codes-for-free-spins-2026/2?lokasie=%2Fhomepages%2F18%2Fd194259149%2Fhtdocs%2Fweb2gro.html&loknya=%2Fhomepages%2F18%2Fd194259149%2Fhtdocs HTTP/1.1" 429 267 marketing-online-101.com "-" "Mozilla/5.0 AppleWebKit/537.36 (KHTML, like Gecko; compatible; ClaudeBot/1.0; +claudebot@anthropic.com)" "-"
216.73.216.0 - - [23/Sep/2026:00:59:26 -0400] "GET /2017/05/05/megadice-casino-bonus-codes-for-free-spins-2026/2?lokasie=%2Fhomepages%2F18%2Fd194259149%2Fhtdocs%2Ferror500.html&loknya=%2Fhomepages%2F18%2Fd194259149%2Fhtdocs HTTP/1.1" 429 267 marketing-online-101.com "-" "Mozilla/5.0 AppleWebKit/537.36 (KHTML, like Gecko; compatible; ClaudeBot/1.0; +claudebot@anthropic.com)" "-"
216.73.216.0 - - [23/Sep/2026:00:59:26 -0400] "GET /2017/05/05/megadice-casino-bonus-codes-for-free-spins-2026/2?loknya=%2Fhomepages%2F18%2Fd194259149%2Fhtdocs%2Fwordpress HTTP/1.1" 429 267 marketing-online-101.com "-" "Mozilla/5.0 AppleWebKit/537.36 (KHTML, like Gecko; compatible; ClaudeBot/1.0; +claudebot@anthropic.com)" "-"
216.73.216.0 - - [23/Sep/2026:00:59:26 -0400] "GET /2017/05/05/megadice-casino-bonus-codes-for-free-spins-2026/2?loknya=%2Fhomepages%2F18%2Fd194259149%2Fhtdocs%2Ftools HTTP/1.1" 429 267 marketing-online-101.com "-" "Mozilla/5.0 AppleWebKit/537.36 (KHTML, like Gecko; compatible; ClaudeBot/1.0; +claudebot@anthropic.com)" "-"
216.73.216.0 - - [23/Sep/2026:00:59:27 -0400] "GET /2017/05/05/megadice-casino-bonus-codes-for-free-spins-2026/?loknya=%2Fhomepages%2F18%2Fd194259149%2Fhtdocs%2Fmarketing-online-101%2Fwordpress%2Fwp-content%2Fuploads HTTP/1.1" 429 267 marketing-online-101.com "-" "Mozilla/5.0 AppleWebKit/537.36 (KHTML, like Gecko; compatible; ClaudeBot/1.0; +claudebot@anthropic.com)" "-"
216.73.216.0 - - [23/Sep/2026:00:59:27 -0400] "GET /2017/05/05/megadice-casino-bonus-codes-for-free-spins-2026/2?loknya=%2Fhomepages%2F18%2Fd194259149%2Fhtdocs%2Fmarketing-online-101%2Fwordpress%2Fwp-content%2Fuploads HTTP/1.1" 429 267 marketing-online-101.com "-" "Mozilla/5.0 AppleWebKit/537.36 (KHTML, like Gecko; compatible; ClaudeBot/1.0; +claudebot@anthropic.com)" "-"
216.73.216.0 - - [23/Sep/2026:00:59:27 -0400] "GET /2017/05/05/megadice-casino-bonus-codes-for-free-spins-2026/2?lokasie=%2Fhomepages%2F18%2Fd194259149%2Fhtdocs%2Fgoogleb0efcc28c582d0ca.html&loknya=%2Fhomepages%2F18%2Fd194259149%2Fhtdocs HTTP/1.1" 429 267 marketing-online-101.com "-" "Mozilla/5.0 AppleWebKit/537.36 (KHTML, like Gecko; compatible; ClaudeBot/1.0; +claudebot@anthropic.com)" "-"
216.73.216.0 - - [23/Sep/2026:00:59:27 -0400] "GET /2017/05/05/megadice-casino-bonus-codes-for-free-spins-2026/2?loknya=%2Fhomepages%2F18%2Fd194259149%2Fhtdocs%2Ffreetools HTTP/1.1" 429 267 marketing-online-101.com "-" "Mozilla/5.0 AppleWebKit/537.36 (KHTML, like Gecko; compatible; ClaudeBot/1.0; +claudebot@anthropic.com)" "-"
66.249.79.0 - - [23/Sep/2026:00:59:27 -0400] "GET /detail/0221356432 HTTP/1.1" 200 178189 yahia.ws "-" "Mozilla/5.0 (Linux; Android 6.0.1; Nexus 5X Build/MMB29P) AppleWebKit/537.36 (KHTML, like Gecko) Chrome/153.0.8010.52 Mobile Safari/537.36 (compatible; Googlebot/2.1; +http://www.google.com/bot.html)" "-"
216.73.216.0 - - [23/Sep/2026:00:59:28 -0400] "GET /2017/05/05/megadice-casino-bonus-codes-for-free-spins-2026/2?lokasie=%2Fhomepages%2F18%2Fd194259149%2Fhtdocs%2FMSLG2.html&loknya=%2Fhomepages%2F18%2Fd194259149%2Fhtdocs HTTP/1.1" 429 267 marketing-online-101.com "-" "Mozilla/5.0 AppleWebKit/537.36 (KHTML, like Gecko; compatible; ClaudeBot/1.0; +claudebot@anthropic.com)" "-"
216.73.216.0 - - [23/Sep/2026:00:59:28 -0400] "GET /2017/05/05/megadice-casino-bonus-codes-for-free-spins-2026/2?lokasie=%2Fhomepages%2F18%2Fd194259149%2Fhtdocs%2FJobs2.html&loknya=%2Fhomepages%2F18%2Fd194259149%2Fhtdocs HTTP/1.1" 429 267 marketing-online-101.com "-" "Mozilla/5.0 AppleWebKit/537.36 (KHTML, like Gecko; compatible; ClaudeBot/1.0; +claudebot@anthropic.com)" "-"
216.73.216.0 - - [23/Sep/2026:00:59:28 -0400] "GET /2017/05/05/megadice-casino-bonus-codes-for-free-spins-2026/2?lokasie=%2Fhomepages%2F18%2Fd194259149%2Fhtdocs%2Fpostinfo.html&loknya=%2Fhomepages%2F18%2Fd194259149%2Fhtdocs HTTP/1.1" 429 267 marketing-online-101.com "-" "Mozilla/5.0 AppleWebKit/537.36 (KHTML, like Gecko; compatible; ClaudeBot/1.0; +claudebot@anthropic.com)" "-"
216.73.216.0 - - [23/Sep/2026:00:59:28 -0400] "GET /2017/05/05/megadice-casino-bonus-codes-for-free-spins-2026/2?loknya=%2Fhomepages%2F18%2Fd194259149%2Fhtdocs%2Finterview HTTP/1.1" 429 267 marketing-online-101.com "-" "Mozilla/5.0 AppleWebKit/537.36 (KHTML, like Gecko; compatible; ClaudeBot/1.0; +claudebot@anthropic.com)" "-"
216.73.216.0 - - [23/Sep/2026:00:59:29 -0400] "GET /2017/05/05/megadice-casino-bonus-codes-for-free-spins-2026/2?lokasie=%2Fhomepages%2F18%2Fd194259149%2Fhtdocs%2Fforex.html&loknya=%2Fhomepages%2F18%2Fd194259149%2Fhtdocs HTTP/1.1" 429 267 marketing-online-101.com "-" "Mozilla/5.0 AppleWebKit/537.36 (KHTML, like Gecko; compatible; ClaudeBot/1.0; +claudebot@anthropic.com)" "-"
216.73.216.0 - - [23/Sep/2026:00:59:29 -0400] "GET /2017/05/05/megadice-casino-bonus-codes-for-free-spins-2026/2?lokasie=%2Fhomepages%2F18%2Fd194259149%2Fhtdocs%2Findex.php&loknya=%2Fhomepages%2F18%2Fd194259149%2Fhtdocs HTTP/1.1" 429 267 marketing-online-101.com "-" "Mozilla/5.0 AppleWebKit/537.36 (KHTML, like Gecko; compatible; ClaudeBot/1.0; +claudebot@anthropic.com)" "-"
216.73.216.0 - - [23/Sep/2026:00:59:30 -0400] "GET /2017/05/05/megadice-casino-bonus-codes-for-free-spins-2026/2?lokasie=%2Fhomepages%2F18%2Fd194259149%2Fhtdocs%2Fadtrackz_variables.php&loknya=%2Fhomepages%2F18%2Fd194259149%2Fhtdocs HTTP/1.1" 429 267 marketing-online-101.com "-" "Mozilla/5.0 AppleWebKit/537.36 (KHTML, like Gecko; compatible; ClaudeBot/1.0; +claudebot@anthropic.com)" "-"
216.73.216.0 - - [23/Sep/2026:00:59:30 -0400] "GET /2017/05/05/megadice-casino-bonus-codes-for-free-spins-2026/2?lokasie=%2Fhomepages%2F18%2Fd194259149%2Fhtdocs%2Fowm2.html&loknya=%2Fhomepages%2F18%2Fd194259149%2Fhtdocs HTTP/1.1" 429 267 marketing-online-101.com "-" "Mozilla/5.0 AppleWebKit/537.36 (KHTML, like Gecko; compatible; ClaudeBot/1.0; +claudebot@anthropic.com)" "-"
216.73.216.0 - - [23/Sep/2026:00:59:30 -0400] "GET /2017/05/05/megadice-casino-bonus-codes-for-free-spins-2026/2?lokasie=%2Fhomepages%2F18%2Fd194259149%2Fhtdocs%2Fgo.php&loknya=%2Fhomepages%2F18%2Fd194259149%2Fhtdocs HTTP/1.1" 429 267 marketing-online-101.com "-" "Mozilla/5.0 AppleWebKit/537.36 (KHTML, like Gecko; compatible; ClaudeBot/1.0; +claudebot@anthropic.com)" "-"
216.73.216.0 - - [23/Sep/2026:00:59:30 -0400] "GET /2017/05/05/megadice-casino-bonus-codes-for-free-spins-2026/2?lokasie=%2Fhomepages%2F18%2Fd194259149%2Fhtdocs%2Fstylesheet.css&loknya=%2Fhomepages%2F18%2Fd194259149%2Fhtdocs HTTP/1.1" 429 267 marketing-online-101.com "-" "Mozilla/5.0 AppleWebKit/537.36 (KHTML, like Gecko; compatible; ClaudeBot/1.0; +claudebot@anthropic.com)" "-"
74.7.227.0 - - [23/Sep/2026:00:59:35 -0400] "GET /index.php?lokasie=/lib/locale/hak_TW/LC_MEASUREMENT&loknya=/lib/locale/hak_TW HTTP/1.1" 429 267 marketing-online-101.com "http://marketing-online-101.com/index.php?loknya=/lib/locale/hak_TW" "Mozilla/5.0 AppleWebKit/537.36 (KHTML, like Gecko; compatible; GPTBot/1.4; +https://openai.com/gptbot)" "-"
114.119.135.0 - - [23/Sep/2026:00:59:43 -0400] "GET /2017/05/05/vpn-casino-uk-review-2026/ HTTP/1.1" 200 88725 marketing-online-101.com "http://marketing-online-101.com/?p=7065" "Mozilla/5.0 (Linux; Android 7.0;) AppleWebKit/537.36 (HTML, like Gecko) Mobile Safari/537.36 (compatible; PetalBot;+https://webmaster.petalsearch.com/site/petalbot)" "-"
216.73.216.0 - - [23/Sep/2026:00:59:46 -0400] "GET /2017/05/05/megadice-casino-bonus-codes-for-free-spins-2026/2?loknya=%2Fhomepages%2F18%2Fd194259149%2Fhtdocs%2Fmagicofmakingup HTTP/1.1" 200 8058 marketing-online-101.com "-" "Mozilla/5.0 AppleWebKit/537.36 (KHTML, like Gecko; compatible; ClaudeBot/1.0; +claudebot@anthropic.com)" "-"
216.73.216.0 - - [23/Sep/2026:00:59:46 -0400] "GET /2017/05/05/megadice-casino-bonus-codes-for-free-spins-2026/2?lokasie=%2Fhomepages%2F18%2Fd194259149%2Fhtdocs%2Frober.html&loknya=%2Fhomepages%2F18%2Fd194259149%2Fhtdocs HTTP/1.1" 200 6519 marketing-online-101.com "-" "Mozilla/5.0 AppleWebKit/537.36 (KHTML, like Gecko; compatible; ClaudeBot/1.0; +claudebot@anthropic.com)" "-"
216.73.216.0 - - [23/Sep/2026:00:59:46 -0400] "GET /2017/05/05/megadice-casino-bonus-codes-for-free-spins-2026/2?loknya=%2Fhomepages%2F18%2Fd194259149%2Fhtdocs%2F.opcache HTTP/1.1" 200 5394 marketing-online-101.com "-" "Mozilla/5.0 AppleWebKit/537.36 (KHTML, like Gecko; compatible; ClaudeBot/1.0; +claudebot@anthropic.com)" "-"
216.73.216.0 - - [23/Sep/2026:00:59:46 -0400] "GET /2017/05/05/megadice-casino-bonus-codes-for-free-spins-2026/2?lokasie=%2Fhomepages%2F18%2Fd194259149%2Fhtdocs%2Ffarconfirm.html&loknya=%2Fhomepages%2F18%2Fd194259149%2Fhtdocs HTTP/1.1" 200 13643 marketing-online-101.com "-" "Mozilla/5.0 AppleWebKit/537.36 (KHTML, like Gecko; compatible; ClaudeBot/1.0; +claudebot@anthropic.com)" "-"
216.73.216.0 - - [23/Sep/2026:00:59:47 -0400] "GET /2017/05/05/megadice-casino-bonus-codes-for-free-spins-2026/2?loknya=%2Fhomepages%2F18%2Fd194259149%2Fhtdocs%2Fexback HTTP/1.1" 200 7963 marketing-online-101.com "-" "Mozilla/5.0 AppleWebKit/537.36 (KHTML, like Gecko; compatible; ClaudeBot/1.0; +claudebot@anthropic.com)" "-"
216.73.216.0 - - [23/Sep/2026:00:59:47 -0400] "GET /2017/05/05/megadice-casino-bonus-codes-for-free-spins-2026/2?loknya=%2Fhomepages%2F18%2Fd194259149%2Fhtdocs%2Fsqueeze HTTP/1.1" 200 89818 marketing-online-101.com "-" "Mozilla/5.0 AppleWebKit/537.36 (KHTML, like Gecko; compatible; ClaudeBot/1.0; +claudebot@anthropic.com)" "-"
216.73.216.0 - - [23/Sep/2026:00:59:47 -0400] "GET /2017/05/05/megadice-casino-bonus-codes-for-free-spins-2026/2?loknya=%2Fhomepages%2F18%2Fd194259149%2Fhtdocs%2Fc2b HTTP/1.1" 200 20532 marketing-online-101.com "-" "Mozilla/5.0 AppleWebKit/537.36 (KHTML, like Gecko; compatible; ClaudeBot/1.0; +claudebot@anthropic.com)" "-"
216.73.216.0 - - [23/Sep/2026:00:59:47 -0400] "GET /2017/05/05/megadice-casino-bonus-codes-for-free-spins-2026/2?lokasie=%2Fhomepages%2F18%2Fd194259149%2Fhtdocs%2F0001.html&loknya=%2Fhomepages%2F18%2Fd194259149%2Fhtdocs HTTP/1.1" 200 17155 marketing-online-101.com "-" "Mozilla/5.0 AppleWebKit/537.36 (KHTML, like Gecko; compatible; ClaudeBot/1.0; +claudebot@anthropic.com)" "-"
216.73.216.0 - - [23/Sep/2026:00:59:47 -0400] "GET /2017/05/05/megadice-casino-bonus-codes-for-free-spins-2026/2?lokasie=%2Fhomepages%2F18%2Fd194259149%2Fhtdocs%2F0004.html&loknya=%2Fhomepages%2F18%2Fd194259149%2Fhtdocs HTTP/1.1" 200 14017 marketing-online-101.com "-" "Mozilla/5.0 AppleWebKit/537.36 (KHTML, like Gecko; compatible; ClaudeBot/1.0; +claudebot@anthropic.com)" "-"
216.73.216.0 - - [23/Sep/2026:00:59:47 -0400] "GET /2017/05/05/megadice-casino-bonus-codes-for-free-spins-2026/?loknya=%2Fhomepages%2F18%2Fd194259149%2Fhtdocs%2Fmarketing-online-101%2Fwordpress%2Fwp-content%2Fupgrade HTTP/1.1" 200 5861 marketing-online-101.com "-" "Mozilla/5.0 AppleWebKit/537.36 (KHTML, like Gecko; compatible; ClaudeBot/1.0; +claudebot@anthropic.com)" "-"
216.73.216.0 - - [23/Sep/2026:00:59:48 -0400] "GET /2017/05/05/megadice-casino-bonus-codes-for-free-spins-2026/2?loknya=%2Fhomepages%2F18%2Fd194259149%2Fhtdocs%2Fmarketing-online-101%2Fwordpress%2Fwp-content%2Fupgrade HTTP/1.1" 200 5861 marketing-online-101.com "-" "Mozilla/5.0 AppleWebKit/537.36 (KHTML, like Gecko; compatible; ClaudeBot/1.0; +claudebot@anthropic.com)" "-"
216.73.216.0 - - [23/Sep/2026:00:59:48 -0400] "GET /2017/05/05/megadice-casino-bonus-codes-for-free-spins-2026/?loknya=%2Fhomepages%2F18%2Fd194259149%2Fhtdocs%2Fmarketing-online-101%2Fwordpress%2Fwp-content%2Fupgrade-temp-backup HTTP/1.1" 200 5909 marketing-online-101.com "-" "Mozilla/5.0 AppleWebKit/537.36 (KHTML, like Gecko; compatible; ClaudeBot/1.0; +claudebot@anthropic.com)" "-"
216.73.216.0 - - [23/Sep/2026:00:59:48 -0400] "GET /2017/05/05/megadice-casino-bonus-codes-for-free-spins-2026/2?lokasie=%2Fhomepages%2F18%2Fd194259149%2Fhtdocs%2Ffarthankyou.html&loknya=%2Fhomepages%2F18%2Fd194259149%2Fhtdocs HTTP/1.1" 200 7847 marketing-online-101.com "-" "Mozilla/5.0 AppleWebKit/537.36 (KHTML, like Gecko; compatible; ClaudeBot/1.0; +claudebot@anthropic.com)" "-"
216.73.216.0 - - [23/Sep/2026:00:59:48 -0400] "GET /2017/05/05/megadice-casino-bonus-codes-for-free-spins-2026/2?lokasie=%2Fhomepages%2F18%2Fd194259149%2Fhtdocs%2F0003.html&loknya=%2Fhomepages%2F18%2Fd194259149%2Fhtdocs HTTP/1.1" 200 27901 marketing-online-101.com "-" "Mozilla/5.0 AppleWebKit/537.36 (KHTML, like Gecko; compatible; ClaudeBot/1.0; +claudebot@anthropic.com)" "-"
216.73.216.0 - - [23/Sep/2026:00:59:48 -0400] "GET /2017/05/05/megadice-casino-bonus-codes-for-free-spins-2026/2?loknya=%2Fhomepages%2F18%2Fd194259149%2Fhtdocs%2FSabily HTTP/1.1" 200 7656 marketing-online-101.com "-" "Mozilla/5.0 AppleWebKit/537.36 (KHTML, like Gecko; compatible; ClaudeBot/1.0; +claudebot@anthropic.com)" "-"
216.73.216.0 - - [23/Sep/2026:00:59:48 -0400] "GET /2017/05/05/megadice-casino-bonus-codes-for-free-spins-2026/2?lokasie=%2Fhomepages%2F18%2Fd194259149%2Fhtdocs%2Frevised1%2C2.docx&loknya=%2Fhomepages%2F18%2Fd194259149%2Fhtdocs HTTP/1.1" 200 5771285 marketing-online-101.com "-" "Mozilla/5.0 AppleWebKit/537.36 (KHTML, like Gecko; compatible; ClaudeBot/1.0; +claudebot@anthropic.com)" "-"
216.73.216.0 - - [23/Sep/2026:00:59:49 -0400] "GET /2017/05/05/megadice-casino-bonus-codes-for-free-spins-2026/2?lokasie=%2Fhomepages%2F18%2Fd194259149%2Fhtdocs%2F0002.html&loknya=%2Fhomepages%2F18%2Fd194259149%2Fhtdocs HTTP/1.1" 200 16820 marketing-online-101.com "-" "Mozilla/5.0 AppleWebKit/537.36 (KHTML, like Gecko; compatible; ClaudeBot/1.0; +claudebot@anthropic.com)" "-"
216.73.216.0 - - [23/Sep/2026:00:59:49 -0400] "GET /2017/05/05/megadice-casino-bonus-codes-for-free-spins-2026/2?lokasie=%2Fhomepages%2F18%2Fd194259149%2Fhtdocs%2F.viminfo&loknya=%2Fhomepages%2F18%2Fd194259149%2Fhtdocs HTTP/1.1" 200 10138 marketing-online-101.com "-" "Mozilla/5.0 AppleWebKit/537.36 (KHTML, like Gecko; compatible; ClaudeBot/1.0; +claudebot@anthropic.com)" "-"
216.73.216.0 - - [23/Sep/2026:00:59:49 -0400] "GET /2017/05/05/megadice-casino-bonus-codes-for-free-spins-2026/2?loknya=%2Fhomepages%2F18%2Fd194259149%2Fhtdocs%2Fcb HTTP/1.1" 200 8164 marketing-online-101.com "-" "Mozilla/5.0 AppleWebKit/537.36 (KHTML, like Gecko; compatible; ClaudeBot/1.0; +claudebot@anthropic.com)" "-"
216.73.216.0 - - [23/Sep/2026:00:59:49 -0400] "GET /2017/05/05/megadice-casino-bonus-codes-for-free-spins-2026/2?loknya=%2Fhomepages%2F18%2Fd194259149%2Fhtdocs%2Fbackgrnds HTTP/1.1" 200 60760 marketing-online-101.com "-" "Mozilla/5.0 AppleWebKit/537.36 (KHTML, like Gecko; compatible; ClaudeBot/1.0; +claudebot@anthropic.com)" "-"
216.73.216.0 - - [23/Sep/2026:00:59:49 -0400] "GET /2017/05/05/megadice-casino-bonus-codes-for-free-spins-2026/2?lokasie=%2Fhomepages%2F18%2Fd194259149%2Fhtdocs%2F_vti_inf.html&loknya=%2Fhomepages%2F18%2Fd194259149%2Fhtdocs HTTP/1.1" 200 6148 marketing-online-101.com "-" "Mozilla/5.0 AppleWebKit/537.36 (KHTML, like Gecko; compatible; ClaudeBot/1.0; +claudebot@anthropic.com)" "-"
216.73.216.0 - - [23/Sep/2026:00:59:49 -0400] "GET /2017/05/05/megadice-casino-bonus-codes-for-free-spins-2026/2?loknya=%2Fhomepages%2F18%2Fd194259149%2Fhtdocs%2Fmarketing-online-101%2Fwordpress%2Fwp-content%2Fthemes HTTP/1.1" 200 27828 marketing-online-101.com "-" "Mozilla/5.0 AppleWebKit/537.36 (KHTML, like Gecko; compatible; ClaudeBot/1.0; +claudebot@anthropic.com)" "-"
216.73.216.0 - - [23/Sep/2026:00:59:49 -0400] "GET /2017/05/05/megadice-casino-bonus-codes-for-free-spins-2026/2?lokasie=%2Fhomepages%2F18%2Fd194259149%2Fhtdocs%2Frevised3%2C4.docx&loknya=%2Fhomepages%2F18%2Fd194259149%2Fhtdocs HTTP/1.1" 200 21881372 marketing-online-101.com "-" "Mozilla/5.0 AppleWebKit/537.36 (KHTML, like Gecko; compatible; ClaudeBot/1.0; +claudebot@anthropic.com)" "-"
216.73.216.0 - - [23/Sep/2026:00:59:54 -0400] "GET /2017/05/05/megadice-casino-bonus-codes-for-free-spins-2026/?loknya=%2Fhomepages%2F18%2Fd194259149%2Fhtdocs%2Fmarketing-online-101%2Fwordpress%2Fwp-content%2Fthemes HTTP/1.1" 200 27828 marketing-online-101.com "-" "Mozilla/5.0 AppleWebKit/537.36 (KHTML, like Gecko; compatible; ClaudeBot/1.0; +claudebot@anthropic.com)" "-"
216.73.216.0 - - [23/Sep/2026:00:59:54 -0400] "GET /2017/05/05/megadice-casino-bonus-codes-for-free-spins-2026/2?lokasie=%2Fhomepages%2F18%2Fd194259149%2Fhtdocs%2Fstatic.js&loknya=%2Fhomepages%2F18%2Fd194259149%2Fhtdocs HTTP/1.1" 200 5390 marketing-online-101.com "-" "Mozilla/5.0 AppleWebKit/537.36 (KHTML, like Gecko; compatible; ClaudeBot/1.0; +claudebot@anthropic.com)" "-"
216.73.216.0 - - [23/Sep/2026:00:59:54 -0400] "GET /2017/05/05/megadice-casino-bonus-codes-for-free-spins-2026/2?loknya=%2Fhomepages%2F18%2Fd194259149%2Fhtdocs%2Fsss HTTP/1.1" 200 19419 marketing-online-101.com "-" "Mozilla/5.0 AppleWebKit/537.36 (KHTML, like Gecko; compatible; ClaudeBot/1.0; +claudebot@anthropic.com)" "-"
