403Webshell
Server IP : 74.208.236.52  /  Your IP : 216.73.216.77
Web Server : Apache
System : Linux infong527 4.4.400-icpu-115 #2 SMP Mon Jul 6 08:15:05 UTC 2026 x86_64
User : u44043973 ( 5404757)
PHP Version : 8.4.24
Disable Function : NONE
MySQL : OFF  |  cURL : ON  |  WGET : ON  |  Perl : ON  |  Python : OFF  |  Sudo : OFF  |  Pkexec : OFF
Directory :  /homepages/18/d194259149/htdocs/logs/

Upload File :
current_dir [ Writeable ] document_root [ Writeable ]

 

Command :


[ Back ]     

Current File : /homepages/18/d194259149/htdocs/logs/access.log.current
74.7.227.0 - - [23/Sep/2026:00:00:01 -0400] "GET /index.php?lokasie=/lib/locale/ar_SS/LC_ADDRESS&loknya=/lib/locale/ar_SS HTTP/1.1" 200 4208 marketing-online-101.com "http://marketing-online-101.com/index.php?loknya=/lib/locale/ar_SS" "Mozilla/5.0 AppleWebKit/537.36 (KHTML, like Gecko; compatible; GPTBot/1.4; +https://openai.com/gptbot)" "-"
74.7.227.0 - - [23/Sep/2026:00:00:04 -0400] "GET /index.php?lokasie=/lib/locale/shn_MM/LC_CTYPE&loknya=/lib/locale/shn_MM HTTP/1.1" 200 479830 marketing-online-101.com "http://marketing-online-101.com/index.php?loknya=/lib/locale/shn_MM" "Mozilla/5.0 AppleWebKit/537.36 (KHTML, like Gecko; compatible; GPTBot/1.4; +https://openai.com/gptbot)" "-"
74.7.227.0 - - [23/Sep/2026:00:00:07 -0400] "GET /index.php?lokasie=/lib/locale/nl_AW/LC_ADDRESS&loknya=/lib/locale/nl_AW HTTP/1.1" 200 4210 marketing-online-101.com "http://marketing-online-101.com/index.php?loknya=/lib/locale/nl_AW" "Mozilla/5.0 AppleWebKit/537.36 (KHTML, like Gecko; compatible; GPTBot/1.4; +https://openai.com/gptbot)" "-"
74.7.227.0 - - [23/Sep/2026:00:00:09 -0400] "GET /index.php?lokasie=/lib/locale/ia_FR/LC_ADDRESS&loknya=/lib/locale/ia_FR HTTP/1.1" 200 4227 marketing-online-101.com "http://marketing-online-101.com/index.php?loknya=/lib/locale/ia_FR" "Mozilla/5.0 AppleWebKit/537.36 (KHTML, like Gecko; compatible; GPTBot/1.4; +https://openai.com/gptbot)" "-"
74.7.227.0 - - [23/Sep/2026:00:00:11 -0400] "GET /index.php?lokasie=/lib/locale/pl_PL/LC_ADDRESS&loknya=/lib/locale/pl_PL HTTP/1.1" 200 4211 marketing-online-101.com "http://marketing-online-101.com/index.php?loknya=/lib/locale/pl_PL" "Mozilla/5.0 AppleWebKit/537.36 (KHTML, like Gecko; compatible; GPTBot/1.4; +https://openai.com/gptbot)" "-"
74.7.227.0 - - [23/Sep/2026:00:00:12 -0400] "GET /index.php?lokasie=/lib/locale/nso_ZA/LC_COLLATE&loknya=/lib/locale/nso_ZA HTTP/1.1" 200 3085449 marketing-online-101.com "http://marketing-online-101.com/index.php?loknya=/lib/locale/nso_ZA" "Mozilla/5.0 AppleWebKit/537.36 (KHTML, like Gecko; compatible; GPTBot/1.4; +https://openai.com/gptbot)" "-"
74.7.227.0 - - [23/Sep/2026:00:00:13 -0400] "GET /index.php?lokasie=/lib/locale/si_LK/LC_COLLATE&loknya=/lib/locale/si_LK HTTP/1.1" 200 3086141 marketing-online-101.com "http://marketing-online-101.com/index.php?loknya=/lib/locale/si_LK" "Mozilla/5.0 AppleWebKit/537.36 (KHTML, like Gecko; compatible; GPTBot/1.4; +https://openai.com/gptbot)" "-"
74.7.227.0 - - [23/Sep/2026:00:00:14 -0400] "GET /index.php?lokasie=/lib/locale/se_NO/LC_COLLATE&loknya=/lib/locale/se_NO HTTP/1.1" 200 3085114 marketing-online-101.com "http://marketing-online-101.com/index.php?loknya=/lib/locale/se_NO" "Mozilla/5.0 AppleWebKit/537.36 (KHTML, like Gecko; compatible; GPTBot/1.4; +https://openai.com/gptbot)" "-"
74.7.227.0 - - [23/Sep/2026:00:00:15 -0400] "GET /index.php?lokasie=/lib/locale/bo_IN/LC_NUMERIC&loknya=/lib/locale/bo_IN HTTP/1.1" 200 4105 marketing-online-101.com "http://marketing-online-101.com/index.php?loknya=/lib/locale/bo_IN" "Mozilla/5.0 AppleWebKit/537.36 (KHTML, like Gecko; compatible; GPTBot/1.4; +https://openai.com/gptbot)" "-"
74.7.227.0 - - [23/Sep/2026:00:00:16 -0400] "GET /index.php?lokasie=/lib/locale/scn_IT/LC_CTYPE&loknya=/lib/locale/scn_IT HTTP/1.1" 200 476932 marketing-online-101.com "http://marketing-online-101.com/index.php?loknya=/lib/locale/scn_IT" "Mozilla/5.0 AppleWebKit/537.36 (KHTML, like Gecko; compatible; GPTBot/1.4; +https://openai.com/gptbot)" "-"
74.7.227.0 - - [23/Sep/2026:00:00:16 -0400] "GET /index.php?lokasie=/lib/locale/bn_BD/LC_ADDRESS&loknya=/lib/locale/bn_BD HTTP/1.1" 200 4245 marketing-online-101.com "http://marketing-online-101.com/index.php?loknya=/lib/locale/bn_BD" "Mozilla/5.0 AppleWebKit/537.36 (KHTML, like Gecko; compatible; GPTBot/1.4; +https://openai.com/gptbot)" "-"
114.119.133.0 - - [23/Sep/2026:00:00:16 -0400] "GET /2017/05/05/winwindsor-casino-uk-review-2026/ HTTP/1.1" 200 88724 marketing-online-101.com "http://marketing-online-101.com/2017/05/05/winwindsor-casino-uk-review-2026/2" "Mozilla/5.0 (Linux; Android 7.0;) AppleWebKit/537.36 (HTML, like Gecko) Mobile Safari/537.36 (compatible; PetalBot;+https://webmaster.petalsearch.com/site/petalbot)" "-"
74.7.227.0 - - [23/Sep/2026:00:00:17 -0400] "GET /index.php?lokasie=/lib/locale/aa_ER/LC_ADDRESS&loknya=/lib/locale/aa_ER HTTP/1.1" 200 4179 marketing-online-101.com "http://marketing-online-101.com/index.php?loknya=/lib/locale/aa_ER" "Mozilla/5.0 AppleWebKit/537.36 (KHTML, like Gecko; compatible; GPTBot/1.4; +https://openai.com/gptbot)" "-"
74.7.227.0 - - [23/Sep/2026:00:00:17 -0400] "GET /index.php?lokasie=/lib/locale/ca_ES/LC_ADDRESS&loknya=/lib/locale/ca_ES HTTP/1.1" 429 267 marketing-online-101.com "http://marketing-online-101.com/index.php?loknya=/lib/locale/ca_ES" "Mozilla/5.0 AppleWebKit/537.36 (KHTML, like Gecko; compatible; GPTBot/1.4; +https://openai.com/gptbot)" "-"
74.7.227.0 - - [23/Sep/2026:00:00:18 -0400] "GET /index.php?lokasie=/lib/locale/ca_AD/LC_COLLATE&loknya=/lib/locale/ca_AD HTTP/1.1" 429 267 marketing-online-101.com "http://marketing-online-101.com/index.php?loknya=/lib/locale/ca_AD" "Mozilla/5.0 AppleWebKit/537.36 (KHTML, like Gecko; compatible; GPTBot/1.4; +https://openai.com/gptbot)" "-"
74.7.227.0 - - [23/Sep/2026:00:00:18 -0400] "GET /index.php?lokasie=/lib/locale/szl_PL/LC_PAPER&loknya=/lib/locale/szl_PL HTTP/1.1" 429 267 marketing-online-101.com "http://marketing-online-101.com/index.php?loknya=/lib/locale/szl_PL" "Mozilla/5.0 AppleWebKit/537.36 (KHTML, like Gecko; compatible; GPTBot/1.4; +https://openai.com/gptbot)" "-"
74.7.227.0 - - [23/Sep/2026:00:00:20 -0400] "GET /index.php?lokasie=/lib/locale/sgs_LT/LC_COLLATE&loknya=/lib/locale/sgs_LT HTTP/1.1" 429 267 marketing-online-101.com "http://marketing-online-101.com/index.php?loknya=/lib/locale/sgs_LT" "Mozilla/5.0 AppleWebKit/537.36 (KHTML, like Gecko; compatible; GPTBot/1.4; +https://openai.com/gptbot)" "-"
74.7.227.0 - - [23/Sep/2026:00:00:21 -0400] "GET /index.php?lokasie=/lib/locale/en_CA/LC_ADDRESS&loknya=/lib/locale/en_CA HTTP/1.1" 429 267 marketing-online-101.com "http://marketing-online-101.com/index.php?loknya=/lib/locale/en_CA" "Mozilla/5.0 AppleWebKit/537.36 (KHTML, like Gecko; compatible; GPTBot/1.4; +https://openai.com/gptbot)" "-"
74.7.227.0 - - [23/Sep/2026:00:00:24 -0400] "GET /index.php?lokasie=/lib/locale/lv_LV/LC_COLLATE&loknya=/lib/locale/lv_LV HTTP/1.1" 429 267 marketing-online-101.com "http://marketing-online-101.com/index.php?loknya=/lib/locale/lv_LV" "Mozilla/5.0 AppleWebKit/537.36 (KHTML, like Gecko; compatible; GPTBot/1.4; +https://openai.com/gptbot)" "-"
74.7.227.0 - - [23/Sep/2026:00:00:28 -0400] "GET /index.php?lokasie=/lib/locale/hsb_DE/LC_PAPER&loknya=/lib/locale/hsb_DE HTTP/1.1" 429 267 marketing-online-101.com "http://marketing-online-101.com/index.php?loknya=/lib/locale/hsb_DE" "Mozilla/5.0 AppleWebKit/537.36 (KHTML, like Gecko; compatible; GPTBot/1.4; +https://openai.com/gptbot)" "-"
74.7.227.0 - - [23/Sep/2026:00:00:33 -0400] "GET /index.php?lokasie=/lib/locale/el_GR/LC_NUMERIC&loknya=/lib/locale/el_GR HTTP/1.1" 429 267 marketing-online-101.com "http://marketing-online-101.com/index.php?loknya=/lib/locale/el_GR" "Mozilla/5.0 AppleWebKit/537.36 (KHTML, like Gecko; compatible; GPTBot/1.4; +https://openai.com/gptbot)" "-"
74.7.227.0 - - [23/Sep/2026:00:00:42 -0400] "GET /index.php?lokasie=/lib/locale/es_ES/LC_COLLATE&loknya=/lib/locale/es_ES HTTP/1.1" 429 267 marketing-online-101.com "http://marketing-online-101.com/index.php?loknya=/lib/locale/es_ES" "Mozilla/5.0 AppleWebKit/537.36 (KHTML, like Gecko; compatible; GPTBot/1.4; +https://openai.com/gptbot)" "-"
74.7.227.0 - - [23/Sep/2026:00:00:55 -0400] "GET /index.php?lokasie=/lib/locale/es_EC/LC_COLLATE&loknya=/lib/locale/es_EC HTTP/1.1" 429 267 marketing-online-101.com "http://marketing-online-101.com/index.php?loknya=/lib/locale/es_EC" "Mozilla/5.0 AppleWebKit/537.36 (KHTML, like Gecko; compatible; GPTBot/1.4; +https://openai.com/gptbot)" "-"
74.7.227.0 - - [23/Sep/2026:00:01:14 -0400] "GET /index.php?lokasie=/lib/locale/bo_IN/LC_COLLATE&loknya=/lib/locale/bo_IN HTTP/1.1" 429 267 marketing-online-101.com "http://marketing-online-101.com/index.php?loknya=/lib/locale/bo_IN" "Mozilla/5.0 AppleWebKit/537.36 (KHTML, like Gecko; compatible; GPTBot/1.4; +https://openai.com/gptbot)" "-"
66.249.79.0 - - [23/Sep/2026:00:01:32 -0400] "GET /detail/081457129 HTTP/1.1" 200 184897 yahia.ws "-" "Mozilla/5.0 (Linux; Android 6.0.1; Nexus 5X Build/MMB29P) AppleWebKit/537.36 (KHTML, like Gecko) Chrome/153.0.8010.52 Mobile Safari/537.36 (compatible; Googlebot/2.1; +http://www.google.com/bot.html)" "-"
74.7.227.0 - - [23/Sep/2026:00:01:34 -0400] "GET /index.php?lokasie=/lib/locale/csb_PL/LC_PAPER&loknya=/lib/locale/csb_PL HTTP/1.1" 200 4083 marketing-online-101.com "http://marketing-online-101.com/index.php?loknya=/lib/locale/csb_PL" "Mozilla/5.0 AppleWebKit/537.36 (KHTML, like Gecko; compatible; GPTBot/1.4; +https://openai.com/gptbot)" "-"
114.119.135.0 - - [23/Sep/2026:00:01:40 -0400] "GET /2017/05/05/winstler-com-casino-online-login/ HTTP/1.1" 200 88725 marketing-online-101.com "http://marketing-online-101.com/2017/05/05/winstler-com-casino-online-login/" "Mozilla/5.0 (Linux; Android 7.0;) AppleWebKit/537.36 (HTML, like Gecko) Mobile Safari/537.36 (compatible; PetalBot;+https://webmaster.petalsearch.com/site/petalbot)" "-"
74.7.227.0 - - [23/Sep/2026:00:01:54 -0400] "GET /index.php?lokasie=/lib/locale/nb_NO/LC_COLLATE&loknya=/lib/locale/nb_NO HTTP/1.1" 200 27243 marketing-online-101.com "http://marketing-online-101.com/index.php?loknya=/lib/locale/nb_NO" "Mozilla/5.0 AppleWebKit/537.36 (KHTML, like Gecko; compatible; GPTBot/1.4; +https://openai.com/gptbot)" "-"
43.130.31.0 - - [23/Sep/2026:00:02:10 -0400] "GET / HTTP/1.1" 500 - www.osteoporosis-info.net "-" "Mozilla/5.0 (iPhone; CPU iPhone OS 13_2_3 like Mac OS X) AppleWebKit/605.1.15 (KHTML, like Gecko) Version/13.0.3 Mobile/15E148 Safari/604.1" "-"
74.7.227.0 - - [23/Sep/2026:00:02:10 -0400] "GET /index.php?lokasie=/lib/locale/yi_US/LC_ADDRESS&loknya=/lib/locale/yi_US HTTP/1.1" 200 4284 marketing-online-101.com "http://marketing-online-101.com/index.php?loknya=/lib/locale/yi_US" "Mozilla/5.0 AppleWebKit/537.36 (KHTML, like Gecko; compatible; GPTBot/1.4; +https://openai.com/gptbot)" "-"
74.7.227.0 - - [23/Sep/2026:00:02:23 -0400] "GET /index.php?lokasie=/lib/locale/el_GR/LC_ADDRESS&loknya=/lib/locale/el_GR HTTP/1.1" 200 4241 marketing-online-101.com "http://marketing-online-101.com/index.php?loknya=/lib/locale/el_GR" "Mozilla/5.0 AppleWebKit/537.36 (KHTML, like Gecko; compatible; GPTBot/1.4; +https://openai.com/gptbot)" "-"
74.7.227.0 - - [23/Sep/2026:00:02:33 -0400] "GET /index.php?lokasie=/lib/locale/et_EE/LC_COLLATE&loknya=/lib/locale/et_EE HTTP/1.1" 200 26698 marketing-online-101.com "http://marketing-online-101.com/index.php?loknya=/lib/locale/et_EE" "Mozilla/5.0 AppleWebKit/537.36 (KHTML, like Gecko; compatible; GPTBot/1.4; +https://openai.com/gptbot)" "-"
74.7.227.0 - - [23/Sep/2026:00:02:41 -0400] "GET /index.php?lokasie=/lib/locale/aa_ER/LC_TELEPHONE&loknya=/lib/locale/aa_ER HTTP/1.1" 200 4109 marketing-online-101.com "http://marketing-online-101.com/index.php?loknya=/lib/locale/aa_ER" "Mozilla/5.0 AppleWebKit/537.36 (KHTML, like Gecko; compatible; GPTBot/1.4; +https://openai.com/gptbot)" "-"
74.7.227.0 - - [23/Sep/2026:00:02:48 -0400] "GET /index.php?lokasie=/lib/locale/lzh_TW/LC_CTYPE&loknya=/lib/locale/lzh_TW HTTP/1.1" 200 424333 marketing-online-101.com "http://marketing-online-101.com/index.php?loknya=/lib/locale/lzh_TW" "Mozilla/5.0 AppleWebKit/537.36 (KHTML, like Gecko; compatible; GPTBot/1.4; +https://openai.com/gptbot)" "-"
74.7.227.0 - - [23/Sep/2026:00:02:53 -0400] "GET /index.php?lokasie=/lib/locale/shs_CA/LC_CTYPE&loknya=/lib/locale/shs_CA HTTP/1.1" 200 477198 marketing-online-101.com "http://marketing-online-101.com/index.php?loknya=/lib/locale/shs_CA" "Mozilla/5.0 AppleWebKit/537.36 (KHTML, like Gecko; compatible; GPTBot/1.4; +https://openai.com/gptbot)" "-"
74.7.227.0 - - [23/Sep/2026:00:02:57 -0400] "GET /index.php?lokasie=/lib/locale/be_BY/LC_COLLATE&loknya=/lib/locale/be_BY HTTP/1.1" 200 31696 marketing-online-101.com "http://marketing-online-101.com/index.php?loknya=/lib/locale/be_BY" "Mozilla/5.0 AppleWebKit/537.36 (KHTML, like Gecko; compatible; GPTBot/1.4; +https://openai.com/gptbot)" "-"
74.7.227.0 - - [23/Sep/2026:00:03:00 -0400] "GET /index.php?lokasie=/lib/locale/sc_IT/LC_COLLATE&loknya=/lib/locale/sc_IT HTTP/1.1" 200 3084742 marketing-online-101.com "http://marketing-online-101.com/index.php?loknya=/lib/locale/sc_IT" "Mozilla/5.0 AppleWebKit/537.36 (KHTML, like Gecko; compatible; GPTBot/1.4; +https://openai.com/gptbot)" "-"
74.7.227.0 - - [23/Sep/2026:00:03:03 -0400] "GET /index.php?lokasie=/lib/locale/he_IL/LC_NUMERIC&loknya=/lib/locale/he_IL HTTP/1.1" 200 4110 marketing-online-101.com "http://marketing-online-101.com/index.php?loknya=/lib/locale/he_IL" "Mozilla/5.0 AppleWebKit/537.36 (KHTML, like Gecko; compatible; GPTBot/1.4; +https://openai.com/gptbot)" "-"
74.7.227.0 - - [23/Sep/2026:00:03:05 -0400] "GET /index.php?lokasie=/lib/locale/es_PE/LC_COLLATE&loknya=/lib/locale/es_PE HTTP/1.1" 200 26961 marketing-online-101.com "http://marketing-online-101.com/index.php?loknya=/lib/locale/es_PE" "Mozilla/5.0 AppleWebKit/537.36 (KHTML, like Gecko; compatible; GPTBot/1.4; +https://openai.com/gptbot)" "-"
114.119.144.0 - - [23/Sep/2026:00:03:06 -0400] "GET /2017/05/05/winstler-com-casino-no-deposit-bonus-2026/2 HTTP/1.1" 200 88724 marketing-online-101.com "http://marketing-online-101.com/?p=7210" "Mozilla/5.0 (Linux; Android 7.0;) AppleWebKit/537.36 (HTML, like Gecko) Mobile Safari/537.36 (compatible; PetalBot;+https://webmaster.petalsearch.com/site/petalbot)" "-"
74.7.227.0 - - [23/Sep/2026:00:03:07 -0400] "GET /index.php?lokasie=/lib/locale/so_DJ/LC_ADDRESS&loknya=/lib/locale/so_DJ HTTP/1.1" 200 4185 marketing-online-101.com "http://marketing-online-101.com/index.php?loknya=/lib/locale/so_DJ" "Mozilla/5.0 AppleWebKit/537.36 (KHTML, like Gecko; compatible; GPTBot/1.4; +https://openai.com/gptbot)" "-"
74.7.227.0 - - [23/Sep/2026:00:03:08 -0400] "GET /index.php?lokasie=/lib/locale/ne_NP/LC_TELEPHONE&loknya=/lib/locale/ne_NP HTTP/1.1" 200 4106 marketing-online-101.com "http://marketing-online-101.com/index.php?loknya=/lib/locale/ne_NP" "Mozilla/5.0 AppleWebKit/537.36 (KHTML, like Gecko; compatible; GPTBot/1.4; +https://openai.com/gptbot)" "-"
74.7.227.0 - - [23/Sep/2026:00:03:09 -0400] "GET /index.php?lokasie=/lib/locale/kn_IN/LC_NUMERIC&loknya=/lib/locale/kn_IN HTTP/1.1" 200 4105 marketing-online-101.com "http://marketing-online-101.com/index.php?loknya=/lib/locale/kn_IN" "Mozilla/5.0 AppleWebKit/537.36 (KHTML, like Gecko; compatible; GPTBot/1.4; +https://openai.com/gptbot)" "-"
74.7.227.0 - - [23/Sep/2026:00:03:10 -0400] "GET /index.php?lokasie=/lib/locale/os_RU/LC_NUMERIC&loknya=/lib/locale/os_RU HTTP/1.1" 200 4109 marketing-online-101.com "http://marketing-online-101.com/index.php?loknya=/lib/locale/os_RU" "Mozilla/5.0 AppleWebKit/537.36 (KHTML, like Gecko; compatible; GPTBot/1.4; +https://openai.com/gptbot)" "-"
74.7.227.0 - - [23/Sep/2026:00:03:11 -0400] "GET /index.php?lokasie=/lib/locale/sid_ET/LC_COLLATE&loknya=/lib/locale/sid_ET HTTP/1.1" 200 3085449 marketing-online-101.com "http://marketing-online-101.com/index.php?loknya=/lib/locale/sid_ET" "Mozilla/5.0 AppleWebKit/537.36 (KHTML, like Gecko; compatible; GPTBot/1.4; +https://openai.com/gptbot)" "-"
74.7.227.0 - - [23/Sep/2026:00:03:12 -0400] "GET /index.php?lokasie=/lib/locale/so_ET/LC_COLLATE&loknya=/lib/locale/so_ET HTTP/1.1" 200 3085446 marketing-online-101.com "http://marketing-online-101.com/index.php?loknya=/lib/locale/so_ET" "Mozilla/5.0 AppleWebKit/537.36 (KHTML, like Gecko; compatible; GPTBot/1.4; +https://openai.com/gptbot)" "-"
74.7.227.0 - - [23/Sep/2026:00:03:12 -0400] "GET /index.php?lokasie=/lib/locale/cs_CZ/LC_COLLATE&loknya=/lib/locale/cs_CZ HTTP/1.1" 200 30115 marketing-online-101.com "http://marketing-online-101.com/index.php?loknya=/lib/locale/cs_CZ" "Mozilla/5.0 AppleWebKit/537.36 (KHTML, like Gecko; compatible; GPTBot/1.4; +https://openai.com/gptbot)" "-"
74.7.227.0 - - [23/Sep/2026:00:03:13 -0400] "GET /index.php?lokasie=/lib/locale/sl_SI/LC_ADDRESS&loknya=/lib/locale/sl_SI HTTP/1.1" 200 4230 marketing-online-101.com "http://marketing-online-101.com/index.php?loknya=/lib/locale/sl_SI" "Mozilla/5.0 AppleWebKit/537.36 (KHTML, like Gecko; compatible; GPTBot/1.4; +https://openai.com/gptbot)" "-"
74.7.227.0 - - [23/Sep/2026:00:03:13 -0400] "GET /index.php?lokasie=/lib/locale/ln_CD/LC_ADDRESS&loknya=/lib/locale/ln_CD HTTP/1.1" 429 267 marketing-online-101.com "http://marketing-online-101.com/index.php?loknya=/lib/locale/ln_CD" "Mozilla/5.0 AppleWebKit/537.36 (KHTML, like Gecko; compatible; GPTBot/1.4; +https://openai.com/gptbot)" "-"
74.7.227.0 - - [23/Sep/2026:00:03:14 -0400] "GET /index.php?lokasie=/lib/locale/ar_SA/LC_ADDRESS&loknya=/lib/locale/ar_SA HTTP/1.1" 429 267 marketing-online-101.com "http://marketing-online-101.com/index.php?loknya=/lib/locale/ar_SA" "Mozilla/5.0 AppleWebKit/537.36 (KHTML, like Gecko; compatible; GPTBot/1.4; +https://openai.com/gptbot)" "-"
74.7.227.0 - - [23/Sep/2026:00:03:14 -0400] "GET /index.php?lokasie=/lib/locale/kl_GL/LC_TELEPHONE&loknya=/lib/locale/kl_GL HTTP/1.1" 429 267 marketing-online-101.com "http://marketing-online-101.com/index.php?loknya=/lib/locale/kl_GL" "Mozilla/5.0 AppleWebKit/537.36 (KHTML, like Gecko; compatible; GPTBot/1.4; +https://openai.com/gptbot)" "-"
74.7.227.0 - - [23/Sep/2026:00:03:16 -0400] "GET /index.php?lokasie=/lib/locale/agr_PE/LC_PAPER&loknya=/lib/locale/agr_PE HTTP/1.1" 429 267 marketing-online-101.com "http://marketing-online-101.com/index.php?loknya=/lib/locale/agr_PE" "Mozilla/5.0 AppleWebKit/537.36 (KHTML, like Gecko; compatible; GPTBot/1.4; +https://openai.com/gptbot)" "-"
74.7.227.0 - - [23/Sep/2026:00:03:17 -0400] "GET /index.php?lokasie=/lib/locale/lb_LU/LC_ADDRESS&loknya=/lib/locale/lb_LU HTTP/1.1" 429 267 marketing-online-101.com "http://marketing-online-101.com/index.php?loknya=/lib/locale/lb_LU" "Mozilla/5.0 AppleWebKit/537.36 (KHTML, like Gecko; compatible; GPTBot/1.4; +https://openai.com/gptbot)" "-"
74.7.227.0 - - [23/Sep/2026:00:03:20 -0400] "GET /index.php?lokasie=/lib/locale/nds_DE/LC_PAPER&loknya=/lib/locale/nds_DE HTTP/1.1" 429 267 marketing-online-101.com "http://marketing-online-101.com/index.php?loknya=/lib/locale/nds_DE" "Mozilla/5.0 AppleWebKit/537.36 (KHTML, like Gecko; compatible; GPTBot/1.4; +https://openai.com/gptbot)" "-"
74.7.227.0 - - [23/Sep/2026:00:03:24 -0400] "GET /index.php?lokasie=/lib/locale/hsb_DE/LC_ADDRESS&loknya=/lib/locale/hsb_DE HTTP/1.1" 429 267 marketing-online-101.com "http://marketing-online-101.com/index.php?loknya=/lib/locale/hsb_DE" "Mozilla/5.0 AppleWebKit/537.36 (KHTML, like Gecko; compatible; GPTBot/1.4; +https://openai.com/gptbot)" "-"
74.7.227.0 - - [23/Sep/2026:00:03:29 -0400] "GET /index.php?lokasie=/lib/locale/shs_CA/LC_PAPER&loknya=/lib/locale/shs_CA HTTP/1.1" 429 267 marketing-online-101.com "http://marketing-online-101.com/index.php?loknya=/lib/locale/shs_CA" "Mozilla/5.0 AppleWebKit/537.36 (KHTML, like Gecko; compatible; GPTBot/1.4; +https://openai.com/gptbot)" "-"
86.42.46.0 - - [23/Sep/2026:00:03:35 -0400] "GET /2015/02/ HTTP/1.1" 200 87786 yahia.ws "-" "Mozilla/5.0 (Macintosh; Intel Mac OS X 15_2_0) AppleWebKit/537.36 (KHTML, like Gecko) Chrome/125.0.6422.60 Safari/537.36" "-"
2607:f1c0:500:: - - [23/Sep/2026:00:03:36 -0400] "POST /wp-cron.php?doing_wp_cron=1790136216.4884951114654541015625 HTTP/1.1" 200 - yahia.ws "-" "WordPress/6.6.8; http://yahia.ws" "-"
74.7.227.0 - - [23/Sep/2026:00:03:38 -0400] "GET /index.php?lokasie=/lib/locale/es_BO/LC_COLLATE&loknya=/lib/locale/es_BO HTTP/1.1" 429 267 marketing-online-101.com "http://marketing-online-101.com/index.php?loknya=/lib/locale/es_BO" "Mozilla/5.0 AppleWebKit/537.36 (KHTML, like Gecko; compatible; GPTBot/1.4; +https://openai.com/gptbot)" "-"
74.7.227.0 - - [23/Sep/2026:00:03:51 -0400] "GET /index.php?lokasie=/lib/locale/hsb_DE/LC_CTYPE&loknya=/lib/locale/hsb_DE HTTP/1.1" 429 267 marketing-online-101.com "http://marketing-online-101.com/index.php?loknya=/lib/locale/hsb_DE" "Mozilla/5.0 AppleWebKit/537.36 (KHTML, like Gecko; compatible; GPTBot/1.4; +https://openai.com/gptbot)" "-"
161.118.226.0 - - [23/Sep/2026:00:03:51 -0400] "GET / HTTP/1.1" 200 138200 yahia.ws "-" "Mozilla/5.0 (X11; Linux x86_64) AppleWebKit/537.36 (KHTML, like Gecko) Chrome/122.0.0.0 Safari/537.36" "-"
74.7.227.0 - - [23/Sep/2026:00:04:10 -0400] "GET /index.php?lokasie=/lib/locale/he_IL/LC_COLLATE&loknya=/lib/locale/he_IL HTTP/1.1" 429 267 marketing-online-101.com "http://marketing-online-101.com/index.php?loknya=/lib/locale/he_IL" "Mozilla/5.0 AppleWebKit/537.36 (KHTML, like Gecko; compatible; GPTBot/1.4; +https://openai.com/gptbot)" "-"
16.216.88.0 - - [23/Sep/2026:00:04:21 -0400] "GET /intellectual-property-policy?lokasie=/homepages/18/d194259149/htdocs/marketing-online-101/wordpress/wp-login.php&loknya=/homepages/18/d194259149/htdocs/marketing-online-101/wordpress HTTP/1.1" 200 66662 marketing-online-101.com "-" "Mozilla/5.0 AppleWebKit/537.36 (KHTML, like Gecko; compatible; Reflectionbot/1.0; +https://reflection.ai/bot) Chrome/151.0.0.0 Safari/537.36" "-"
114.119.144.0 - - [23/Sep/2026:00:04:26 -0400] "GET /2017/05/05/win-real-money-online-instantly-uk/2?loknya=/homepages HTTP/1.1" 200 58090 marketing-online-101.com "http://marketing-online-101.com/2017/05/05/win-real-money-online-instantly-uk/2" "Mozilla/5.0 (Linux; Android 7.0;) AppleWebKit/537.36 (HTML, like Gecko) Mobile Safari/537.36 (compatible; PetalBot;+https://webmaster.petalsearch.com/site/petalbot)" "-"
74.7.227.0 - - [23/Sep/2026:00:04:30 -0400] "GET /index.php?lokasie=/lib/locale/ar_SD/LC_ADDRESS&loknya=/lib/locale/ar_SD HTTP/1.1" 200 4210 marketing-online-101.com "http://marketing-online-101.com/index.php?loknya=/lib/locale/ar_SD" "Mozilla/5.0 AppleWebKit/537.36 (KHTML, like Gecko; compatible; GPTBot/1.4; +https://openai.com/gptbot)" "-"
85.208.96.0 - - [23/Sep/2026:00:04:31 -0400] "GET /robots.txt HTTP/1.1" 429 267 marketing-online-101.com "-" "Mozilla/5.0 (compatible; SemrushBot/7~bl; +http://www.semrush.com/bot.html)" "-"
185.191.171.0 - - [23/Sep/2026:00:04:31 -0400] "GET /2017/05/05/dabble-review-the-social-media-approach-to-australian-betting/ HTTP/1.1" 429 267 marketing-online-101.com "-" "Mozilla/5.0 (compatible; SemrushBot/7~bl; +http://www.semrush.com/bot.html)" "-"
74.7.227.0 - - [23/Sep/2026:00:04:50 -0400] "GET /index.php?lokasie=/lib/locale/nl_BE/LC_NUMERIC&loknya=/lib/locale/nl_BE HTTP/1.1" 200 4110 marketing-online-101.com "http://marketing-online-101.com/index.php?loknya=/lib/locale/nl_BE" "Mozilla/5.0 AppleWebKit/537.36 (KHTML, like Gecko; compatible; GPTBot/1.4; +https://openai.com/gptbot)" "-"
74.7.227.0 - - [23/Sep/2026:00:05:06 -0400] "GET /index.php?lokasie=/lib/locale/nso_ZA/LC_PAPER&loknya=/lib/locale/nso_ZA HTTP/1.1" 200 4083 marketing-online-101.com "http://marketing-online-101.com/index.php?loknya=/lib/locale/nso_ZA" "Mozilla/5.0 AppleWebKit/537.36 (KHTML, like Gecko; compatible; GPTBot/1.4; +https://openai.com/gptbot)" "-"
183.13.19.0 - - [23/Sep/2026:00:05:08 -0400] "GET / HTTP/1.1" 500 - dosclub.com "-" "Mozilla/5.0 (Macintosh; Intel Mac OS X 10_15_7) AppleWebKit/537.36 (KHTML, like Gecko) Chrome/146.0.0.0 Safari/537.36" "-"
117.5.146.0 - - [23/Sep/2026:00:05:09 -0400] "GET / HTTP/1.1" 500 - dosclub.com "-" "Mozilla/5.0 (Macintosh; Intel Mac OS X 10_15_7) AppleWebKit/537.36 (KHTML, like Gecko) Chrome/133.0.0.0 Safari/537.36" "-"
103.104.87.0 - - [23/Sep/2026:00:05:11 -0400] "GET / HTTP/1.1" 500 - dosclub.com "-" "Mozilla/5.0 (Windows NT 10.0; Win64; x64) AppleWebKit/537.36 (KHTML, like Gecko) Chrome/101.0.4951.64 Safari/537.36 Edg/101.0.1210.47" "-"
14.224.169.0 - - [23/Sep/2026:00:05:11 -0400] "GET / HTTP/1.1" 500 - dosclub.com "-" "Mozilla/5.0 (Macintosh; Intel Mac OS X 10_15_7) AppleWebKit/537.36 (KHTML, like Gecko) Chrome/136.0.0.0 Safari/537.36" "-"
119.10.175.0 - - [23/Sep/2026:00:05:11 -0400] "GET / HTTP/1.1" 500 - dosclub.com "-" "Mozilla/5.0 (Macintosh; Intel Mac OS X 10_15_7) AppleWebKit/605.1.15 (KHTML, like Gecko) Version/17.0 Safari/605.1.15" "-"
189.219.66.0 - - [23/Sep/2026:00:05:14 -0400] "GET / HTTP/1.1" 500 - dosclub.com "-" "Mozilla/5.0 (Macintosh; Intel Mac OS X 10_15_7) AppleWebKit/605.1.15 (KHTML, like Gecko) Version/26.0.1 Safari/605.1.15" "-"
74.7.227.0 - - [23/Sep/2026:00:05:19 -0400] "GET /index.php?lokasie=/lib/locale/ln_CD/LC_COLLATE&loknya=/lib/locale/ln_CD HTTP/1.1" 200 3084966 marketing-online-101.com "http://marketing-online-101.com/index.php?loknya=/lib/locale/ln_CD" "Mozilla/5.0 AppleWebKit/537.36 (KHTML, like Gecko; compatible; GPTBot/1.4; +https://openai.com/gptbot)" "-"
66.249.79.0 - - [23/Sep/2026:00:05:21 -0400] "GET /cate-151-183 HTTP/1.1" 200 179811 yahia.ws "-" "Mozilla/5.0 (compatible; Googlebot/2.1; +http://www.google.com/bot.html)" "-"
74.7.227.0 - - [23/Sep/2026:00:05:29 -0400] "GET /index.php?lokasie=/lib/locale/pa_IN/LC_COLLATE&loknya=/lib/locale/pa_IN HTTP/1.1" 200 3085446 marketing-online-101.com "http://marketing-online-101.com/index.php?loknya=/lib/locale/pa_IN" "Mozilla/5.0 AppleWebKit/537.36 (KHTML, like Gecko; compatible; GPTBot/1.4; +https://openai.com/gptbot)" "-"
74.7.227.0 - - [23/Sep/2026:00:05:37 -0400] "GET /index.php?lokasie=/lib/locale/doi_IN/LC_CTYPE&loknya=/lib/locale/doi_IN HTTP/1.1" 200 479810 marketing-online-101.com "http://marketing-online-101.com/index.php?loknya=/lib/locale/doi_IN" "Mozilla/5.0 AppleWebKit/537.36 (KHTML, like Gecko; compatible; GPTBot/1.4; +https://openai.com/gptbot)" "-"
74.7.227.0 - - [23/Sep/2026:00:05:44 -0400] "GET /index.php?lokasie=/lib/locale/so_KE/LC_COLLATE&loknya=/lib/locale/so_KE HTTP/1.1" 200 26775 marketing-online-101.com "http://marketing-online-101.com/index.php?loknya=/lib/locale/so_KE" "Mozilla/5.0 AppleWebKit/537.36 (KHTML, like Gecko; compatible; GPTBot/1.4; +https://openai.com/gptbot)" "-"
158.173.21.0 - - [23/Sep/2026:00:05:44 -0400] "GET /spielautomaten-gratis-spielen-ohne-anmeldung-2026/ HTTP/1.1" 200 92476 yahia.ws "http://yahia.ws/" "Mozilla/5.0 (X11; Linux x86_64) AppleWebKit/537.36 (KHTML, like Gecko) Chrome/132.0.0.0 Safari/537.36" "-"
2607:f1c0:500:: - - [23/Sep/2026:00:05:45 -0400] "POST /wp-cron.php?doing_wp_cron=1790136345.2792348861694335937500 HTTP/1.1" 200 - yahia.ws "-" "WordPress/6.6.8; http://yahia.ws" "-"
157.55.39.0 - - [23/Sep/2026:00:05:46 -0400] "GET /detail/49f123741 HTTP/1.1" 200 182662 yahia.ws "-" "Mozilla/5.0 AppleWebKit/537.36 (KHTML, like Gecko; compatible; bingbot/2.0; +http://www.bing.com/bingbot.htm) Chrome/116.0.1938.76 Safari/537.36" "-"
74.7.227.0 - - [23/Sep/2026:00:05:49 -0400] "GET /index.php?lokasie=/lib/locale/ca_ES/LC_COLLATE&loknya=/lib/locale/ca_ES HTTP/1.1" 200 26961 marketing-online-101.com "http://marketing-online-101.com/index.php?loknya=/lib/locale/ca_ES" "Mozilla/5.0 AppleWebKit/537.36 (KHTML, like Gecko; compatible; GPTBot/1.4; +https://openai.com/gptbot)" "-"
114.119.135.0 - - [23/Sep/2026:00:05:50 -0400] "GET /2017/05/05/williams-casino-bonus-codes-for-free-spins-2026/?loknya=/homepages/18/d194259149/htdocs/marketing-online-101/wordpress/wp-includes HTTP/1.1" 200 428304 marketing-online-101.com "http://marketing-online-101.com/2017/05/05/williams-casino-bonus-codes-for-free-spins-2026/" "Mozilla/5.0 (Linux; Android 7.0;) AppleWebKit/537.36 (HTML, like Gecko) Mobile Safari/537.36 (compatible; PetalBot;+https://webmaster.petalsearch.com/site/petalbot)" "-"
66.249.79.0 - - [23/Sep/2026:00:05:51 -0400] "GET /detail/7391035594 HTTP/1.1" 200 177312 yahia.ws "-" "Mozilla/5.0 (Linux; Android 6.0.1; Nexus 5X Build/MMB29P) AppleWebKit/537.36 (KHTML, like Gecko) Chrome/153.0.8010.52 Mobile Safari/537.36 (compatible; Googlebot/2.1; +http://www.google.com/bot.html)" "-"
74.7.227.0 - - [23/Sep/2026:00:05:53 -0400] "GET /index.php?lokasie=/lib/locale/ayc_PE/LC_COLLATE&loknya=/lib/locale/ayc_PE HTTP/1.1" 200 3085449 marketing-online-101.com "http://marketing-online-101.com/index.php?loknya=/lib/locale/ayc_PE" "Mozilla/5.0 AppleWebKit/537.36 (KHTML, like Gecko; compatible; GPTBot/1.4; +https://openai.com/gptbot)" "-"
74.7.227.0 - - [23/Sep/2026:00:05:56 -0400] "GET /index.php?lokasie=/lib/locale/et_EE/LC_ADDRESS&loknya=/lib/locale/et_EE HTTP/1.1" 200 4243 marketing-online-101.com "http://marketing-online-101.com/index.php?loknya=/lib/locale/et_EE" "Mozilla/5.0 AppleWebKit/537.36 (KHTML, like Gecko; compatible; GPTBot/1.4; +https://openai.com/gptbot)" "-"
74.7.227.0 - - [23/Sep/2026:00:05:59 -0400] "GET /index.php?lokasie=/lib/locale/en_PH/LC_COLLATE&loknya=/lib/locale/en_PH HTTP/1.1" 200 26775 marketing-online-101.com "http://marketing-online-101.com/index.php?loknya=/lib/locale/en_PH" "Mozilla/5.0 AppleWebKit/537.36 (KHTML, like Gecko; compatible; GPTBot/1.4; +https://openai.com/gptbot)" "-"
74.7.227.0 - - [23/Sep/2026:00:06:01 -0400] "GET /index.php?lokasie=/lib/locale/pap_CW/LC_NUMERIC&loknya=/lib/locale/pap_CW HTTP/1.1" 200 4104 marketing-online-101.com "http://marketing-online-101.com/index.php?loknya=/lib/locale/pap_CW" "Mozilla/5.0 AppleWebKit/537.36 (KHTML, like Gecko; compatible; GPTBot/1.4; +https://openai.com/gptbot)" "-"
74.7.227.0 - - [23/Sep/2026:00:06:03 -0400] "GET /index.php?lokasie=/lib/locale/csb_PL/LC_CTYPE&loknya=/lib/locale/csb_PL HTTP/1.1" 200 477198 marketing-online-101.com "http://marketing-online-101.com/index.php?loknya=/lib/locale/csb_PL" "Mozilla/5.0 AppleWebKit/537.36 (KHTML, like Gecko; compatible; GPTBot/1.4; +https://openai.com/gptbot)" "-"
66.249.79.0 - - [23/Sep/2026:00:06:04 -0400] "GET /items/G211520183/ HTTP/1.1" 200 177445 yahia.ws "-" "Mozilla/5.0 (Linux; Android 6.0.1; Nexus 5X Build/MMB29P) AppleWebKit/537.36 (KHTML, like Gecko) Chrome/153.0.8010.52 Mobile Safari/537.36 (compatible; Googlebot/2.1; +http://www.google.com/bot.html)" "-"
74.7.227.0 - - [23/Sep/2026:00:06:04 -0400] "GET /index.php?lokasie=/lib/locale/nl_NL/LC_TELEPHONE&loknya=/lib/locale/nl_NL HTTP/1.1" 200 4113 marketing-online-101.com "http://marketing-online-101.com/index.php?loknya=/lib/locale/nl_NL" "Mozilla/5.0 AppleWebKit/537.36 (KHTML, like Gecko; compatible; GPTBot/1.4; +https://openai.com/gptbot)" "-"
74.7.227.0 - - [23/Sep/2026:00:06:05 -0400] "GET /index.php?lokasie=/lib/locale/en_NG/LC_COLLATE&loknya=/lib/locale/en_NG HTTP/1.1" 200 3085446 marketing-online-101.com "http://marketing-online-101.com/index.php?loknya=/lib/locale/en_NG" "Mozilla/5.0 AppleWebKit/537.36 (KHTML, like Gecko; compatible; GPTBot/1.4; +https://openai.com/gptbot)" "-"
74.7.227.0 - - [23/Sep/2026:00:06:06 -0400] "GET /index.php?lokasie=/lib/locale/en_DK/LC_ADDRESS&loknya=/lib/locale/en_DK HTTP/1.1" 200 4214 marketing-online-101.com "http://marketing-online-101.com/index.php?loknya=/lib/locale/en_DK" "Mozilla/5.0 AppleWebKit/537.36 (KHTML, like Gecko; compatible; GPTBot/1.4; +https://openai.com/gptbot)" "-"
74.7.227.0 - - [23/Sep/2026:00:06:07 -0400] "GET /index.php?lokasie=/lib/locale/kl_GL/LC_ADDRESS&loknya=/lib/locale/kl_GL HTTP/1.1" 200 4234 marketing-online-101.com "http://marketing-online-101.com/index.php?loknya=/lib/locale/kl_GL" "Mozilla/5.0 AppleWebKit/537.36 (KHTML, like Gecko; compatible; GPTBot/1.4; +https://openai.com/gptbot)" "-"
74.7.227.0 - - [23/Sep/2026:00:06:08 -0400] "GET /index.php?lokasie=/lib/locale/pa_PK/LC_COLLATE&loknya=/lib/locale/pa_PK HTTP/1.1" 200 3085446 marketing-online-101.com "http://marketing-online-101.com/index.php?loknya=/lib/locale/pa_PK" "Mozilla/5.0 AppleWebKit/537.36 (KHTML, like Gecko; compatible; GPTBot/1.4; +https://openai.com/gptbot)" "-"
74.7.227.0 - - [23/Sep/2026:00:06:08 -0400] "GET /index.php?lokasie=/lib/locale/en_PH/LC_TELEPHONE&loknya=/lib/locale/en_PH HTTP/1.1" 200 4106 marketing-online-101.com "http://marketing-online-101.com/index.php?loknya=/lib/locale/en_PH" "Mozilla/5.0 AppleWebKit/537.36 (KHTML, like Gecko; compatible; GPTBot/1.4; +https://openai.com/gptbot)" "-"
74.7.227.0 - - [23/Sep/2026:00:06:09 -0400] "GET /index.php?lokasie=/lib/locale/the_NP/LC_PAPER&loknya=/lib/locale/the_NP HTTP/1.1" 200 4083 marketing-online-101.com "http://marketing-online-101.com/index.php?loknya=/lib/locale/the_NP" "Mozilla/5.0 AppleWebKit/537.36 (KHTML, like Gecko; compatible; GPTBot/1.4; +https://openai.com/gptbot)" "-"
74.7.227.0 - - [23/Sep/2026:00:06:09 -0400] "GET /index.php?lokasie=/lib/locale/szl_PL/LC_COLLATE&loknya=/lib/locale/szl_PL HTTP/1.1" 429 267 marketing-online-101.com "http://marketing-online-101.com/index.php?loknya=/lib/locale/szl_PL" "Mozilla/5.0 AppleWebKit/537.36 (KHTML, like Gecko; compatible; GPTBot/1.4; +https://openai.com/gptbot)" "-"
74.7.227.0 - - [23/Sep/2026:00:06:10 -0400] "GET /index.php?lokasie=/lib/locale/es_US/LC_ADDRESS&loknya=/lib/locale/es_US HTTP/1.1" 429 267 marketing-online-101.com "http://marketing-online-101.com/index.php?loknya=/lib/locale/es_US" "Mozilla/5.0 AppleWebKit/537.36 (KHTML, like Gecko; compatible; GPTBot/1.4; +https://openai.com/gptbot)" "-"
74.7.227.0 - - [23/Sep/2026:00:06:10 -0400] "GET /index.php?lokasie=/lib/locale/scn_IT/LC_COLLATE&loknya=/lib/locale/scn_IT HTTP/1.1" 429 267 marketing-online-101.com "http://marketing-online-101.com/index.php?loknya=/lib/locale/scn_IT" "Mozilla/5.0 AppleWebKit/537.36 (KHTML, like Gecko; compatible; GPTBot/1.4; +https://openai.com/gptbot)" "-"
74.7.227.0 - - [23/Sep/2026:00:06:11 -0400] "GET /index.php?lokasie=/lib/locale/kk_KZ/LC_COLLATE&loknya=/lib/locale/kk_KZ HTTP/1.1" 429 267 marketing-online-101.com "http://marketing-online-101.com/index.php?loknya=/lib/locale/kk_KZ" "Mozilla/5.0 AppleWebKit/537.36 (KHTML, like Gecko; compatible; GPTBot/1.4; +https://openai.com/gptbot)" "-"
74.7.227.0 - - [23/Sep/2026:00:06:13 -0400] "GET /index.php?lokasie=/lib/locale/pa_IN/LC_NUMERIC&loknya=/lib/locale/pa_IN HTTP/1.1" 429 267 marketing-online-101.com "http://marketing-online-101.com/index.php?loknya=/lib/locale/pa_IN" "Mozilla/5.0 AppleWebKit/537.36 (KHTML, like Gecko; compatible; GPTBot/1.4; +https://openai.com/gptbot)" "-"
74.7.227.0 - - [23/Sep/2026:00:06:16 -0400] "GET /index.php?lokasie=/lib/locale/es_SV/LC_ADDRESS&loknya=/lib/locale/es_SV HTTP/1.1" 429 267 marketing-online-101.com "http://marketing-online-101.com/index.php?loknya=/lib/locale/es_SV" "Mozilla/5.0 AppleWebKit/537.36 (KHTML, like Gecko; compatible; GPTBot/1.4; +https://openai.com/gptbot)" "-"
74.7.227.0 - - [23/Sep/2026:00:06:19 -0400] "GET /index.php?lokasie=/lib/locale/doi_IN/LC_COLLATE&loknya=/lib/locale/doi_IN HTTP/1.1" 429 267 marketing-online-101.com "http://marketing-online-101.com/index.php?loknya=/lib/locale/doi_IN" "Mozilla/5.0 AppleWebKit/537.36 (KHTML, like Gecko; compatible; GPTBot/1.4; +https://openai.com/gptbot)" "-"
74.7.227.0 - - [23/Sep/2026:00:06:25 -0400] "GET /index.php?lokasie=/lib/locale/as_IN/LC_NUMERIC&loknya=/lib/locale/as_IN HTTP/1.1" 429 267 marketing-online-101.com "http://marketing-online-101.com/index.php?loknya=/lib/locale/as_IN" "Mozilla/5.0 AppleWebKit/537.36 (KHTML, like Gecko; compatible; GPTBot/1.4; +https://openai.com/gptbot)" "-"
74.7.227.0 - - [23/Sep/2026:00:06:34 -0400] "GET /index.php?lokasie=/lib/locale/ta_LK/LC_COLLATE&loknya=/lib/locale/ta_LK HTTP/1.1" 429 267 marketing-online-101.com "http://marketing-online-101.com/index.php?loknya=/lib/locale/ta_LK" "Mozilla/5.0 AppleWebKit/537.36 (KHTML, like Gecko; compatible; GPTBot/1.4; +https://openai.com/gptbot)" "-"
74.7.227.0 - - [23/Sep/2026:00:06:47 -0400] "GET /index.php?lokasie=/lib/locale/nl_BE/LC_ADDRESS&loknya=/lib/locale/nl_BE HTTP/1.1" 429 267 marketing-online-101.com "http://marketing-online-101.com/index.php?loknya=/lib/locale/nl_BE" "Mozilla/5.0 AppleWebKit/537.36 (KHTML, like Gecko; compatible; GPTBot/1.4; +https://openai.com/gptbot)" "-"
74.7.227.0 - - [23/Sep/2026:00:07:06 -0400] "GET /index.php?lokasie=/lib/locale/en_IN/LC_COLLATE&loknya=/lib/locale/en_IN HTTP/1.1" 429 267 marketing-online-101.com "http://marketing-online-101.com/index.php?loknya=/lib/locale/en_IN" "Mozilla/5.0 AppleWebKit/537.36 (KHTML, like Gecko; compatible; GPTBot/1.4; +https://openai.com/gptbot)" "-"
114.119.130.0 - - [23/Sep/2026:00:07:14 -0400] "GET /2017/05/05/wigan-casino-no-deposit-bonus-2026/ HTTP/1.1" 200 88724 marketing-online-101.com "http://marketing-online-101.com/2017/05/05/wigan-casino-no-deposit-bonus-2026/" "Mozilla/5.0 (Linux; Android 7.0;) AppleWebKit/537.36 (HTML, like Gecko) Mobile Safari/537.36 (compatible; PetalBot;+https://webmaster.petalsearch.com/site/petalbot)" "-"
66.249.79.0 - - [23/Sep/2026:00:07:24 -0400] "GET /detail/1751734165 HTTP/1.1" 200 172651 yahia.ws "-" "Mozilla/5.0 (Linux; Android 6.0.1; Nexus 5X Build/MMB29P) AppleWebKit/537.36 (KHTML, like Gecko) Chrome/153.0.8010.52 Mobile Safari/537.36 (compatible; Googlebot/2.1; +http://www.google.com/bot.html)" "-"
74.7.227.0 - - [23/Sep/2026:00:07:26 -0400] "GET /index.php?lokasie=/lib/locale/ti_ET/LC_COLLATE&loknya=/lib/locale/ti_ET HTTP/1.1" 200 3085446 marketing-online-101.com "http://marketing-online-101.com/index.php?loknya=/lib/locale/ti_ET" "Mozilla/5.0 AppleWebKit/537.36 (KHTML, like Gecko; compatible; GPTBot/1.4; +https://openai.com/gptbot)" "-"
114.119.135.0 - - [23/Sep/2026:00:07:28 -0400] "GET /tag/build-a-list HTTP/1.1" 200 22663 fomt.biz "http://fomt.biz/tag/internet-marketing" "Mozilla/5.0 (Linux; Android 7.0;) AppleWebKit/537.36 (HTML, like Gecko) Mobile Safari/537.36 (compatible; PetalBot;+https://webmaster.petalsearch.com/site/petalbot)" "-"
66.249.79.0 - - [23/Sep/2026:00:07:39 -0400] "GET /detail/3272674383 HTTP/1.1" 200 174484 yahia.ws "-" "Mozilla/5.0 (Linux; Android 6.0.1; Nexus 5X Build/MMB29P) AppleWebKit/537.36 (KHTML, like Gecko) Chrome/153.0.8010.52 Mobile Safari/537.36 (compatible; Googlebot/2.1; +http://www.google.com/bot.html)" "-"
185.191.171.0 - - [23/Sep/2026:00:07:42 -0400] "GET /2026/07/15/systeme-en-ligne-pour-machines-de-roulette-france-2026/ HTTP/1.1" 429 267 marketing-online-101.com "-" "Mozilla/5.0 (compatible; SemrushBot/7~bl; +http://www.semrush.com/bot.html)" "-"
74.7.227.0 - - [23/Sep/2026:00:07:46 -0400] "GET /index.php?lokasie=/lib/locale/am_ET/LC_COLLATE&loknya=/lib/locale/am_ET HTTP/1.1" 200 3085446 marketing-online-101.com "http://marketing-online-101.com/index.php?loknya=/lib/locale/am_ET" "Mozilla/5.0 AppleWebKit/537.36 (KHTML, like Gecko; compatible; GPTBot/1.4; +https://openai.com/gptbot)" "-"
74.7.227.0 - - [23/Sep/2026:00:08:02 -0400] "GET /index.php?lokasie=/lib/locale/es_CR/LC_NUMERIC&loknya=/lib/locale/es_CR HTTP/1.1" 200 4112 marketing-online-101.com "http://marketing-online-101.com/index.php?loknya=/lib/locale/es_CR" "Mozilla/5.0 AppleWebKit/537.36 (KHTML, like Gecko; compatible; GPTBot/1.4; +https://openai.com/gptbot)" "-"
74.7.227.0 - - [23/Sep/2026:00:08:15 -0400] "GET /index.php?lokasie=/lib/locale/nds_DE/LC_CTYPE&loknya=/lib/locale/nds_DE HTTP/1.1" 200 477198 marketing-online-101.com "http://marketing-online-101.com/index.php?loknya=/lib/locale/nds_DE" "Mozilla/5.0 AppleWebKit/537.36 (KHTML, like Gecko; compatible; GPTBot/1.4; +https://openai.com/gptbot)" "-"
74.7.227.0 - - [23/Sep/2026:00:08:25 -0400] "GET /index.php?lokasie=/lib/locale/nl_NL/LC_NUMERIC&loknya=/lib/locale/nl_NL HTTP/1.1" 200 4110 marketing-online-101.com "http://marketing-online-101.com/index.php?loknya=/lib/locale/nl_NL" "Mozilla/5.0 AppleWebKit/537.36 (KHTML, like Gecko; compatible; GPTBot/1.4; +https://openai.com/gptbot)" "-"
74.7.227.0 - - [23/Sep/2026:00:08:33 -0400] "GET /index.php?lokasie=/lib/locale/pl_PL/LC_NUMERIC&loknya=/lib/locale/pl_PL HTTP/1.1" 200 4112 marketing-online-101.com "http://marketing-online-101.com/index.php?loknya=/lib/locale/pl_PL" "Mozilla/5.0 AppleWebKit/537.36 (KHTML, like Gecko; compatible; GPTBot/1.4; +https://openai.com/gptbot)" "-"
114.119.149.0 - - [23/Sep/2026:00:08:37 -0400] "GET /2017/05/05/what-online-casino-has-the-best-welcome-bonus/2 HTTP/1.1" 200 88724 marketing-online-101.com "http://marketing-online-101.com/2017/05/05/what-online-casino-has-the-best-welcome-bonus/" "Mozilla/5.0 (Linux; Android 7.0;) AppleWebKit/537.36 (HTML, like Gecko) Mobile Safari/537.36 (compatible; PetalBot;+https://webmaster.petalsearch.com/site/petalbot)" "-"
74.7.227.0 - - [23/Sep/2026:00:08:40 -0400] "GET /index.php?lokasie=/lib/locale/de_CH/LC_COLLATE&loknya=/lib/locale/de_CH HTTP/1.1" 200 26775 marketing-online-101.com "http://marketing-online-101.com/index.php?loknya=/lib/locale/de_CH" "Mozilla/5.0 AppleWebKit/537.36 (KHTML, like Gecko; compatible; GPTBot/1.4; +https://openai.com/gptbot)" "-"
74.7.227.0 - - [23/Sep/2026:00:08:45 -0400] "GET /index.php?lokasie=/lib/locale/nso_ZA/LC_CTYPE&loknya=/lib/locale/nso_ZA HTTP/1.1" 200 422237 marketing-online-101.com "http://marketing-online-101.com/index.php?loknya=/lib/locale/nso_ZA" "Mozilla/5.0 AppleWebKit/537.36 (KHTML, like Gecko; compatible; GPTBot/1.4; +https://openai.com/gptbot)" "-"
74.7.227.0 - - [23/Sep/2026:00:08:49 -0400] "GET /index.php?lokasie=/lib/locale/et_EE/LC_TELEPHONE&loknya=/lib/locale/et_EE HTTP/1.1" 200 4114 marketing-online-101.com "http://marketing-online-101.com/index.php?loknya=/lib/locale/et_EE" "Mozilla/5.0 AppleWebKit/537.36 (KHTML, like Gecko; compatible; GPTBot/1.4; +https://openai.com/gptbot)" "-"
74.7.227.0 - - [23/Sep/2026:00:08:52 -0400] "GET /index.php?lokasie=/lib/locale/ce_RU/LC_ADDRESS&loknya=/lib/locale/ce_RU HTTP/1.1" 200 4224 marketing-online-101.com "http://marketing-online-101.com/index.php?loknya=/lib/locale/ce_RU" "Mozilla/5.0 AppleWebKit/537.36 (KHTML, like Gecko; compatible; GPTBot/1.4; +https://openai.com/gptbot)" "-"
74.7.227.0 - - [23/Sep/2026:00:08:55 -0400] "GET /index.php?lokasie=/lib/locale/es_PA/LC_COLLATE&loknya=/lib/locale/es_PA HTTP/1.1" 200 26961 marketing-online-101.com "http://marketing-online-101.com/index.php?loknya=/lib/locale/es_PA" "Mozilla/5.0 AppleWebKit/537.36 (KHTML, like Gecko; compatible; GPTBot/1.4; +https://openai.com/gptbot)" "-"
74.7.227.0 - - [23/Sep/2026:00:08:57 -0400] "GET /index.php?lokasie=/lib/locale/en_IN/LC_NUMERIC&loknya=/lib/locale/en_IN HTTP/1.1" 200 4105 marketing-online-101.com "http://marketing-online-101.com/index.php?loknya=/lib/locale/en_IN" "Mozilla/5.0 AppleWebKit/537.36 (KHTML, like Gecko; compatible; GPTBot/1.4; +https://openai.com/gptbot)" "-"
74.7.227.0 - - [23/Sep/2026:00:08:59 -0400] "GET /index.php?lokasie=/lib/locale/da_DK/LC_ADDRESS&loknya=/lib/locale/da_DK HTTP/1.1" 200 4212 marketing-online-101.com "http://marketing-online-101.com/index.php?loknya=/lib/locale/da_DK" "Mozilla/5.0 AppleWebKit/537.36 (KHTML, like Gecko; compatible; GPTBot/1.4; +https://openai.com/gptbot)" "-"
74.7.227.0 - - [23/Sep/2026:00:09:00 -0400] "GET /index.php?lokasie=/lib/locale/es_PE/LC_TELEPHONE&loknya=/lib/locale/es_PE HTTP/1.1" 200 4113 marketing-online-101.com "http://marketing-online-101.com/index.php?loknya=/lib/locale/es_PE" "Mozilla/5.0 AppleWebKit/537.36 (KHTML, like Gecko; compatible; GPTBot/1.4; +https://openai.com/gptbot)" "-"
74.7.227.0 - - [23/Sep/2026:00:09:01 -0400] "GET /index.php?lokasie=/lib/locale/en_DK/LC_COLLATE&loknya=/lib/locale/en_DK HTTP/1.1" 200 26775 marketing-online-101.com "http://marketing-online-101.com/index.php?loknya=/lib/locale/en_DK" "Mozilla/5.0 AppleWebKit/537.36 (KHTML, like Gecko; compatible; GPTBot/1.4; +https://openai.com/gptbot)" "-"
74.7.227.0 - - [23/Sep/2026:00:09:02 -0400] "GET /index.php?lokasie=/lib/locale/es_EC/LC_ADDRESS&loknya=/lib/locale/es_EC HTTP/1.1" 200 4216 marketing-online-101.com "http://marketing-online-101.com/index.php?loknya=/lib/locale/es_EC" "Mozilla/5.0 AppleWebKit/537.36 (KHTML, like Gecko; compatible; GPTBot/1.4; +https://openai.com/gptbot)" "-"
74.7.227.0 - - [23/Sep/2026:00:09:03 -0400] "GET /index.php?lokasie=/lib/locale/doi_IN/LC_PAPER&loknya=/lib/locale/doi_IN HTTP/1.1" 200 4083 marketing-online-101.com "http://marketing-online-101.com/index.php?loknya=/lib/locale/doi_IN" "Mozilla/5.0 AppleWebKit/537.36 (KHTML, like Gecko; compatible; GPTBot/1.4; +https://openai.com/gptbot)" "-"
74.7.227.0 - - [23/Sep/2026:00:09:03 -0400] "GET /index.php?lokasie=/lib/locale/en_GB/LC_COLLATE&loknya=/lib/locale/en_GB HTTP/1.1" 200 26775 marketing-online-101.com "http://marketing-online-101.com/index.php?loknya=/lib/locale/en_GB" "Mozilla/5.0 AppleWebKit/537.36 (KHTML, like Gecko; compatible; GPTBot/1.4; +https://openai.com/gptbot)" "-"
74.7.227.0 - - [23/Sep/2026:00:09:04 -0400] "GET /index.php?lokasie=/lib/locale/de_LU/LC_COLLATE&loknya=/lib/locale/de_LU HTTP/1.1" 200 26775 marketing-online-101.com "http://marketing-online-101.com/index.php?loknya=/lib/locale/de_LU" "Mozilla/5.0 AppleWebKit/537.36 (KHTML, like Gecko; compatible; GPTBot/1.4; +https://openai.com/gptbot)" "-"
74.7.227.0 - - [23/Sep/2026:00:09:05 -0400] "GET /index.php?lokasie=/lib/locale/en_AU/LC_ADDRESS&loknya=/lib/locale/en_AU HTTP/1.1" 200 4220 marketing-online-101.com "http://marketing-online-101.com/index.php?loknya=/lib/locale/en_AU" "Mozilla/5.0 AppleWebKit/537.36 (KHTML, like Gecko; compatible; GPTBot/1.4; +https://openai.com/gptbot)" "-"
74.7.227.0 - - [23/Sep/2026:00:09:05 -0400] "GET /index.php?lokasie=/lib/locale/en_NZ/LC_COLLATE&loknya=/lib/locale/en_NZ HTTP/1.1" 429 267 marketing-online-101.com "http://marketing-online-101.com/index.php?loknya=/lib/locale/en_NZ" "Mozilla/5.0 AppleWebKit/537.36 (KHTML, like Gecko; compatible; GPTBot/1.4; +https://openai.com/gptbot)" "-"
74.7.227.0 - - [23/Sep/2026:00:09:06 -0400] "GET /index.php?lokasie=/lib/locale/shn_MM/LC_PAPER&loknya=/lib/locale/shn_MM HTTP/1.1" 429 267 marketing-online-101.com "http://marketing-online-101.com/index.php?loknya=/lib/locale/shn_MM" "Mozilla/5.0 AppleWebKit/537.36 (KHTML, like Gecko; compatible; GPTBot/1.4; +https://openai.com/gptbot)" "-"
74.7.227.0 - - [23/Sep/2026:00:09:06 -0400] "GET /index.php?lokasie=/lib/locale/en_ZM/LC_COLLATE&loknya=/lib/locale/en_ZM HTTP/1.1" 429 267 marketing-online-101.com "http://marketing-online-101.com/index.php?loknya=/lib/locale/en_ZM" "Mozilla/5.0 AppleWebKit/537.36 (KHTML, like Gecko; compatible; GPTBot/1.4; +https://openai.com/gptbot)" "-"
74.7.227.0 - - [23/Sep/2026:00:09:07 -0400] "GET /index.php?lokasie=/lib/locale/ayc_PE/LC_CTYPE&loknya=/lib/locale/ayc_PE HTTP/1.1" 429 267 marketing-online-101.com "http://marketing-online-101.com/index.php?loknya=/lib/locale/ayc_PE" "Mozilla/5.0 AppleWebKit/537.36 (KHTML, like Gecko; compatible; GPTBot/1.4; +https://openai.com/gptbot)" "-"
74.7.227.0 - - [23/Sep/2026:00:09:09 -0400] "GET /index.php?lokasie=/lib/locale/en_SG/LC_COLLATE&loknya=/lib/locale/en_SG HTTP/1.1" 429 267 marketing-online-101.com "http://marketing-online-101.com/index.php?loknya=/lib/locale/en_SG" "Mozilla/5.0 AppleWebKit/537.36 (KHTML, like Gecko; compatible; GPTBot/1.4; +https://openai.com/gptbot)" "-"
74.7.227.0 - - [23/Sep/2026:00:09:12 -0400] "GET /index.php?lokasie=/lib/locale/ia_FR/LC_NUMERIC&loknya=/lib/locale/ia_FR HTTP/1.1" 429 267 marketing-online-101.com "http://marketing-online-101.com/index.php?loknya=/lib/locale/ia_FR" "Mozilla/5.0 AppleWebKit/537.36 (KHTML, like Gecko; compatible; GPTBot/1.4; +https://openai.com/gptbot)" "-"
74.7.227.0 - - [23/Sep/2026:00:09:15 -0400] "GET /index.php?lokasie=/lib/locale/pap_CW/LC_COLLATE&loknya=/lib/locale/pap_CW HTTP/1.1" 429 267 marketing-online-101.com "http://marketing-online-101.com/index.php?loknya=/lib/locale/pap_CW" "Mozilla/5.0 AppleWebKit/537.36 (KHTML, like Gecko; compatible; GPTBot/1.4; +https://openai.com/gptbot)" "-"
74.7.227.0 - - [23/Sep/2026:00:09:21 -0400] "GET /index.php?lokasie=/lib/locale/so_ET/LC_TELEPHONE&loknya=/lib/locale/so_ET HTTP/1.1" 429 267 marketing-online-101.com "http://marketing-online-101.com/index.php?loknya=/lib/locale/so_ET" "Mozilla/5.0 AppleWebKit/537.36 (KHTML, like Gecko; compatible; GPTBot/1.4; +https://openai.com/gptbot)" "-"
74.7.227.0 - - [23/Sep/2026:00:09:30 -0400] "GET /index.php?lokasie=/lib/locale/pap_CW/LC_ADDRESS&loknya=/lib/locale/pap_CW HTTP/1.1" 429 267 marketing-online-101.com "http://marketing-online-101.com/index.php?loknya=/lib/locale/pap_CW" "Mozilla/5.0 AppleWebKit/537.36 (KHTML, like Gecko; compatible; GPTBot/1.4; +https://openai.com/gptbot)" "-"
37.27.130.0 - - [23/Sep/2026:00:09:31 -0400] "GET /robots.txt HTTP/1.1" 200 113 dosclub.com "-" "Mozilla/5.0 (compatible; AwarioBot/1.0; +https://awario.com/bots.html)" "-"
37.27.130.0 - - [23/Sep/2026:00:09:31 -0400] "GET / HTTP/1.1" 500 - dosclub.com "-" "Mozilla/5.0 (compatible; AwarioBot/1.0; +https://awario.com/bots.html)" "-"
74.7.227.0 - - [23/Sep/2026:00:09:43 -0400] "GET /index.php?lokasie=/lib/locale/aa_DJ/LC_COLLATE&loknya=/lib/locale/aa_DJ HTTP/1.1" 429 267 marketing-online-101.com "http://marketing-online-101.com/index.php?loknya=/lib/locale/aa_DJ" "Mozilla/5.0 AppleWebKit/537.36 (KHTML, like Gecko; compatible; GPTBot/1.4; +https://openai.com/gptbot)" "-"
51.81.110.0 - - [23/Sep/2026:00:09:50 -0400] "GET /virtuele-gokmachine-verdubbelings-methode-2026/ HTTP/1.1" 200 93120 yahia.ws "-" "Mozilla/5.0 (compatible; AhrefsBot/7.0; +http://ahrefs.com/robot/)" "-"
2607:f1c0:500:: - - [23/Sep/2026:00:09:51 -0400] "POST /wp-cron.php?doing_wp_cron=1790136591.1850430965423583984375 HTTP/1.1" 200 - yahia.ws "-" "WordPress/6.6.8; http://yahia.ws" "-"
