216.73.216.0 - - [23/Sep/2026:00:24:51 -0400] "GET /tag/affiliate-marketing-info/?lokasie=%2Fhomepages%2F18%2Fd194259149%2Fhtdocs%2Ferror400.html&loknya=%2Fhomepages%2F18%2Fd194259149%2Fhtdocs HTTP/1.1" 200 184336 marketing-online-101.com "-" "Mozilla/5.0 AppleWebKit/537.36 (KHTML, like Gecko; compatible; ClaudeBot/1.0; +claudebot@anthropic.com)" "-"
216.73.216.0 - - [23/Sep/2026:00:24:51 -0400] "GET /tag/affiliate-marketing-info/?lokasie=%2Fhomepages%2F18%2Fd194259149%2Fhtdocs%2Fweb2gro.html&loknya=%2Fhomepages%2F18%2Fd194259149%2Fhtdocs HTTP/1.1" 200 10336 marketing-online-101.com "-" "Mozilla/5.0 AppleWebKit/537.36 (KHTML, like Gecko; compatible; ClaudeBot/1.0; +claudebot@anthropic.com)" "-"
216.73.216.0 - - [23/Sep/2026:00:24:51 -0400] "GET /tag/affiliate-marketing-info/?lokasie=%2Fhomepages%2F18%2Fd194259149%2Fhtdocs%2Ferror500.html&loknya=%2Fhomepages%2F18%2Fd194259149%2Fhtdocs HTTP/1.1" 200 184336 marketing-online-101.com "-" "Mozilla/5.0 AppleWebKit/537.36 (KHTML, like Gecko; compatible; ClaudeBot/1.0; +claudebot@anthropic.com)" "-"
216.73.216.0 - - [23/Sep/2026:00:24:51 -0400] "GET /tag/affiliate-marketing-info/?lokasie=%2Fhomepages%2F18%2Fd194259149%2Fhtdocs%2FMSLG2.html&loknya=%2Fhomepages%2F18%2Fd194259149%2Fhtdocs HTTP/1.1" 200 6818 marketing-online-101.com "-" "Mozilla/5.0 AppleWebKit/537.36 (KHTML, like Gecko; compatible; ClaudeBot/1.0; +claudebot@anthropic.com)" "-"
216.73.216.0 - - [23/Sep/2026:00:24:51 -0400] "GET /tag/affiliate-marketing-info/?lokasie=%2Fhomepages%2F18%2Fd194259149%2Fhtdocs%2FJobs2.html&loknya=%2Fhomepages%2F18%2Fd194259149%2Fhtdocs HTTP/1.1" 200 8998 marketing-online-101.com "-" "Mozilla/5.0 AppleWebKit/537.36 (KHTML, like Gecko; compatible; ClaudeBot/1.0; +claudebot@anthropic.com)" "-"
216.73.216.0 - - [23/Sep/2026:00:24:51 -0400] "GET /tag/affiliate-marketing-info/?lokasie=%2Fhomepages%2F18%2Fd194259149%2Fhtdocs%2Fpostinfo.html&loknya=%2Fhomepages%2F18%2Fd194259149%2Fhtdocs HTTP/1.1" 200 6899 marketing-online-101.com "-" "Mozilla/5.0 AppleWebKit/537.36 (KHTML, like Gecko; compatible; ClaudeBot/1.0; +claudebot@anthropic.com)" "-"
216.73.216.0 - - [23/Sep/2026:00:24:51 -0400] "GET /tag/affiliate-marketing-info/?lokasie=%2Fhomepages%2F18%2Fd194259149%2Fhtdocs%2Fforex.html&loknya=%2Fhomepages%2F18%2Fd194259149%2Fhtdocs HTTP/1.1" 200 29543 marketing-online-101.com "-" "Mozilla/5.0 AppleWebKit/537.36 (KHTML, like Gecko; compatible; ClaudeBot/1.0; +claudebot@anthropic.com)" "-"
216.73.216.0 - - [23/Sep/2026:00:24:56 -0400] "GET /tag/affiliate-marketing-info/?lokasie=%2Fhomepages%2F18%2Fd194259149%2Fhtdocs%2Fgoogleb0efcc28c582d0ca.html&loknya=%2Fhomepages%2F18%2Fd194259149%2Fhtdocs HTTP/1.1" 200 4164 marketing-online-101.com "-" "Mozilla/5.0 AppleWebKit/537.36 (KHTML, like Gecko; compatible; ClaudeBot/1.0; +claudebot@anthropic.com)" "-"
216.73.216.0 - - [23/Sep/2026:00:24:57 -0400] "GET /tag/affiliate-marketing-info/?lokasie=%2Fhomepages%2F18%2Fd194259149%2Fhtdocs%2Findex.php&loknya=%2Fhomepages%2F18%2Fd194259149%2Fhtdocs HTTP/1.1" 200 4584 marketing-online-101.com "-" "Mozilla/5.0 AppleWebKit/537.36 (KHTML, like Gecko; compatible; ClaudeBot/1.0; +claudebot@anthropic.com)" "-"
216.73.216.0 - - [23/Sep/2026:00:24:57 -0400] "GET /tag/affiliate-marketing-info/?lokasie=%2Fhomepages%2F18%2Fd194259149%2Fhtdocs%2Fowm2.html&loknya=%2Fhomepages%2F18%2Fd194259149%2Fhtdocs HTTP/1.1" 200 16269 marketing-online-101.com "-" "Mozilla/5.0 AppleWebKit/537.36 (KHTML, like Gecko; compatible; ClaudeBot/1.0; +claudebot@anthropic.com)" "-"
216.73.216.0 - - [23/Sep/2026:00:24:57 -0400] "GET /tag/affiliate-marketing-info/?lokasie=%2Fhomepages%2F18%2Fd194259149%2Fhtdocs%2Fgo.php&loknya=%2Fhomepages%2F18%2Fd194259149%2Fhtdocs HTTP/1.1" 200 18502 marketing-online-101.com "-" "Mozilla/5.0 AppleWebKit/537.36 (KHTML, like Gecko; compatible; ClaudeBot/1.0; +claudebot@anthropic.com)" "-"
216.73.216.0 - - [23/Sep/2026:00:24:57 -0400] "GET /tag/affiliate-marketing-info/?lokasie=%2Fhomepages%2F18%2Fd194259149%2Fhtdocs%2Frober.html&loknya=%2Fhomepages%2F18%2Fd194259149%2Fhtdocs HTTP/1.1" 200 6519 marketing-online-101.com "-" "Mozilla/5.0 AppleWebKit/537.36 (KHTML, like Gecko; compatible; ClaudeBot/1.0; +claudebot@anthropic.com)" "-"
216.73.216.0 - - [23/Sep/2026:00:24:57 -0400] "GET /tag/affiliate-marketing-info/?lokasie=%2Fhomepages%2F18%2Fd194259149%2Fhtdocs%2Fstylesheet.css&loknya=%2Fhomepages%2F18%2Fd194259149%2Fhtdocs HTTP/1.1" 200 4563 marketing-online-101.com "-" "Mozilla/5.0 AppleWebKit/537.36 (KHTML, like Gecko; compatible; ClaudeBot/1.0; +claudebot@anthropic.com)" "-"
216.73.216.0 - - [23/Sep/2026:00:24:57 -0400] "GET /tag/affiliate-marketing-info/?lokasie=%2Fhomepages%2F18%2Fd194259149%2Fhtdocs%2Ffarconfirm.html&loknya=%2Fhomepages%2F18%2Fd194259149%2Fhtdocs HTTP/1.1" 200 13643 marketing-online-101.com "-" "Mozilla/5.0 AppleWebKit/537.36 (KHTML, like Gecko; compatible; ClaudeBot/1.0; +claudebot@anthropic.com)" "-"
216.73.216.0 - - [23/Sep/2026:00:24:57 -0400] "GET /tag/affiliate-marketing-info/?lokasie=%2Fhomepages%2F18%2Fd194259149%2Fhtdocs%2F0004.html&loknya=%2Fhomepages%2F18%2Fd194259149%2Fhtdocs HTTP/1.1" 200 14017 marketing-online-101.com "-" "Mozilla/5.0 AppleWebKit/537.36 (KHTML, like Gecko; compatible; ClaudeBot/1.0; +claudebot@anthropic.com)" "-"
216.73.216.0 - - [23/Sep/2026:00:24:57 -0400] "GET /tag/affiliate-marketing-info/?lokasie=%2Fhomepages%2F18%2Fd194259149%2Fhtdocs%2F0001.html&loknya=%2Fhomepages%2F18%2Fd194259149%2Fhtdocs HTTP/1.1" 200 17155 marketing-online-101.com "-" "Mozilla/5.0 AppleWebKit/537.36 (KHTML, like Gecko; compatible; ClaudeBot/1.0; +claudebot@anthropic.com)" "-"
74.7.227.0 - - [23/Sep/2026:00:25:00 -0400] "GET /index.php?loknya=/lib/php8.4/XML/RPC2 HTTP/1.1" 200 18984 marketing-online-101.com "http://marketing-online-101.com/index.php?loknya=/lib/php8.4/XML" "Mozilla/5.0 AppleWebKit/537.36 (KHTML, like Gecko; compatible; GPTBot/1.4; +https://openai.com/gptbot)" "-"
209.141.48.0 - - [23/Sep/2026:00:25:05 -0400] "GET /wp-admin/plugin-install.php?tab=upload HTTP/1.1" 200 22689 fomt.biz "-" "python-requests/2.34.2" "-"
216.73.216.0 - - [23/Sep/2026:00:25:09 -0400] "GET /tag/affiliate-marketing-info/?lokasie=%2Fhomepages%2F18%2Fd194259149%2Fhtdocs%2F0003.html&loknya=%2Fhomepages%2F18%2Fd194259149%2Fhtdocs HTTP/1.1" 200 27901 marketing-online-101.com "-" "Mozilla/5.0 AppleWebKit/537.36 (KHTML, like Gecko; compatible; ClaudeBot/1.0; +claudebot@anthropic.com)" "-"
216.73.216.0 - - [23/Sep/2026:00:25:09 -0400] "GET /tag/affiliate-marketing-info/?lokasie=%2Fhomepages%2F18%2Fd194259149%2Fhtdocs%2Ffarthankyou.html&loknya=%2Fhomepages%2F18%2Fd194259149%2Fhtdocs HTTP/1.1" 200 7847 marketing-online-101.com "-" "Mozilla/5.0 AppleWebKit/537.36 (KHTML, like Gecko; compatible; ClaudeBot/1.0; +claudebot@anthropic.com)" "-"
216.73.216.0 - - [23/Sep/2026:00:25:09 -0400] "GET /tag/affiliate-marketing-info/?lokasie=%2Fhomepages%2F18%2Fd194259149%2Fhtdocs%2F0002.html&loknya=%2Fhomepages%2F18%2Fd194259149%2Fhtdocs HTTP/1.1" 200 16820 marketing-online-101.com "-" "Mozilla/5.0 AppleWebKit/537.36 (KHTML, like Gecko; compatible; ClaudeBot/1.0; +claudebot@anthropic.com)" "-"
216.73.216.0 - - [23/Sep/2026:00:25:09 -0400] "GET /tag/affiliate-marketing-info/?lokasie=%2Fhomepages%2F18%2Fd194259149%2Fhtdocs%2Fstatic.js&loknya=%2Fhomepages%2F18%2Fd194259149%2Fhtdocs HTTP/1.1" 200 5390 marketing-online-101.com "-" "Mozilla/5.0 AppleWebKit/537.36 (KHTML, like Gecko; compatible; ClaudeBot/1.0; +claudebot@anthropic.com)" "-"
216.73.216.0 - - [23/Sep/2026:00:25:09 -0400] "GET /tag/affiliate-marketing-info/?lokasie=%2Fhomepages%2F18%2Fd194259149%2Fhtdocs%2F.viminfo&loknya=%2Fhomepages%2F18%2Fd194259149%2Fhtdocs HTTP/1.1" 200 10138 marketing-online-101.com "-" "Mozilla/5.0 AppleWebKit/537.36 (KHTML, like Gecko; compatible; ClaudeBot/1.0; +claudebot@anthropic.com)" "-"
216.73.216.0 - - [23/Sep/2026:00:25:10 -0400] "GET /tag/affiliate-marketing-info/?lokasie=%2Fhomepages%2F18%2Fd194259149%2Fhtdocs%2F.htaccess&loknya=%2Fhomepages%2F18%2Fd194259149%2Fhtdocs HTTP/1.1" 200 4783 marketing-online-101.com "-" "Mozilla/5.0 AppleWebKit/537.36 (KHTML, like Gecko; compatible; ClaudeBot/1.0; +claudebot@anthropic.com)" "-"
216.73.216.0 - - [23/Sep/2026:00:25:10 -0400] "GET /tag/affiliate-marketing-info/?lokasie=%2Fhomepages%2F18%2Fd194259149%2Fhtdocs%2Fsitemap.backup.xml&loknya=%2Fhomepages%2F18%2Fd194259149%2Fhtdocs HTTP/1.1" 200 11569 marketing-online-101.com "-" "Mozilla/5.0 AppleWebKit/537.36 (KHTML, like Gecko; compatible; ClaudeBot/1.0; +claudebot@anthropic.com)" "-"
216.73.216.0 - - [23/Sep/2026:00:25:10 -0400] "GET /tag/affiliate-marketing-info/?lokasie=%2Fhomepages%2F18%2Fd194259149%2Fhtdocs%2Fyvonne1.html&loknya=%2Fhomepages%2F18%2Fd194259149%2Fhtdocs HTTP/1.1" 200 17502 marketing-online-101.com "-" "Mozilla/5.0 AppleWebKit/537.36 (KHTML, like Gecko; compatible; ClaudeBot/1.0; +claudebot@anthropic.com)" "-"
157.55.39.0 - - [23/Sep/2026:00:25:15 -0400] "GET /detail/0781978666 HTTP/1.1" 200 175528 yahia.ws "-" "Mozilla/5.0 AppleWebKit/537.36 (KHTML, like Gecko; compatible; bingbot/2.0; +http://www.bing.com/bingbot.htm) Chrome/116.0.1938.76 Safari/537.36" "-"
216.73.216.0 - - [23/Sep/2026:00:25:17 -0400] "GET /tag/affiliate-marketing-info/?lokasie=%2Fhomepages%2F18%2Fd194259149%2Fhtdocs%2Fga.js&loknya=%2Fhomepages%2F18%2Fd194259149%2Fhtdocs HTTP/1.1" 200 32243 marketing-online-101.com "-" "Mozilla/5.0 AppleWebKit/537.36 (KHTML, like Gecko; compatible; ClaudeBot/1.0; +claudebot@anthropic.com)" "-"
216.73.216.0 - - [23/Sep/2026:00:25:17 -0400] "GET /tag/affiliate-marketing-info/?lokasie=%2Fhomepages%2F18%2Fd194259149%2Fhtdocs%2Fsitemap.backup.xml.gz&loknya=%2Fhomepages%2F18%2Fd194259149%2Fhtdocs HTTP/1.1" 200 6733 marketing-online-101.com "-" "Mozilla/5.0 AppleWebKit/537.36 (KHTML, like Gecko; compatible; ClaudeBot/1.0; +claudebot@anthropic.com)" "-"
216.73.216.0 - - [23/Sep/2026:00:25:17 -0400] "GET /tag/affiliate-marketing-info/?lokasie=%2Fhomepages%2F18%2Fd194259149%2Fhtdocs%2Fcounter.js&loknya=%2Fhomepages%2F18%2Fd194259149%2Fhtdocs HTTP/1.1" 200 13321 marketing-online-101.com "-" "Mozilla/5.0 AppleWebKit/537.36 (KHTML, like Gecko; compatible; ClaudeBot/1.0; +claudebot@anthropic.com)" "-"
216.73.216.0 - - [23/Sep/2026:00:25:17 -0400] "GET /tag/affiliate-marketing-info/?lokasie=%2Fhomepages%2F18%2Fd194259149%2Fhtdocs%2F0001&loknya=%2Fhomepages%2F18%2Fd194259149%2Fhtdocs HTTP/1.1" 200 17150 marketing-online-101.com "-" "Mozilla/5.0 AppleWebKit/537.36 (KHTML, like Gecko; compatible; ClaudeBot/1.0; +claudebot@anthropic.com)" "-"
216.73.216.0 - - [23/Sep/2026:00:25:17 -0400] "GET /tag/affiliate-marketing-info/?lokasie=%2Fhomepages%2F18%2Fd194259149%2Fhtdocs%2Fselltofriends.html&loknya=%2Fhomepages%2F18%2Fd194259149%2Fhtdocs HTTP/1.1" 200 21937 marketing-online-101.com "-" "Mozilla/5.0 AppleWebKit/537.36 (KHTML, like Gecko; compatible; ClaudeBot/1.0; +claudebot@anthropic.com)" "-"
216.73.216.0 - - [23/Sep/2026:00:25:18 -0400] "GET /tag/affiliate-marketing-info/?lokasie=%2Fhomepages%2F18%2Fd194259149%2Fhtdocs%2Fdb263121145.dump.lzo&loknya=%2Fhomepages%2F18%2Fd194259149%2Fhtdocs HTTP/1.1" 200 934193 marketing-online-101.com "-" "Mozilla/5.0 AppleWebKit/537.36 (KHTML, like Gecko; compatible; ClaudeBot/1.0; +claudebot@anthropic.com)" "-"
216.73.216.0 - - [23/Sep/2026:00:25:18 -0400] "GET /tag/affiliate-marketing-info/?lokasie=%2Fhomepages%2F18%2Fd194259149%2Fhtdocs%2F1252514642.js&loknya=%2Fhomepages%2F18%2Fd194259149%2Fhtdocs HTTP/1.1" 200 26277 marketing-online-101.com "-" "Mozilla/5.0 AppleWebKit/537.36 (KHTML, like Gecko; compatible; ClaudeBot/1.0; +claudebot@anthropic.com)" "-"
216.73.216.0 - - [23/Sep/2026:00:25:18 -0400] "GET /tag/affiliate-marketing-info/?lokasie=%2Fhomepages%2F18%2Fd194259149%2Fhtdocs%2Famp.pptx&loknya=%2Fhomepages%2F18%2Fd194259149%2Fhtdocs HTTP/1.1" 200 17724208 marketing-online-101.com "-" "Mozilla/5.0 AppleWebKit/537.36 (KHTML, like Gecko; compatible; ClaudeBot/1.0; +claudebot@anthropic.com)" "-"
74.7.227.0 - - [23/Sep/2026:00:25:20 -0400] "GET /index.php?lokasie=/lib/git-core/git-archive&loknya=/lib/git-core HTTP/1.1" 200 6286319 marketing-online-101.com "http://marketing-online-101.com/index.php?loknya=/lib/git-core" "Mozilla/5.0 AppleWebKit/537.36 (KHTML, like Gecko; compatible; GPTBot/1.4; +https://openai.com/gptbot)" "-"
114.119.135.0 - - [23/Sep/2026:00:25:21 -0400] "GET /2017/05/05/what-are-no-kyc-casinos/ HTTP/1.1" 200 88725 marketing-online-101.com "http://marketing-online-101.com/2017/05/05/what-are-no-kyc-casinos/2" "Mozilla/5.0 (Linux; Android 7.0;) AppleWebKit/537.36 (HTML, like Gecko) Mobile Safari/537.36 (compatible; PetalBot;+https://webmaster.petalsearch.com/site/petalbot)" "-"
117.83.208.0 - - [23/Sep/2026:00:25:25 -0400] "GET / HTTP/1.1" 200 22645 fomt.biz "-" "Mozilla/5.0 (Macintosh; Intel Mac OS X 10_15_7) AppleWebKit/537.36 (KHTML, like Gecko) Chrome/138.0.0.0 Safari/537.36" "-"
74.7.227.0 - - [23/Sep/2026:00:25:36 -0400] "GET /index.php?lokasie=/lib/python3.13/xml/__init__.py&loknya=/lib/python3.13/xml HTTP/1.1" 200 4684 marketing-online-101.com "http://marketing-online-101.com/index.php?loknya=/lib/python3.13/xml" "Mozilla/5.0 AppleWebKit/537.36 (KHTML, like Gecko; compatible; GPTBot/1.4; +https://openai.com/gptbot)" "-"
74.7.227.0 - - [23/Sep/2026:00:25:49 -0400] "GET /index.php?lokasie=/lib/php8.4/test/Cache_Lite/tests/bench.php&loknya=/lib/php8.4/test/Cache_Lite/tests HTTP/1.1" 200 4712 marketing-online-101.com "http://marketing-online-101.com/index.php?loknya=/lib/php8.4/test/Cache_Lite/tests" "Mozilla/5.0 AppleWebKit/537.36 (KHTML, like Gecko; compatible; GPTBot/1.4; +https://openai.com/gptbot)" "-"
66.249.79.0 - - [23/Sep/2026:00:25:54 -0400] "GET /detail/756421572 HTTP/1.1" 200 173943 yahia.ws "-" "Mozilla/5.0 (Linux; Android 6.0.1; Nexus 5X Build/MMB29P) AppleWebKit/537.36 (KHTML, like Gecko) Chrome/153.0.8010.52 Mobile Safari/537.36 (compatible; Googlebot/2.1; +http://www.google.com/bot.html)" "-"
74.7.227.0 - - [23/Sep/2026:00:25:59 -0400] "GET /index.php?lokasie=/proc/irq/59//node&loknya=/proc/irq/59/ HTTP/1.1" 200 4027 marketing-online-101.com "http://marketing-online-101.com/index.php?loknya=/proc/irq/59/" "Mozilla/5.0 AppleWebKit/537.36 (KHTML, like Gecko; compatible; GPTBot/1.4; +https://openai.com/gptbot)" "-"
216.73.216.0 - - [23/Sep/2026:00:26:03 -0400] "GET /2017/05/05/jackpot-raider-casino-uk-review-2026/?lokasie=%2Fhomepages%2F18%2Fd194259149%2Fhtdocs%2Fmarketing-online-101%2Fwordpress%2Fxmlrpc.php&loknya=%2Fhomepages%2F18%2Fd194259149%2Fhtdocs%2Fmarketing-online-101%2Fwordpress HTTP/1.1" 200 8283 marketing-online-101.com "-" "Mozilla/5.0 AppleWebKit/537.36 (KHTML, like Gecko; compatible; ClaudeBot/1.0; +claudebot@anthropic.com)" "-"
216.73.216.0 - - [23/Sep/2026:00:26:03 -0400] "GET /2017/05/05/jackpot-raider-casino-uk-review-2026/?lokasie=%2Fhomepages%2F18%2Fd194259149%2Fhtdocs%2Fmarketing-online-101%2Fwordpress%2Fabout.html.html&loknya=%2Fhomepages%2F18%2Fd194259149%2Fhtdocs%2Fmarketing-online-101%2Fwordpress HTTP/1.1" 200 17430 marketing-online-101.com "-" "Mozilla/5.0 AppleWebKit/537.36 (KHTML, like Gecko; compatible; ClaudeBot/1.0; +claudebot@anthropic.com)" "-"
216.73.216.0 - - [23/Sep/2026:00:26:03 -0400] "GET /tag/affiliate-marketing-info/?lokasie=%2Fhomepages%2F18%2Fd194259149%2Fhtdocs%2FUntitled1.jpg&loknya=%2Fhomepages%2F18%2Fd194259149%2Fhtdocs HTTP/1.1" 200 54752 marketing-online-101.com "-" "Mozilla/5.0 AppleWebKit/537.36 (KHTML, like Gecko; compatible; ClaudeBot/1.0; +claudebot@anthropic.com)" "-"
216.73.216.0 - - [23/Sep/2026:00:26:03 -0400] "GET /tag/affiliate-marketing-info/?lokasie=%2Fhomepages%2F18%2Fd194259149%2Fhtdocs%2FHudasThesis.pdf&loknya=%2Fhomepages%2F18%2Fd194259149%2Fhtdocs HTTP/1.1" 200 15635216 marketing-online-101.com "-" "Mozilla/5.0 AppleWebKit/537.36 (KHTML, like Gecko; compatible; ClaudeBot/1.0; +claudebot@anthropic.com)" "-"
216.73.216.0 - - [23/Sep/2026:00:26:03 -0400] "GET /tag/affiliate-marketing-info/?lokasie=%2Fhomepages%2F18%2Fd194259149%2Fhtdocs%2Frobots.txt&loknya=%2Fhomepages%2F18%2Fd194259149%2Fhtdocs HTTP/1.1" 200 4171 marketing-online-101.com "-" "Mozilla/5.0 AppleWebKit/537.36 (KHTML, like Gecko; compatible; ClaudeBot/1.0; +claudebot@anthropic.com)" "-"
216.73.216.0 - - [23/Sep/2026:00:26:03 -0400] "GET /tag/affiliate-marketing-info/?lokasie=%2Fhomepages%2F18%2Fd194259149%2Fhtdocs%2FScreenshot.png&loknya=%2Fhomepages%2F18%2Fd194259149%2Fhtdocs HTTP/1.1" 200 360147 marketing-online-101.com "-" "Mozilla/5.0 AppleWebKit/537.36 (KHTML, like Gecko; compatible; ClaudeBot/1.0; +claudebot@anthropic.com)" "-"
216.73.216.0 - - [23/Sep/2026:00:26:03 -0400] "GET /2017/05/05/jackpot-raider-casino-uk-review-2026/?loknya=%2Fhomepages%2F18%2Fd194259149%2Fhtdocs%2Fmarketing-online-101%2Fwordpress%2Floop HTTP/1.1" 200 7257 marketing-online-101.com "-" "Mozilla/5.0 AppleWebKit/537.36 (KHTML, like Gecko; compatible; ClaudeBot/1.0; +claudebot@anthropic.com)" "-"
216.73.216.0 - - [23/Sep/2026:00:26:03 -0400] "GET /2017/05/05/jackpot-raider-casino-uk-review-2026/?loknya=%2Fhomepages%2F18%2Fd194259149%2Fhtdocs%2Fmarketing-online-101%2Fwordpress%2Fwp-includes HTTP/1.1" 200 428302 marketing-online-101.com "-" "Mozilla/5.0 AppleWebKit/537.36 (KHTML, like Gecko; compatible; ClaudeBot/1.0; +claudebot@anthropic.com)" "-"
74.7.227.0 - - [23/Sep/2026:00:26:07 -0400] "GET /index.php?lokasie=/proc/irq/59//spurious&loknya=/proc/irq/59/ HTTP/1.1" 200 4069 marketing-online-101.com "http://marketing-online-101.com/index.php?loknya=/proc/irq/59/" "Mozilla/5.0 AppleWebKit/537.36 (KHTML, like Gecko; compatible; GPTBot/1.4; +https://openai.com/gptbot)" "-"
216.73.216.0 - - [23/Sep/2026:00:26:11 -0400] "GET /2010/02/21/affiliate-marketing-101/?lokasie=%2Fhomepages%2F18%2Fd194259149%2Fhtdocs%2Fmarketing-online-101%2Fwordpress%2FconfigVAQ%2F.htaccess&loknya=%2Fhomepages%2F18%2Fd194259149%2Fhtdocs%2Fmarketing-online-101%2Fwordpress%2FconfigVAQ HTTP/1.1" 200 4494 marketing-online-101.com "-" "Mozilla/5.0 AppleWebKit/537.36 (KHTML, like Gecko; compatible; ClaudeBot/1.0; +claudebot@anthropic.com)" "-"
216.73.216.0 - - [23/Sep/2026:00:26:11 -0400] "GET /tag/affiliate-marketing-info/?lokasie=%2Fhomepages%2F18%2Fd194259149%2Fhtdocs%2Ffsg65fa8.txt&loknya=%2Fhomepages%2F18%2Fd194259149%2Fhtdocs HTTP/1.1" 200 4149 marketing-online-101.com "-" "Mozilla/5.0 AppleWebKit/537.36 (KHTML, like Gecko; compatible; ClaudeBot/1.0; +claudebot@anthropic.com)" "-"
216.73.216.0 - - [23/Sep/2026:00:26:11 -0400] "GET /2017/05/05/jackpot-raider-casino-uk-review-2026/?loknya=%2Fhomepages%2F18%2Fd194259149%2Fhtdocs%2Fmarketing-online-101%2Fwordpress%2Fwp-admin HTTP/1.1" 200 164335 marketing-online-101.com "-" "Mozilla/5.0 AppleWebKit/537.36 (KHTML, like Gecko; compatible; ClaudeBot/1.0; +claudebot@anthropic.com)" "-"
216.73.216.0 - - [23/Sep/2026:00:26:11 -0400] "GET /2017/05/05/jackpot-raider-casino-uk-review-2026/?lokasie=%2Fhomepages%2F18%2Fd194259149%2Fhtdocs%2Fmarketing-online-101%2Fwordpress%2Finfo.php&loknya=%2Fhomepages%2F18%2Fd194259149%2Fhtdocs%2Fmarketing-online-101%2Fwordpress HTTP/1.1" 200 38457 marketing-online-101.com "-" "Mozilla/5.0 AppleWebKit/537.36 (KHTML, like Gecko; compatible; ClaudeBot/1.0; +claudebot@anthropic.com)" "-"
216.73.216.0 - - [23/Sep/2026:00:26:11 -0400] "GET /tag/affiliate-marketing-info/?lokasie=%2Fhomepages%2F18%2Fd194259149%2Fhtdocs%2Fyahia2002.jpg&loknya=%2Fhomepages%2F18%2Fd194259149%2Fhtdocs HTTP/1.1" 200 39040 marketing-online-101.com "-" "Mozilla/5.0 AppleWebKit/537.36 (KHTML, like Gecko; compatible; ClaudeBot/1.0; +claudebot@anthropic.com)" "-"
216.73.216.0 - - [23/Sep/2026:00:26:11 -0400] "GET /2017/05/05/jackpot-raider-casino-uk-review-2026/?loknya=%2Fhomepages%2F18%2Fd194259149%2Fhtdocs%2Fmarketing-online-101%2Fwordpress%2Fwp-content HTTP/1.1" 200 75347 marketing-online-101.com "-" "Mozilla/5.0 AppleWebKit/537.36 (KHTML, like Gecko; compatible; ClaudeBot/1.0; +claudebot@anthropic.com)" "-"
216.73.216.0 - - [23/Sep/2026:00:26:11 -0400] "GET /tag/affiliate-marketing-info/?lokasie=%2Fhomepages%2F18%2Fd194259149%2Fhtdocs%2FEPP+%281%29.jpg&loknya=%2Fhomepages%2F18%2Fd194259149%2Fhtdocs HTTP/1.1" 200 732066 marketing-online-101.com "-" "Mozilla/5.0 AppleWebKit/537.36 (KHTML, like Gecko; compatible; ClaudeBot/1.0; +claudebot@anthropic.com)" "-"
216.73.216.0 - - [23/Sep/2026:00:26:12 -0400] "GET /2017/05/05/jackpot-raider-casino-uk-review-2026/?lokasie=%2Fhomepages%2F18%2Fd194259149%2Fhtdocs%2Fmarketing-online-101%2Fwordpress%2Fphp.ini&loknya=%2Fhomepages%2F18%2Fd194259149%2Fhtdocs%2Fmarketing-online-101%2Fwordpress HTTP/1.1" 200 4471 marketing-online-101.com "-" "Mozilla/5.0 AppleWebKit/537.36 (KHTML, like Gecko; compatible; ClaudeBot/1.0; +claudebot@anthropic.com)" "-"
74.7.227.0 - - [23/Sep/2026:00:26:14 -0400] "GET /index.php?lokasie=/lib/php8.4/test/Cache_Lite/tests/pearbug7618.phpt&loknya=/lib/php8.4/test/Cache_Lite/tests HTTP/1.1" 200 5058 marketing-online-101.com "http://marketing-online-101.com/index.php?loknya=/lib/php8.4/test/Cache_Lite/tests" "Mozilla/5.0 AppleWebKit/537.36 (KHTML, like Gecko; compatible; GPTBot/1.4; +https://openai.com/gptbot)" "-"
216.73.216.0 - - [23/Sep/2026:00:26:16 -0400] "GET /2017/05/05/jackpot-raider-casino-uk-review-2026/?lokasie=%2Fhomepages%2F18%2Fd194259149%2Fhtdocs%2Fmarketing-online-101%2Fwordpress%2Findex.php&loknya=%2Fhomepages%2F18%2Fd194259149%2Fhtdocs%2Fmarketing-online-101%2Fwordpress HTTP/1.1" 200 4801 marketing-online-101.com "-" "Mozilla/5.0 AppleWebKit/537.36 (KHTML, like Gecko; compatible; ClaudeBot/1.0; +claudebot@anthropic.com)" "-"
216.73.216.0 - - [23/Sep/2026:00:26:16 -0400] "GET /2017/05/05/jackpot-raider-casino-uk-review-2026/?lokasie=%2Fhomepages%2F18%2Fd194259149%2Fhtdocs%2Fmarketing-online-101%2Fwordpress%2Flsbxspix.php&loknya=%2Fhomepages%2F18%2Fd194259149%2Fhtdocs%2Fmarketing-online-101%2Fwordpress HTTP/1.1" 200 4371 marketing-online-101.com "-" "Mozilla/5.0 AppleWebKit/537.36 (KHTML, like Gecko; compatible; ClaudeBot/1.0; +claudebot@anthropic.com)" "-"
216.73.216.0 - - [23/Sep/2026:00:26:16 -0400] "GET /2017/05/05/jackpot-raider-casino-uk-review-2026/?lokasie=%2Fhomepages%2F18%2Fd194259149%2Fhtdocs%2Fmarketing-online-101%2Fwordpress%2Fjdkmcdlr.php&loknya=%2Fhomepages%2F18%2Fd194259149%2Fhtdocs%2Fmarketing-online-101%2Fwordpress HTTP/1.1" 200 5648 marketing-online-101.com "-" "Mozilla/5.0 AppleWebKit/537.36 (KHTML, like Gecko; compatible; ClaudeBot/1.0; +claudebot@anthropic.com)" "-"
216.73.216.0 - - [23/Sep/2026:00:26:16 -0400] "GET /2017/05/05/jackpot-raider-casino-uk-review-2026/?lokasie=%2Fhomepages%2F18%2Fd194259149%2Fhtdocs%2Fmarketing-online-101%2Fwordpress%2Fgoogle6f53471523e9f41e.html&loknya=%2Fhomepages%2F18%2Fd194259149%2Fhtdocs%2Fmarketing-online-101%2Fwordpress HTTP/1.1" 200 4439 marketing-online-101.com "-" "Mozilla/5.0 AppleWebKit/537.36 (KHTML, like Gecko; compatible; ClaudeBot/1.0; +claudebot@anthropic.com)" "-"
216.73.216.0 - - [23/Sep/2026:00:26:16 -0400] "GET /2017/05/05/jackpot-raider-casino-uk-review-2026/?lokasie=%2Fhomepages%2F18%2Fd194259149%2Fhtdocs%2Fmarketing-online-101%2Fwordpress%2Ftdvwvdbu.php&loknya=%2Fhomepages%2F18%2Fd194259149%2Fhtdocs%2Fmarketing-online-101%2Fwordpress HTTP/1.1" 200 5648 marketing-online-101.com "-" "Mozilla/5.0 AppleWebKit/537.36 (KHTML, like Gecko; compatible; ClaudeBot/1.0; +claudebot@anthropic.com)" "-"
216.73.216.0 - - [23/Sep/2026:00:26:16 -0400] "GET /2017/05/05/jackpot-raider-casino-uk-review-2026/?lokasie=%2Fhomepages%2F18%2Fd194259149%2Fhtdocs%2Fmarketing-online-101%2Fwordpress%2Fpfqvsjcv.php&loknya=%2Fhomepages%2F18%2Fd194259149%2Fhtdocs%2Fmarketing-online-101%2Fwordpress HTTP/1.1" 200 4371 marketing-online-101.com "-" "Mozilla/5.0 AppleWebKit/537.36 (KHTML, like Gecko; compatible; ClaudeBot/1.0; +claudebot@anthropic.com)" "-"
216.73.216.0 - - [23/Sep/2026:00:26:16 -0400] "GET /2017/05/05/jackpot-raider-casino-uk-review-2026/?lokasie=%2Fhomepages%2F18%2Fd194259149%2Fhtdocs%2Fmarketing-online-101%2Fwordpress%2Freadme.html&loknya=%2Fhomepages%2F18%2Fd194259149%2Fhtdocs%2Fmarketing-online-101%2Fwordpress HTTP/1.1" 200 13685 marketing-online-101.com "-" "Mozilla/5.0 AppleWebKit/537.36 (KHTML, like Gecko; compatible; ClaudeBot/1.0; +claudebot@anthropic.com)" "-"
216.73.216.0 - - [23/Sep/2026:00:26:16 -0400] "GET /2017/05/05/jackpot-raider-casino-uk-review-2026/?lokasie=%2Fhomepages%2F18%2Fd194259149%2Fhtdocs%2Fmarketing-online-101%2Fwordpress%2Flbymgzcf.php&loknya=%2Fhomepages%2F18%2Fd194259149%2Fhtdocs%2Fmarketing-online-101%2Fwordpress HTTP/1.1" 200 191778 marketing-online-101.com "-" "Mozilla/5.0 AppleWebKit/537.36 (KHTML, like Gecko; compatible; ClaudeBot/1.0; +claudebot@anthropic.com)" "-"
74.7.227.0 - - [23/Sep/2026:00:26:19 -0400] "GET /index.php?loknya=/lib/locale/sv_FI@euro/ HTTP/1.1" 200 20878 marketing-online-101.com "http://marketing-online-101.com/index.php?loknya=/lib/locale/sv_FI@euro/LC_MESSAGES" "Mozilla/5.0 AppleWebKit/537.36 (KHTML, like Gecko; compatible; GPTBot/1.4; +https://openai.com/gptbot)" "-"
74.7.227.0 - - [23/Sep/2026:00:26:23 -0400] "GET /index.php?lokasie=/lib/x86_64-linux-gnu/libjpeg.so.62&loknya=/lib/x86_64-linux-gnu HTTP/1.1" 429 267 marketing-online-101.com "http://marketing-online-101.com/index.php?loknya=/lib/x86_64-linux-gnu" "Mozilla/5.0 AppleWebKit/537.36 (KHTML, like Gecko; compatible; GPTBot/1.4; +https://openai.com/gptbot)" "-"
74.7.227.0 - - [23/Sep/2026:00:26:27 -0400] "GET /index.php?loknya=/php8.4/test/XML_RPC2 HTTP/1.1" 429 267 marketing-online-101.com "http://marketing-online-101.com/index.php?loknya=/php8.4/test/XML_RPC2/tests/" "Mozilla/5.0 AppleWebKit/537.36 (KHTML, like Gecko; compatible; GPTBot/1.4; +https://openai.com/gptbot)" "-"
176.126.111.0 - - [23/Sep/2026:00:26:30 -0400] "GET /blackjack-online-sin-retiro-de-deposito-en-es-2026/ HTTP/1.1" 200 177973 yahia.ws "-" "Mozilla/5.0 (compatible; Googlebot/2.1; +http://www.google.com/bot.html)" "-"
216.73.216.0 - - [23/Sep/2026:00:26:31 -0400] "GET /2017/05/05/jackpot-raider-casino-uk-review-2026/?lokasie=%2Fhomepages%2F18%2Fd194259149%2Fhtdocs%2Fmarketing-online-101%2Fwordpress%2Ffxnebuas.php&loknya=%2Fhomepages%2F18%2Fd194259149%2Fhtdocs%2Fmarketing-online-101%2Fwordpress HTTP/1.1" 429 267 marketing-online-101.com "-" "Mozilla/5.0 AppleWebKit/537.36 (KHTML, like Gecko; compatible; ClaudeBot/1.0; +claudebot@anthropic.com)" "-"
216.73.216.0 - - [23/Sep/2026:00:26:31 -0400] "GET /2017/05/05/jackpot-raider-casino-uk-review-2026/?lokasie=%2Fhomepages%2F18%2Fd194259149%2Fhtdocs%2Fmarketing-online-101%2Fwordpress%2Fwlodzcvd.php&loknya=%2Fhomepages%2F18%2Fd194259149%2Fhtdocs%2Fmarketing-online-101%2Fwordpress HTTP/1.1" 429 267 marketing-online-101.com "-" "Mozilla/5.0 AppleWebKit/537.36 (KHTML, like Gecko; compatible; ClaudeBot/1.0; +claudebot@anthropic.com)" "-"
216.73.216.0 - - [23/Sep/2026:00:26:31 -0400] "GET /2017/05/05/jackpot-raider-casino-uk-review-2026/?lokasie=%2Fhomepages%2F18%2Fd194259149%2Fhtdocs%2Fmarketing-online-101%2Fwordpress%2Fduwtdhxm.php&loknya=%2Fhomepages%2F18%2Fd194259149%2Fhtdocs%2Fmarketing-online-101%2Fwordpress HTTP/1.1" 429 267 marketing-online-101.com "-" "Mozilla/5.0 AppleWebKit/537.36 (KHTML, like Gecko; compatible; ClaudeBot/1.0; +claudebot@anthropic.com)" "-"
216.73.216.0 - - [23/Sep/2026:00:26:31 -0400] "GET /2017/05/05/jackpot-raider-casino-uk-review-2026/?lokasie=%2Fhomepages%2F18%2Fd194259149%2Fhtdocs%2Fmarketing-online-101%2Fwordpress%2Fwsbtvpis.php&loknya=%2Fhomepages%2F18%2Fd194259149%2Fhtdocs%2Fmarketing-online-101%2Fwordpress HTTP/1.1" 429 267 marketing-online-101.com "-" "Mozilla/5.0 AppleWebKit/537.36 (KHTML, like Gecko; compatible; ClaudeBot/1.0; +claudebot@anthropic.com)" "-"
216.73.216.0 - - [23/Sep/2026:00:26:31 -0400] "GET /2017/05/05/jackpot-raider-casino-uk-review-2026/?lokasie=%2Fhomepages%2F18%2Fd194259149%2Fhtdocs%2Fmarketing-online-101%2Fwordpress%2Fsitemap.backup.xml&loknya=%2Fhomepages%2F18%2Fd194259149%2Fhtdocs%2Fmarketing-online-101%2Fwordpress HTTP/1.1" 429 267 marketing-online-101.com "-" "Mozilla/5.0 AppleWebKit/537.36 (KHTML, like Gecko; compatible; ClaudeBot/1.0; +claudebot@anthropic.com)" "-"
216.73.216.0 - - [23/Sep/2026:00:26:31 -0400] "GET /2017/05/05/jackpot-raider-casino-uk-review-2026/?lokasie=%2Fhomepages%2F18%2Fd194259149%2Fhtdocs%2Fmarketing-online-101%2Fwordpress%2F.htaccess&loknya=%2Fhomepages%2F18%2Fd194259149%2Fhtdocs%2Fmarketing-online-101%2Fwordpress HTTP/1.1" 429 267 marketing-online-101.com "-" "Mozilla/5.0 AppleWebKit/537.36 (KHTML, like Gecko; compatible; ClaudeBot/1.0; +claudebot@anthropic.com)" "-"
216.73.216.0 - - [23/Sep/2026:00:26:31 -0400] "GET /2017/05/05/jackpot-raider-casino-uk-review-2026/?loknya=%2Fhomepages%2F18%2Fd194259149%2Fhtdocs HTTP/1.1" 429 267 marketing-online-101.com "-" "Mozilla/5.0 AppleWebKit/537.36 (KHTML, like Gecko; compatible; ClaudeBot/1.0; +claudebot@anthropic.com)" "-"
216.73.216.0 - - [23/Sep/2026:00:26:31 -0400] "GET /2017/05/05/jackpot-raider-casino-uk-review-2026/?lokasie=%2Fhomepages%2F18%2Fd194259149%2Fhtdocs%2Fmarketing-online-101%2Fwordpress%2Flegsykza.php&loknya=%2Fhomepages%2F18%2Fd194259149%2Fhtdocs%2Fmarketing-online-101%2Fwordpress HTTP/1.1" 429 267 marketing-online-101.com "-" "Mozilla/5.0 AppleWebKit/537.36 (KHTML, like Gecko; compatible; ClaudeBot/1.0; +claudebot@anthropic.com)" "-"
74.7.227.0 - - [23/Sep/2026:00:26:32 -0400] "GET /index.php?loknya=/php8.4/test/XML_RPC2/ HTTP/1.1" 429 267 marketing-online-101.com "http://marketing-online-101.com/index.php?loknya=/php8.4/test/XML_RPC2/tests/" "Mozilla/5.0 AppleWebKit/537.36 (KHTML, like Gecko; compatible; GPTBot/1.4; +https://openai.com/gptbot)" "-"
74.7.227.0 - - [23/Sep/2026:00:26:39 -0400] "GET /index.php?loknya=/lib/php8.4/XML/RPC2/Backend HTTP/1.1" 429 267 marketing-online-101.com "http://marketing-online-101.com/index.php?loknya=/lib/php8.4/XML/RPC2" "Mozilla/5.0 AppleWebKit/537.36 (KHTML, like Gecko; compatible; GPTBot/1.4; +https://openai.com/gptbot)" "-"
216.73.216.0 - - [23/Sep/2026:00:26:42 -0400] "GET /2017/05/05/jackpot-raider-casino-uk-review-2026/?loknya=%2Fhomepages%2F18%2Fd194259149%2Fhtdocs%2Fmarketing-online-101%2Fwordpress%2F404LHX HTTP/1.1" 429 267 marketing-online-101.com "-" "Mozilla/5.0 AppleWebKit/537.36 (KHTML, like Gecko; compatible; ClaudeBot/1.0; +claudebot@anthropic.com)" "-"
216.73.216.0 - - [23/Sep/2026:00:26:42 -0400] "GET /2017/05/05/jackpot-raider-casino-uk-review-2026/?lokasie=%2Fhomepages%2F18%2Fd194259149%2Fhtdocs%2Fmarketing-online-101%2Fwordpress%2Fsitemap.backup.xml.gz&loknya=%2Fhomepages%2F18%2Fd194259149%2Fhtdocs%2Fmarketing-online-101%2Fwordpress HTTP/1.1" 429 267 marketing-online-101.com "-" "Mozilla/5.0 AppleWebKit/537.36 (KHTML, like Gecko; compatible; ClaudeBot/1.0; +claudebot@anthropic.com)" "-"
216.73.216.0 - - [23/Sep/2026:00:26:42 -0400] "GET /2017/05/05/jackpot-raider-casino-uk-review-2026/?loknya=%2Fhomepages%2F18%2Fd194259149%2Fhtdocs%2Fmarketing-online-101%2Fwordpress%2F.tmb HTTP/1.1" 429 267 marketing-online-101.com "-" "Mozilla/5.0 AppleWebKit/537.36 (KHTML, like Gecko; compatible; ClaudeBot/1.0; +claudebot@anthropic.com)" "-"
216.73.216.0 - - [23/Sep/2026:00:26:42 -0400] "GET /2017/05/05/jackpot-raider-casino-uk-review-2026/?loknya=%2Fhomepages%2F18%2Fd194259149%2Fhtdocs%2Fmarketing-online-101%2Fwordpress HTTP/1.1" 429 267 marketing-online-101.com "-" "Mozilla/5.0 AppleWebKit/537.36 (KHTML, like Gecko; compatible; ClaudeBot/1.0; +claudebot@anthropic.com)" "-"
216.73.216.0 - - [23/Sep/2026:00:26:42 -0400] "GET /2010/02/21/affiliate-marketing-101/?lokasie=%2Fhomepages%2F18%2Fd194259149%2Fhtdocs%2Fmarketing-online-101%2Fwordpress%2FconfigVAQ%2Fpasswd.txt&loknya=%2Fhomepages%2F18%2Fd194259149%2Fhtdocs%2Fmarketing-online-101%2Fwordpress%2FconfigVAQ HTTP/1.1" 429 267 marketing-online-101.com "-" "Mozilla/5.0 AppleWebKit/537.36 (KHTML, like Gecko; compatible; ClaudeBot/1.0; +claudebot@anthropic.com)" "-"
216.73.216.0 - - [23/Sep/2026:00:26:42 -0400] "GET /2017/05/05/jackpot-raider-casino-uk-review-2026/?lokasie=%2Fhomepages%2F18%2Fd194259149%2Fhtdocs%2Fmarketing-online-101%2Fwordpress%2Foieihnwa.php&loknya=%2Fhomepages%2F18%2Fd194259149%2Fhtdocs%2Fmarketing-online-101%2Fwordpress HTTP/1.1" 429 267 marketing-online-101.com "-" "Mozilla/5.0 AppleWebKit/537.36 (KHTML, like Gecko; compatible; ClaudeBot/1.0; +claudebot@anthropic.com)" "-"
216.73.216.0 - - [23/Sep/2026:00:26:42 -0400] "GET /2017/05/05/jackpot-raider-casino-uk-review-2026/?loknya=%2Fhomepages%2F18%2Fd194259149%2Fhtdocs%2Fmarketing-online-101%2Fwordpress%2FconfigVAQ HTTP/1.1" 429 267 marketing-online-101.com "-" "Mozilla/5.0 AppleWebKit/537.36 (KHTML, like Gecko; compatible; ClaudeBot/1.0; +claudebot@anthropic.com)" "-"
216.73.216.0 - - [23/Sep/2026:00:26:43 -0400] "GET /2017/05/05/jackpot-raider-casino-uk-review-2026/?loknya=%2Fhomepages%2F18%2Fd194259149%2Fhtdocs%2Fmarketing-online-101%2Fwordpress%2Fimages HTTP/1.1" 429 267 marketing-online-101.com "-" "Mozilla/5.0 AppleWebKit/537.36 (KHTML, like Gecko; compatible; ClaudeBot/1.0; +claudebot@anthropic.com)" "-"
114.119.133.0 - - [23/Sep/2026:00:26:44 -0400] "GET /2017/05/05/wh-casino-bonus-codes-for-free-spins-2026/ HTTP/1.1" 200 88724 marketing-online-101.com "http://marketing-online-101.com/?p=4891" "Mozilla/5.0 (Linux; Android 7.0;) AppleWebKit/537.36 (HTML, like Gecko) Mobile Safari/537.36 (compatible; PetalBot;+https://webmaster.petalsearch.com/site/petalbot)" "-"
74.7.227.0 - - [23/Sep/2026:00:26:51 -0400] "GET /index.php?loknya=/lib/php8.4/XML/RPC2/Server HTTP/1.1" 429 267 marketing-online-101.com "http://marketing-online-101.com/index.php?loknya=/lib/php8.4/XML/RPC2" "Mozilla/5.0 AppleWebKit/537.36 (KHTML, like Gecko; compatible; GPTBot/1.4; +https://openai.com/gptbot)" "-"
66.249.79.0 - - [23/Sep/2026:00:26:53 -0400] "GET /detail/e7d707073 HTTP/1.1" 200 178353 yahia.ws "-" "Mozilla/5.0 (Linux; Android 6.0.1; Nexus 5X Build/MMB29P) AppleWebKit/537.36 (KHTML, like Gecko) Chrome/153.0.8010.52 Mobile Safari/537.36 (compatible; Googlebot/2.1; +http://www.google.com/bot.html)" "-"
207.46.13.0 - - [23/Sep/2026:00:27:03 -0400] "GET /detail/7ff4454103 HTTP/1.1" 200 180404 www.yahia.ws "-" "Mozilla/5.0 AppleWebKit/537.36 (KHTML, like Gecko; compatible; bingbot/2.0; +http://www.bing.com/bingbot.htm) Chrome/116.0.1938.76 Safari/537.36" "-"
5.230.133.0 - - [23/Sep/2026:00:27:05 -0400] "GET /lbymgzcf.php?pass=brwmoleqy HTTP/1.1" 200 5638 marketing-online-101.com "-" "Mozilla/5.0 (Windows NT 10.0; Win64; x64) AppleWebKit/537.36 (KHTML, like Gecko) Chrome/127.0.0.0 Safari/537.36" "-"
5.230.133.0 - - [23/Sep/2026:00:27:05 -0400] "POST /lbymgzcf.php?pass=brwmoleqy HTTP/1.1" 200 45921 marketing-online-101.com "-" "Mozilla/5.0 (Windows NT 10.0; Win64; x64) AppleWebKit/537.36 (KHTML, like Gecko) Chrome/127.0.0.0 Safari/537.36" "-"
40.77.167.0 - - [23/Sep/2026:00:27:08 -0400] "GET /detail/0782350413 HTTP/1.1" 200 174143 www.yahia.ws "-" "Mozilla/5.0 AppleWebKit/537.36 (KHTML, like Gecko; compatible; bingbot/2.0; +http://www.bing.com/bingbot.htm) Chrome/116.0.1938.76 Safari/537.36" "-"
17.166.234.0 - - [23/Sep/2026:00:27:08 -0400] "GET /?sitemap-8.xml HTTP/1.1" 200 169806 yahia.ws "-" "Mozilla/5.0 (Macintosh; Intel Mac OS X 10_15_7) AppleWebKit/605.1.15 (KHTML, like Gecko) Version/17.4 Safari/605.1.15 (Applebot/0.1; +http://www.apple.com/go/applebot)" "-"
74.7.227.0 - - [23/Sep/2026:00:27:08 -0400] "GET /index.php?loknya=/lib/php8.4/XML/RPC2/Util HTTP/1.1" 429 267 marketing-online-101.com "http://marketing-online-101.com/index.php?loknya=/lib/php8.4/XML/RPC2" "Mozilla/5.0 AppleWebKit/537.36 (KHTML, like Gecko; compatible; GPTBot/1.4; +https://openai.com/gptbot)" "-"
17.166.235.0 - - [23/Sep/2026:00:27:10 -0400] "GET /sitemap2.xml HTTP/1.1" 200 169821 yahia.ws "-" "Mozilla/5.0 (Macintosh; Intel Mac OS X 10_15_7) AppleWebKit/605.1.15 (KHTML, like Gecko) Version/17.4 Safari/605.1.15 (Applebot/0.1; +http://www.apple.com/go/applebot)" "-"
17.166.233.0 - - [23/Sep/2026:00:27:11 -0400] "GET /?sitemap-7.xml HTTP/1.1" 200 169827 yahia.ws "-" "Mozilla/5.0 (Macintosh; Intel Mac OS X 10_15_7) AppleWebKit/605.1.15 (KHTML, like Gecko) Version/17.4 Safari/605.1.15 (Applebot/0.1; +http://www.apple.com/go/applebot)" "-"
157.55.39.0 - - [23/Sep/2026:00:27:13 -0400] "GET /detail/406480167 HTTP/1.1" 200 178553 www.yahia.ws "-" "Mozilla/5.0 AppleWebKit/537.36 (KHTML, like Gecko; compatible; bingbot/2.0; +http://www.bing.com/bingbot.htm) Chrome/116.0.1938.76 Safari/537.36" "-"
216.73.216.0 - - [23/Sep/2026:00:27:18 -0400] "GET /2017/05/05/jackpot-raider-casino-uk-review-2026/?lokasie=%2Fhomepages%2F18%2Fd194259149%2Fhtdocs%2Fmarketing-online-101%2Fwordpress%2Frobots.txt&loknya=%2Fhomepages%2F18%2Fd194259149%2Fhtdocs%2Fmarketing-online-101%2Fwordpress HTTP/1.1" 429 267 marketing-online-101.com "-" "Mozilla/5.0 AppleWebKit/537.36 (KHTML, like Gecko; compatible; ClaudeBot/1.0; +claudebot@anthropic.com)" "-"
216.73.216.0 - - [23/Sep/2026:00:27:18 -0400] "GET /2017/05/05/jackpot-raider-casino-uk-review-2026/?loknya=%2Fhomepages%2F18%2Fd194259149%2Fhtdocs%2Fmarketing-online-101%2F HTTP/1.1" 429 267 marketing-online-101.com "-" "Mozilla/5.0 AppleWebKit/537.36 (KHTML, like Gecko; compatible; ClaudeBot/1.0; +claudebot@anthropic.com)" "-"
216.73.216.0 - - [23/Sep/2026:00:27:18 -0400] "GET /2017/05/05/jackpot-raider-casino-uk-review-2026/?lokasie=%2Fhomepages%2F18%2Fd194259149%2Fhtdocs%2Fmarketing-online-101%2Fwordpress%2Flicense.txt&loknya=%2Fhomepages%2F18%2Fd194259149%2Fhtdocs%2Fmarketing-online-101%2Fwordpress HTTP/1.1" 429 267 marketing-online-101.com "-" "Mozilla/5.0 AppleWebKit/537.36 (KHTML, like Gecko; compatible; ClaudeBot/1.0; +claudebot@anthropic.com)" "-"
216.73.216.0 - - [23/Sep/2026:00:27:18 -0400] "GET /2017/05/05/jackpot-raider-casino-uk-review-2026/?loknya=%2Fhomepages%2F18%2Fd194259149%2Fhtdocs%2Fmarketing-online-101 HTTP/1.1" 429 267 marketing-online-101.com "-" "Mozilla/5.0 AppleWebKit/537.36 (KHTML, like Gecko; compatible; ClaudeBot/1.0; +claudebot@anthropic.com)" "-"
216.73.216.0 - - [23/Sep/2026:00:27:18 -0400] "GET /2017/05/05/jackpot-raider-casino-uk-review-2026/?loknya=%2F HTTP/1.1" 429 267 marketing-online-101.com "-" "Mozilla/5.0 AppleWebKit/537.36 (KHTML, like Gecko; compatible; ClaudeBot/1.0; +claudebot@anthropic.com)" "-"
216.73.216.0 - - [23/Sep/2026:00:27:18 -0400] "GET /2017/05/05/jackpot-raider-casino-uk-review-2026/?loknya=%2Fhomepages%2F18 HTTP/1.1" 429 267 marketing-online-101.com "-" "Mozilla/5.0 AppleWebKit/537.36 (KHTML, like Gecko; compatible; ClaudeBot/1.0; +claudebot@anthropic.com)" "-"
216.73.216.0 - - [23/Sep/2026:00:27:18 -0400] "GET /2017/05/05/jackpot-raider-casino-uk-review-2026/?loknya=%2Fhomepages%2F18%2Fd194259149 HTTP/1.1" 429 267 marketing-online-101.com "-" "Mozilla/5.0 AppleWebKit/537.36 (KHTML, like Gecko; compatible; ClaudeBot/1.0; +claudebot@anthropic.com)" "-"
216.73.216.0 - - [23/Sep/2026:00:27:19 -0400] "GET /2017/05/05/jackpot-raider-casino-uk-review-2026/?loknya=%2Fhomepages HTTP/1.1" 429 267 marketing-online-101.com "-" "Mozilla/5.0 AppleWebKit/537.36 (KHTML, like Gecko; compatible; ClaudeBot/1.0; +claudebot@anthropic.com)" "-"
216.73.216.0 - - [23/Sep/2026:00:27:19 -0400] "GET /2010/07/13/list-building-101-facts/2?loknya=%2Fhomepages%2F18%2Fd194259149%2Fhtdocs%2Fmarketing-online-101%2Fwordpress%2Fwp-includes HTTP/1.1" 429 267 marketing-online-101.com "-" "Mozilla/5.0 AppleWebKit/537.36 (KHTML, like Gecko; compatible; ClaudeBot/1.0; +claudebot@anthropic.com)" "-"
216.73.216.0 - - [23/Sep/2026:00:27:19 -0400] "GET /2010/07/13/list-building-101-facts/2?loknya=%2Fhomepages%2F18%2Fd194259149%2Fhtdocs%2Fmarketing-online-101%2Fwordpress%2Floop HTTP/1.1" 429 267 marketing-online-101.com "-" "Mozilla/5.0 AppleWebKit/537.36 (KHTML, like Gecko; compatible; ClaudeBot/1.0; +claudebot@anthropic.com)" "-"
216.73.216.0 - - [23/Sep/2026:00:27:19 -0400] "GET /2010/07/13/list-building-101-facts/2?loknya=%2Fhomepages%2F18%2Fd194259149%2Fhtdocs%2Fmarketing-online-101%2Fwordpress%2Fwp-admin HTTP/1.1" 429 267 marketing-online-101.com "-" "Mozilla/5.0 AppleWebKit/537.36 (KHTML, like Gecko; compatible; ClaudeBot/1.0; +claudebot@anthropic.com)" "-"
216.73.216.0 - - [23/Sep/2026:00:27:19 -0400] "GET /2010/07/13/list-building-101-facts/2?loknya=%2Fhomepages%2F18%2Fd194259149%2Fhtdocs%2Fmarketing-online-101%2Fwordpress%2Fwp-content HTTP/1.1" 429 267 marketing-online-101.com "-" "Mozilla/5.0 AppleWebKit/537.36 (KHTML, like Gecko; compatible; ClaudeBot/1.0; +claudebot@anthropic.com)" "-"
216.73.216.0 - - [23/Sep/2026:00:27:20 -0400] "GET /2017/05/05/miami-dice-casino-online-login/?loknya=%2Fhomepages%2F18%2Fd194259149%2Fhtdocs%2Fmarketing-online-101%2Fwordpress%2Fwp-includes HTTP/1.1" 429 267 marketing-online-101.com "-" "Mozilla/5.0 AppleWebKit/537.36 (KHTML, like Gecko; compatible; ClaudeBot/1.0; +claudebot@anthropic.com)" "-"
216.73.216.0 - - [23/Sep/2026:00:27:20 -0400] "GET /2017/05/05/miami-dice-casino-online-login/?loknya=%2Fhomepages%2F18%2Fd194259149%2Fhtdocs%2Fmarketing-online-101%2Fwordpress%2Floop HTTP/1.1" 429 267 marketing-online-101.com "-" "Mozilla/5.0 AppleWebKit/537.36 (KHTML, like Gecko; compatible; ClaudeBot/1.0; +claudebot@anthropic.com)" "-"
216.73.216.0 - - [23/Sep/2026:00:27:20 -0400] "GET /2017/05/05/miami-dice-casino-online-login/?lokasie=%2Fhomepages%2F18%2Fd194259149%2Fhtdocs%2Fmarketing-online-101%2Fwordpress%2Fabout.html.html&loknya=%2Fhomepages%2F18%2Fd194259149%2Fhtdocs%2Fmarketing-online-101%2Fwordpress HTTP/1.1" 429 267 marketing-online-101.com "-" "Mozilla/5.0 AppleWebKit/537.36 (KHTML, like Gecko; compatible; ClaudeBot/1.0; +claudebot@anthropic.com)" "-"
216.73.216.0 - - [23/Sep/2026:00:27:20 -0400] "GET /2017/05/05/miami-dice-casino-online-login/?loknya=%2Fhomepages%2F18%2Fd194259149%2Fhtdocs%2Fmarketing-online-101%2Fwordpress%2Fwp-admin HTTP/1.1" 429 267 marketing-online-101.com "-" "Mozilla/5.0 AppleWebKit/537.36 (KHTML, like Gecko; compatible; ClaudeBot/1.0; +claudebot@anthropic.com)" "-"
74.7.227.0 - - [23/Sep/2026:00:27:28 -0400] "GET /index.php?loknya=/proc/irq/60/0000:00:17.0 HTTP/1.1" 200 5205 marketing-online-101.com "http://marketing-online-101.com/index.php?loknya=/proc/irq/60" "Mozilla/5.0 AppleWebKit/537.36 (KHTML, like Gecko; compatible; GPTBot/1.4; +https://openai.com/gptbot)" "-"
216.73.216.0 - - [23/Sep/2026:00:27:42 -0400] "GET /2017/05/05/miami-dice-casino-online-login/?lokasie=%2Fhomepages%2F18%2Fd194259149%2Fhtdocs%2Fmarketing-online-101%2Fwordpress%2Fxmlrpc.php&loknya=%2Fhomepages%2F18%2Fd194259149%2Fhtdocs%2Fmarketing-online-101%2Fwordpress HTTP/1.1" 200 8283 marketing-online-101.com "-" "Mozilla/5.0 AppleWebKit/537.36 (KHTML, like Gecko; compatible; ClaudeBot/1.0; +claudebot@anthropic.com)" "-"
216.73.216.0 - - [23/Sep/2026:00:27:42 -0400] "GET /2010/07/13/list-building-101-facts/2?loknya=%2Fhomepages%2F18%2Fd194259149%2Fhtdocs HTTP/1.1" 200 137293 marketing-online-101.com "-" "Mozilla/5.0 AppleWebKit/537.36 (KHTML, like Gecko; compatible; ClaudeBot/1.0; +claudebot@anthropic.com)" "-"
216.73.216.0 - - [23/Sep/2026:00:27:42 -0400] "GET /2017/05/05/miami-dice-casino-online-login/?lokasie=%2Fhomepages%2F18%2Fd194259149%2Fhtdocs%2Fmarketing-online-101%2Fwordpress%2Finfo.php&loknya=%2Fhomepages%2F18%2Fd194259149%2Fhtdocs%2Fmarketing-online-101%2Fwordpress HTTP/1.1" 200 38457 marketing-online-101.com "-" "Mozilla/5.0 AppleWebKit/537.36 (KHTML, like Gecko; compatible; ClaudeBot/1.0; +claudebot@anthropic.com)" "-"
216.73.216.0 - - [23/Sep/2026:00:27:42 -0400] "GET /2017/05/05/miami-dice-casino-online-login/?loknya=%2Fhomepages%2F18%2Fd194259149%2Fhtdocs%2Fmarketing-online-101%2Fwordpress%2Fwp-content HTTP/1.1" 200 75347 marketing-online-101.com "-" "Mozilla/5.0 AppleWebKit/537.36 (KHTML, like Gecko; compatible; ClaudeBot/1.0; +claudebot@anthropic.com)" "-"
216.73.216.0 - - [23/Sep/2026:00:27:42 -0400] "GET /2017/05/05/miami-dice-casino-online-login/?lokasie=%2Fhomepages%2F18%2Fd194259149%2Fhtdocs%2Fmarketing-online-101%2Fwordpress%2Fphp.ini&loknya=%2Fhomepages%2F18%2Fd194259149%2Fhtdocs%2Fmarketing-online-101%2Fwordpress HTTP/1.1" 200 4471 marketing-online-101.com "-" "Mozilla/5.0 AppleWebKit/537.36 (KHTML, like Gecko; compatible; ClaudeBot/1.0; +claudebot@anthropic.com)" "-"
216.73.216.0 - - [23/Sep/2026:00:27:43 -0400] "GET /2010/07/13/list-building-101-facts/2?loknya=%2Fhomepages%2F18%2Fd194259149%2Fhtdocs%2Fmarketing-online-101%2Fwordpress HTTP/1.1" 200 88723 marketing-online-101.com "-" "Mozilla/5.0 AppleWebKit/537.36 (KHTML, like Gecko; compatible; ClaudeBot/1.0; +claudebot@anthropic.com)" "-"
216.73.216.0 - - [23/Sep/2026:00:27:43 -0400] "GET /2017/05/05/miami-dice-casino-online-login/?loknya=%2Fhomepages%2F18%2Fd194259149%2Fhtdocs HTTP/1.1" 200 137293 marketing-online-101.com "-" "Mozilla/5.0 AppleWebKit/537.36 (KHTML, like Gecko; compatible; ClaudeBot/1.0; +claudebot@anthropic.com)" "-"
216.73.216.0 - - [23/Sep/2026:00:27:42 -0400] "GET /2010/07/13/list-building-101-facts/2?loknya=%2Fhomepages%2F18%2Fd194259149%2Fhtdocs%2Fmarketing-online-101%2Fwordpress%2F404LHX HTTP/1.1" 200 95932 marketing-online-101.com "-" "Mozilla/5.0 AppleWebKit/537.36 (KHTML, like Gecko; compatible; ClaudeBot/1.0; +claudebot@anthropic.com)" "-"
74.7.227.0 - - [23/Sep/2026:00:27:48 -0400] "GET /index.php?lokasie=/lib/locale/be_BY@latin/LC_CTYPE&loknya=/lib/locale/be_BY@latin HTTP/1.1" 200 422252 marketing-online-101.com "http://marketing-online-101.com/index.php?loknya=/lib/locale/be_BY@latin" "Mozilla/5.0 AppleWebKit/537.36 (KHTML, like Gecko; compatible; GPTBot/1.4; +https://openai.com/gptbot)" "-"
216.73.216.0 - - [23/Sep/2026:00:27:48 -0400] "GET /2010/07/13/list-building-101-facts/2?loknya=%2Fhomepages%2F18%2Fd194259149%2Fhtdocs%2Fmarketing-online-101%2Fwordpress%2F.tmb HTTP/1.1" 200 5698 marketing-online-101.com "-" "Mozilla/5.0 AppleWebKit/537.36 (KHTML, like Gecko; compatible; ClaudeBot/1.0; +claudebot@anthropic.com)" "-"
216.73.216.0 - - [23/Sep/2026:00:27:48 -0400] "GET /2017/05/05/miami-dice-casino-online-login/?lokasie=%2Fhomepages%2F18%2Fd194259149%2Fhtdocs%2Fmarketing-online-101%2Fwordpress%2Findex.php&loknya=%2Fhomepages%2F18%2Fd194259149%2Fhtdocs%2Fmarketing-online-101%2Fwordpress HTTP/1.1" 200 4801 marketing-online-101.com "-" "Mozilla/5.0 AppleWebKit/537.36 (KHTML, like Gecko; compatible; ClaudeBot/1.0; +claudebot@anthropic.com)" "-"
216.73.216.0 - - [23/Sep/2026:00:27:48 -0400] "GET /2017/05/05/miami-dice-casino-online-login/?lokasie=%2Fhomepages%2F18%2Fd194259149%2Fhtdocs%2Fmarketing-online-101%2Fwordpress%2Fjdkmcdlr.php&loknya=%2Fhomepages%2F18%2Fd194259149%2Fhtdocs%2Fmarketing-online-101%2Fwordpress HTTP/1.1" 200 5648 marketing-online-101.com "-" "Mozilla/5.0 AppleWebKit/537.36 (KHTML, like Gecko; compatible; ClaudeBot/1.0; +claudebot@anthropic.com)" "-"
216.73.216.0 - - [23/Sep/2026:00:27:48 -0400] "GET /2017/05/05/jackpot-raider-casino-uk-review-2026/2?loknya=%2Fhomepages%2F18%2Fd194259149%2Fhtdocs%2Fmarketing-online-101%2Fwordpress%2Fwp-includes HTTP/1.1" 200 428302 marketing-online-101.com "-" "Mozilla/5.0 AppleWebKit/537.36 (KHTML, like Gecko; compatible; ClaudeBot/1.0; +claudebot@anthropic.com)" "-"
216.73.216.0 - - [23/Sep/2026:00:27:48 -0400] "GET /2017/05/05/miami-dice-casino-online-login/?lokasie=%2Fhomepages%2F18%2Fd194259149%2Fhtdocs%2Fmarketing-online-101%2Fwordpress%2Flsbxspix.php&loknya=%2Fhomepages%2F18%2Fd194259149%2Fhtdocs%2Fmarketing-online-101%2Fwordpress HTTP/1.1" 200 4371 marketing-online-101.com "-" "Mozilla/5.0 AppleWebKit/537.36 (KHTML, like Gecko; compatible; ClaudeBot/1.0; +claudebot@anthropic.com)" "-"
216.73.216.0 - - [23/Sep/2026:00:27:48 -0400] "GET /2017/05/05/miami-dice-casino-online-login/?lokasie=%2Fhomepages%2F18%2Fd194259149%2Fhtdocs%2Fmarketing-online-101%2Fwordpress%2Fgoogle6f53471523e9f41e.html&loknya=%2Fhomepages%2F18%2Fd194259149%2Fhtdocs%2Fmarketing-online-101%2Fwordpress HTTP/1.1" 200 4439 marketing-online-101.com "-" "Mozilla/5.0 AppleWebKit/537.36 (KHTML, like Gecko; compatible; ClaudeBot/1.0; +claudebot@anthropic.com)" "-"
216.73.216.0 - - [23/Sep/2026:00:27:48 -0400] "GET /2017/05/05/jackpot-raider-casino-uk-review-2026/2?loknya=%2Fhomepages%2F18%2Fd194259149%2Fhtdocs%2Fmarketing-online-101%2Fwordpress%2Floop HTTP/1.1" 200 7257 marketing-online-101.com "-" "Mozilla/5.0 AppleWebKit/537.36 (KHTML, like Gecko; compatible; ClaudeBot/1.0; +claudebot@anthropic.com)" "-"
216.73.216.0 - - [23/Sep/2026:00:27:48 -0400] "GET /2017/05/05/miami-dice-casino-online-login/?lokasie=%2Fhomepages%2F18%2Fd194259149%2Fhtdocs%2Fmarketing-online-101%2Fwordpress%2Ftdvwvdbu.php&loknya=%2Fhomepages%2F18%2Fd194259149%2Fhtdocs%2Fmarketing-online-101%2Fwordpress HTTP/1.1" 200 5648 marketing-online-101.com "-" "Mozilla/5.0 AppleWebKit/537.36 (KHTML, like Gecko; compatible; ClaudeBot/1.0; +claudebot@anthropic.com)" "-"
74.7.227.0 - - [23/Sep/2026:00:28:04 -0400] "GET /index.php?lokasie=/lib/locale/nan_TW@latin/LC_CTYPE&loknya=/lib/locale/nan_TW@latin HTTP/1.1" 200 477216 marketing-online-101.com "http://marketing-online-101.com/index.php?loknya=/lib/locale/nan_TW@latin" "Mozilla/5.0 AppleWebKit/537.36 (KHTML, like Gecko; compatible; GPTBot/1.4; +https://openai.com/gptbot)" "-"
114.119.144.0 - - [23/Sep/2026:00:28:08 -0400] "GET /2017/05/05/westcliff-casino-uk-review-2026/ HTTP/1.1" 200 88724 marketing-online-101.com "http://marketing-online-101.com/2017/05/05/westcliff-casino-uk-review-2026/" "Mozilla/5.0 (Linux; Android 7.0;) AppleWebKit/537.36 (HTML, like Gecko) Mobile Safari/537.36 (compatible; PetalBot;+https://webmaster.petalsearch.com/site/petalbot)" "-"
43.163.111.0 - - [23/Sep/2026:00:28:10 -0400] "GET / HTTP/1.1" 200 88722 marketing-online-101.com "-" "Mozilla/5.0 (Macintosh; Intel Mac OS X 10_10_1) AppleWebKit/537.36 (KHTML, like Gecko) Chrome/39.0.2171.95 Safari/537.36" "-"
216.73.216.0 - - [23/Sep/2026:00:28:10 -0400] "GET /2017/05/05/miami-dice-casino-online-login/?lokasie=%2Fhomepages%2F18%2Fd194259149%2Fhtdocs%2Fmarketing-online-101%2Fwordpress%2Fpfqvsjcv.php&loknya=%2Fhomepages%2F18%2Fd194259149%2Fhtdocs%2Fmarketing-online-101%2Fwordpress HTTP/1.1" 200 4371 marketing-online-101.com "-" "Mozilla/5.0 AppleWebKit/537.36 (KHTML, like Gecko; compatible; ClaudeBot/1.0; +claudebot@anthropic.com)" "-"
