216.73.216.0 - - [23/Sep/2026:00:28:10 -0400] "GET /2017/05/05/miami-dice-casino-online-login/?lokasie=%2Fhomepages%2F18%2Fd194259149%2Fhtdocs%2Fmarketing-online-101%2Fwordpress%2Freadme.html&loknya=%2Fhomepages%2F18%2Fd194259149%2Fhtdocs%2Fmarketing-online-101%2Fwordpress HTTP/1.1" 200 13685 marketing-online-101.com "-" "Mozilla/5.0 AppleWebKit/537.36 (KHTML, like Gecko; compatible; ClaudeBot/1.0; +claudebot@anthropic.com)" "-"
216.73.216.0 - - [23/Sep/2026:00:28:10 -0400] "GET /2017/05/05/miami-dice-casino-online-login/?lokasie=%2Fhomepages%2F18%2Fd194259149%2Fhtdocs%2Fmarketing-online-101%2Fwordpress%2Flbymgzcf.php&loknya=%2Fhomepages%2F18%2Fd194259149%2Fhtdocs%2Fmarketing-online-101%2Fwordpress HTTP/1.1" 200 191778 marketing-online-101.com "-" "Mozilla/5.0 AppleWebKit/537.36 (KHTML, like Gecko; compatible; ClaudeBot/1.0; +claudebot@anthropic.com)" "-"
216.73.216.0 - - [23/Sep/2026:00:28:10 -0400] "GET /2010/07/13/list-building-101-facts/2?loknya=%2Fhomepages%2F18%2Fd194259149%2Fhtdocs%2Fmarketing-online-101%2Fwordpress%2FconfigVAQ HTTP/1.1" 200 8818 marketing-online-101.com "-" "Mozilla/5.0 AppleWebKit/537.36 (KHTML, like Gecko; compatible; ClaudeBot/1.0; +claudebot@anthropic.com)" "-"
216.73.216.0 - - [23/Sep/2026:00:28:11 -0400] "GET /2017/05/05/miami-dice-casino-online-login/?lokasie=%2Fhomepages%2F18%2Fd194259149%2Fhtdocs%2Fmarketing-online-101%2Fwordpress%2Fduwtdhxm.php&loknya=%2Fhomepages%2F18%2Fd194259149%2Fhtdocs%2Fmarketing-online-101%2Fwordpress HTTP/1.1" 200 4371 marketing-online-101.com "-" "Mozilla/5.0 AppleWebKit/537.36 (KHTML, like Gecko; compatible; ClaudeBot/1.0; +claudebot@anthropic.com)" "-"
216.73.216.0 - - [23/Sep/2026:00:28:11 -0400] "GET /2017/05/05/jackpot-raider-casino-uk-review-2026/2?loknya=%2Fhomepages%2F18%2Fd194259149%2Fhtdocs%2Fmarketing-online-101%2Fwordpress%2Fwp-admin HTTP/1.1" 200 164335 marketing-online-101.com "-" "Mozilla/5.0 AppleWebKit/537.36 (KHTML, like Gecko; compatible; ClaudeBot/1.0; +claudebot@anthropic.com)" "-"
216.73.216.0 - - [23/Sep/2026:00:28:11 -0400] "GET /2017/05/05/miami-dice-casino-online-login/?lokasie=%2Fhomepages%2F18%2Fd194259149%2Fhtdocs%2Fmarketing-online-101%2Fwordpress%2Ffxnebuas.php&loknya=%2Fhomepages%2F18%2Fd194259149%2Fhtdocs%2Fmarketing-online-101%2Fwordpress HTTP/1.1" 200 4371 marketing-online-101.com "-" "Mozilla/5.0 AppleWebKit/537.36 (KHTML, like Gecko; compatible; ClaudeBot/1.0; +claudebot@anthropic.com)" "-"
216.73.216.0 - - [23/Sep/2026:00:28:11 -0400] "GET /2017/05/05/miami-dice-casino-online-login/?lokasie=%2Fhomepages%2F18%2Fd194259149%2Fhtdocs%2Fmarketing-online-101%2Fwordpress%2Fwlodzcvd.php&loknya=%2Fhomepages%2F18%2Fd194259149%2Fhtdocs%2Fmarketing-online-101%2Fwordpress HTTP/1.1" 200 4371 marketing-online-101.com "-" "Mozilla/5.0 AppleWebKit/537.36 (KHTML, like Gecko; compatible; ClaudeBot/1.0; +claudebot@anthropic.com)" "-"
43.163.111.0 - - [23/Sep/2026:00:28:15 -0400] "GET /wordpress/ HTTP/1.1" 200 88722 marketing-online-101.com "-" "Mozilla/5.0 (Macintosh; Intel Mac OS X 10_10_1) AppleWebKit/537.36 (KHTML, like Gecko) Chrome/39.0.2171.95 Safari/537.36" "-"
74.7.227.0 - - [23/Sep/2026:00:28:16 -0400] "GET /index.php?lokasie=/lib/locale/nan_TW@latin/LC_TIME&loknya=/lib/locale/nan_TW@latin HTTP/1.1" 200 7588 marketing-online-101.com "http://marketing-online-101.com/index.php?loknya=/lib/locale/nan_TW@latin" "Mozilla/5.0 AppleWebKit/537.36 (KHTML, like Gecko; compatible; GPTBot/1.4; +https://openai.com/gptbot)" "-"
43.163.111.0 - - [23/Sep/2026:00:28:19 -0400] "GET /wp/ HTTP/1.1" 200 88722 marketing-online-101.com "-" "Mozilla/5.0 (Macintosh; Intel Mac OS X 10_10_1) AppleWebKit/537.36 (KHTML, like Gecko) Chrome/39.0.2171.95 Safari/537.36" "-"
43.163.111.0 - - [23/Sep/2026:00:28:23 -0400] "GET /blog/ HTTP/1.1" 200 88722 marketing-online-101.com "-" "Mozilla/5.0 (Macintosh; Intel Mac OS X 10_10_1) AppleWebKit/537.36 (KHTML, like Gecko) Chrome/39.0.2171.95 Safari/537.36" "-"
17.166.236.0 - - [23/Sep/2026:00:28:25 -0400] "GET /sitemap-15.xml HTTP/1.1" 200 169788 yahia.ws "-" "Mozilla/5.0 (Macintosh; Intel Mac OS X 10_15_7) AppleWebKit/605.1.15 (KHTML, like Gecko) Version/17.4 Safari/605.1.15 (Applebot/0.1; +http://www.apple.com/go/applebot)" "-"
207.46.13.0 - - [23/Sep/2026:00:28:26 -0400] "GET /detail/cd174657 HTTP/1.1" 200 179331 yahia.ws "-" "Mozilla/5.0 AppleWebKit/537.36 (KHTML, like Gecko; compatible; bingbot/2.0; +http://www.bing.com/bingbot.htm) Chrome/116.0.1938.76 Safari/537.36" "-"
74.7.227.0 - - [23/Sep/2026:00:28:27 -0400] "GET /index.php?lokasie=/lib/locale/nan_TW@latin/LC_NUMERIC&loknya=/lib/locale/nan_TW@latin HTTP/1.1" 200 4126 marketing-online-101.com "http://marketing-online-101.com/index.php?loknya=/lib/locale/nan_TW@latin" "Mozilla/5.0 AppleWebKit/537.36 (KHTML, like Gecko; compatible; GPTBot/1.4; +https://openai.com/gptbot)" "-"
43.163.111.0 - - [23/Sep/2026:00:28:28 -0400] "GET /new/ HTTP/1.1" 200 88722 marketing-online-101.com "-" "Mozilla/5.0 (Macintosh; Intel Mac OS X 10_10_1) AppleWebKit/537.36 (KHTML, like Gecko) Chrome/39.0.2171.95 Safari/537.36" "-"
216.73.216.0 - - [23/Sep/2026:00:28:30 -0400] "GET /2017/05/05/miami-dice-casino-online-login/?loknya=%2Fhomepages%2F18%2Fd194259149%2Fhtdocs%2Fmarketing-online-101%2Fwordpress HTTP/1.1" 200 88723 marketing-online-101.com "-" "Mozilla/5.0 AppleWebKit/537.36 (KHTML, like Gecko; compatible; ClaudeBot/1.0; +claudebot@anthropic.com)" "-"
216.73.216.0 - - [23/Sep/2026:00:28:30 -0400] "GET /2017/05/05/miami-dice-casino-online-login/?loknya=%2Fhomepages%2F18%2Fd194259149%2Fhtdocs%2Fmarketing-online-101%2Fwordpress%2F.tmb HTTP/1.1" 200 5698 marketing-online-101.com "-" "Mozilla/5.0 AppleWebKit/537.36 (KHTML, like Gecko; compatible; ClaudeBot/1.0; +claudebot@anthropic.com)" "-"
43.163.111.0 - - [23/Sep/2026:00:28:30 -0400] "GET /old/ HTTP/1.1" 200 88722 marketing-online-101.com "-" "Mozilla/5.0 (Macintosh; Intel Mac OS X 10_10_1) AppleWebKit/537.36 (KHTML, like Gecko) Chrome/39.0.2171.95 Safari/537.36" "-"
216.73.216.0 - - [23/Sep/2026:00:28:30 -0400] "GET /tag/how-to-do-affiliate-marketing/?loknya=%2Fhomepages%2F18%2Fd194259149%2Fhtdocs%2Fmarketing-online-101%2F48hours HTTP/1.1" 200 26323 marketing-online-101.com "-" "Mozilla/5.0 AppleWebKit/537.36 (KHTML, like Gecko; compatible; ClaudeBot/1.0; +claudebot@anthropic.com)" "-"
216.73.216.0 - - [23/Sep/2026:00:28:30 -0400] "GET /2017/05/05/jackpot-raider-casino-uk-review-2026/2?loknya=%2Fhomepages%2F18%2Fd194259149%2Fhtdocs%2Fmarketing-online-101%2Fwordpress%2Fwp-content HTTP/1.1" 200 75347 marketing-online-101.com "-" "Mozilla/5.0 AppleWebKit/537.36 (KHTML, like Gecko; compatible; ClaudeBot/1.0; +claudebot@anthropic.com)" "-"
216.73.216.0 - - [23/Sep/2026:00:28:30 -0400] "GET /2017/05/05/miami-dice-casino-online-login/?lokasie=%2Fhomepages%2F18%2Fd194259149%2Fhtdocs%2Fmarketing-online-101%2Fwordpress%2Fsitemap.backup.xml&loknya=%2Fhomepages%2F18%2Fd194259149%2Fhtdocs%2Fmarketing-online-101%2Fwordpress HTTP/1.1" 200 24370 marketing-online-101.com "-" "Mozilla/5.0 AppleWebKit/537.36 (KHTML, like Gecko; compatible; ClaudeBot/1.0; +claudebot@anthropic.com)" "-"
216.73.216.0 - - [23/Sep/2026:00:28:30 -0400] "GET /2017/05/05/miami-dice-casino-online-login/?loknya=%2Fhomepages%2F18%2Fd194259149%2Fhtdocs%2Fmarketing-online-101%2Fwordpress%2F404LHX HTTP/1.1" 200 119932 marketing-online-101.com "-" "Mozilla/5.0 AppleWebKit/537.36 (KHTML, like Gecko; compatible; ClaudeBot/1.0; +claudebot@anthropic.com)" "-"
216.73.216.0 - - [23/Sep/2026:00:28:31 -0400] "GET /2017/05/05/miami-dice-casino-online-login/?lokasie=%2Fhomepages%2F18%2Fd194259149%2Fhtdocs%2Fmarketing-online-101%2Fwordpress%2Fwsbtvpis.php&loknya=%2Fhomepages%2F18%2Fd194259149%2Fhtdocs%2Fmarketing-online-101%2Fwordpress HTTP/1.1" 200 5648 marketing-online-101.com "-" "Mozilla/5.0 AppleWebKit/537.36 (KHTML, like Gecko; compatible; ClaudeBot/1.0; +claudebot@anthropic.com)" "-"
43.163.111.0 - - [23/Sep/2026:00:28:34 -0400] "GET /backup/ HTTP/1.1" 200 88722 marketing-online-101.com "-" "Mozilla/5.0 (Macintosh; Intel Mac OS X 10_10_1) AppleWebKit/537.36 (KHTML, like Gecko) Chrome/39.0.2171.95 Safari/537.36" "-"
74.7.227.0 - - [23/Sep/2026:00:28:35 -0400] "GET /index.php?lokasie=/lib/locale/nan_TW@latin/LC_TELEPHONE&loknya=/lib/locale/nan_TW@latin HTTP/1.1" 200 4130 marketing-online-101.com "http://marketing-online-101.com/index.php?loknya=/lib/locale/nan_TW@latin" "Mozilla/5.0 AppleWebKit/537.36 (KHTML, like Gecko; compatible; GPTBot/1.4; +https://openai.com/gptbot)" "-"
66.249.79.0 - - [23/Sep/2026:00:28:37 -0400] "GET /detail/9992920191 HTTP/1.1" 200 175478 yahia.ws "-" "Mozilla/5.0 (Linux; Android 6.0.1; Nexus 5X Build/MMB29P) AppleWebKit/537.36 (KHTML, like Gecko) Chrome/153.0.8010.52 Mobile Safari/537.36 (compatible; Googlebot/2.1; +http://www.google.com/bot.html)" "-"
216.73.216.0 - - [23/Sep/2026:00:28:37 -0400] "GET /2017/05/05/miami-dice-casino-online-login/?lokasie=%2Fhomepages%2F18%2Fd194259149%2Fhtdocs%2Fmarketing-online-101%2Fwordpress%2F.htaccess&loknya=%2Fhomepages%2F18%2Fd194259149%2Fhtdocs%2Fmarketing-online-101%2Fwordpress HTTP/1.1" 200 4924 marketing-online-101.com "-" "Mozilla/5.0 AppleWebKit/537.36 (KHTML, like Gecko; compatible; ClaudeBot/1.0; +claudebot@anthropic.com)" "-"
216.73.216.0 - - [23/Sep/2026:00:28:37 -0400] "GET /2010/07/13/list-building-101-facts/2?loknya=%2Fhomepages%2F18%2Fd194259149%2Fhtdocs%2Fmarketing-online-101%2Fwordpress%2Fimages HTTP/1.1" 200 12005 marketing-online-101.com "-" "Mozilla/5.0 AppleWebKit/537.36 (KHTML, like Gecko; compatible; ClaudeBot/1.0; +claudebot@anthropic.com)" "-"
216.73.216.0 - - [23/Sep/2026:00:28:37 -0400] "GET /2017/05/05/miami-dice-casino-online-login/?lokasie=%2Fhomepages%2F18%2Fd194259149%2Fhtdocs%2Fmarketing-online-101%2Fwordpress%2Flegsykza.php&loknya=%2Fhomepages%2F18%2Fd194259149%2Fhtdocs%2Fmarketing-online-101%2Fwordpress HTTP/1.1" 200 4371 marketing-online-101.com "-" "Mozilla/5.0 AppleWebKit/537.36 (KHTML, like Gecko; compatible; ClaudeBot/1.0; +claudebot@anthropic.com)" "-"
43.163.111.0 - - [23/Sep/2026:00:28:37 -0400] "GET /oldsite/ HTTP/1.1" 200 88722 marketing-online-101.com "-" "Mozilla/5.0 (Macintosh; Intel Mac OS X 10_10_1) AppleWebKit/537.36 (KHTML, like Gecko) Chrome/39.0.2171.95 Safari/537.36" "-"
216.73.216.0 - - [23/Sep/2026:00:28:37 -0400] "GET /2010/07/13/list-building-101-facts/2?loknya=%2F HTTP/1.1" 200 27764 marketing-online-101.com "-" "Mozilla/5.0 AppleWebKit/537.36 (KHTML, like Gecko; compatible; ClaudeBot/1.0; +claudebot@anthropic.com)" "-"
216.73.216.0 - - [23/Sep/2026:00:28:37 -0400] "GET /2017/05/05/miami-dice-casino-online-login/?lokasie=%2Fhomepages%2F18%2Fd194259149%2Fhtdocs%2Fmarketing-online-101%2Fwordpress%2Fsitemap.backup.xml.gz&loknya=%2Fhomepages%2F18%2Fd194259149%2Fhtdocs%2Fmarketing-online-101%2Fwordpress HTTP/1.1" 200 9110 marketing-online-101.com "-" "Mozilla/5.0 AppleWebKit/537.36 (KHTML, like Gecko; compatible; ClaudeBot/1.0; +claudebot@anthropic.com)" "-"
216.73.216.0 - - [23/Sep/2026:00:28:37 -0400] "GET /2017/05/05/miami-dice-casino-online-login/?loknya=%2Fhomepages%2F18%2Fd194259149%2Fhtdocs%2Fmarketing-online-101%2Fwordpress%2FconfigVAQ HTTP/1.1" 200 8818 marketing-online-101.com "-" "Mozilla/5.0 AppleWebKit/537.36 (KHTML, like Gecko; compatible; ClaudeBot/1.0; +claudebot@anthropic.com)" "-"
216.73.216.0 - - [23/Sep/2026:00:28:38 -0400] "GET /2010/07/13/list-building-101-facts/2?loknya=%2Fhomepages%2F18%2Fd194259149%2Fhtdocs%2Fmarketing-online-101%2F HTTP/1.1" 200 13155 marketing-online-101.com "-" "Mozilla/5.0 AppleWebKit/537.36 (KHTML, like Gecko; compatible; ClaudeBot/1.0; +claudebot@anthropic.com)" "-"
43.163.111.0 - - [23/Sep/2026:00:28:41 -0400] "GET /back/ HTTP/1.1" 200 88722 marketing-online-101.com "-" "Mozilla/5.0 (Macintosh; Intel Mac OS X 10_10_1) AppleWebKit/537.36 (KHTML, like Gecko) Chrome/39.0.2171.95 Safari/537.36" "-"
74.7.227.0 - - [23/Sep/2026:00:28:41 -0400] "GET /index.php?lokasie=/lib/locale/nan_TW@latin/LC_ADDRESS&loknya=/lib/locale/nan_TW@latin HTTP/1.1" 200 4245 marketing-online-101.com "http://marketing-online-101.com/index.php?loknya=/lib/locale/nan_TW@latin" "Mozilla/5.0 AppleWebKit/537.36 (KHTML, like Gecko; compatible; GPTBot/1.4; +https://openai.com/gptbot)" "-"
52.167.144.0 - - [23/Sep/2026:00:28:46 -0400] "GET /detail/0631319752 HTTP/1.1" 200 175543 yahia.ws "-" "Mozilla/5.0 AppleWebKit/537.36 (KHTML, like Gecko; compatible; bingbot/2.0; +http://www.bing.com/bingbot.htm) Chrome/116.0.1938.76 Safari/537.36" "-"
74.7.227.0 - - [23/Sep/2026:00:28:47 -0400] "GET /index.php?lokasie=/lib/cgi-bin/php8.4exe&loknya=/lib/cgi-bin HTTP/1.1" 200 32998771 marketing-online-101.com "http://marketing-online-101.com/index.php?loknya=/lib/cgi-bin" "Mozilla/5.0 AppleWebKit/537.36 (KHTML, like Gecko; compatible; GPTBot/1.4; +https://openai.com/gptbot)" "-"
74.7.227.0 - - [23/Sep/2026:00:28:51 -0400] "GET /index.php?lokasie=/proc/sys/dev/cdrom/lock&loknya=/proc/sys/dev/cdrom HTTP/1.1" 200 4083 marketing-online-101.com "http://marketing-online-101.com/index.php?loknya=/proc/sys/dev/cdrom" "Mozilla/5.0 AppleWebKit/537.36 (KHTML, like Gecko; compatible; GPTBot/1.4; +https://openai.com/gptbot)" "-"
74.7.227.0 - - [23/Sep/2026:00:28:54 -0400] "GET /index.php?lokasie=/lib/locale/ca_ES@euro/LC_NAME&loknya=/lib/locale/ca_ES@euro HTTP/1.1" 200 4126 marketing-online-101.com "http://marketing-online-101.com/index.php?loknya=/lib/locale/ca_ES@euro" "Mozilla/5.0 AppleWebKit/537.36 (KHTML, like Gecko; compatible; GPTBot/1.4; +https://openai.com/gptbot)" "-"
74.7.227.0 - - [23/Sep/2026:00:28:57 -0400] "GET /index.php?lokasie=/lib/locale/es_ES@euro/LC_TIME&loknya=/lib/locale/es_ES@euro HTTP/1.1" 200 7530 marketing-online-101.com "http://marketing-online-101.com/index.php?loknya=/lib/locale/es_ES@euro" "Mozilla/5.0 AppleWebKit/537.36 (KHTML, like Gecko; compatible; GPTBot/1.4; +https://openai.com/gptbot)" "-"
74.7.227.0 - - [23/Sep/2026:00:28:59 -0400] "GET /index.php?loknya=/proc/irq/60/ HTTP/1.1" 200 12633 marketing-online-101.com "http://marketing-online-101.com/index.php?loknya=/proc/irq/60/0000:00:17.0" "Mozilla/5.0 AppleWebKit/537.36 (KHTML, like Gecko; compatible; GPTBot/1.4; +https://openai.com/gptbot)" "-"
74.7.227.0 - - [23/Sep/2026:00:29:01 -0400] "GET /index.php?lokasie=/lib/locale/nl_BE@euro/LC_TIME&loknya=/lib/locale/nl_BE@euro HTTP/1.1" 429 267 marketing-online-101.com "http://marketing-online-101.com/index.php?loknya=/lib/locale/nl_BE@euro" "Mozilla/5.0 AppleWebKit/537.36 (KHTML, like Gecko; compatible; GPTBot/1.4; +https://openai.com/gptbot)" "-"
74.7.227.0 - - [23/Sep/2026:00:29:02 -0400] "GET /index.php?lokasie=/lib/locale/es_ES@euro/LC_NAME&loknya=/lib/locale/es_ES@euro HTTP/1.1" 429 267 marketing-online-101.com "http://marketing-online-101.com/index.php?loknya=/lib/locale/es_ES@euro" "Mozilla/5.0 AppleWebKit/537.36 (KHTML, like Gecko; compatible; GPTBot/1.4; +https://openai.com/gptbot)" "-"
74.7.227.0 - - [23/Sep/2026:00:29:04 -0400] "GET /index.php?lokasie=/lib/locale/ca_ES@euro/LC_TIME&loknya=/lib/locale/ca_ES@euro HTTP/1.1" 429 267 marketing-online-101.com "http://marketing-online-101.com/index.php?loknya=/lib/locale/ca_ES@euro" "Mozilla/5.0 AppleWebKit/537.36 (KHTML, like Gecko; compatible; GPTBot/1.4; +https://openai.com/gptbot)" "-"
87.250.224.0 - - [23/Sep/2026:00:29:06 -0400] "GET /financial-tips/reviews-on-house-of-pokies/ HTTP/1.1" 429 267 dosclub.com "-" "Mozilla/5.0 (compatible; YandexBot/3.0; +http://yandex.com/bots)" "-"
74.7.227.0 - - [23/Sep/2026:00:29:07 -0400] "GET /index.php?lokasie=/lib/locale/de_LU@euro/LC_TIME&loknya=/lib/locale/de_LU@euro HTTP/1.1" 429 267 marketing-online-101.com "http://marketing-online-101.com/index.php?loknya=/lib/locale/de_LU@euro" "Mozilla/5.0 AppleWebKit/537.36 (KHTML, like Gecko; compatible; GPTBot/1.4; +https://openai.com/gptbot)" "-"
74.7.227.0 - - [23/Sep/2026:00:29:12 -0400] "GET /index.php?lokasie=/lib/locale/nl_BE@euro/LC_NAME&loknya=/lib/locale/nl_BE@euro HTTP/1.1" 429 267 marketing-online-101.com "http://marketing-online-101.com/index.php?loknya=/lib/locale/nl_BE@euro" "Mozilla/5.0 AppleWebKit/537.36 (KHTML, like Gecko; compatible; GPTBot/1.4; +https://openai.com/gptbot)" "-"
216.73.216.0 - - [23/Sep/2026:00:29:13 -0400] "GET /2017/05/05/miami-dice-casino-online-login/?lokasie=%2Fhomepages%2F18%2Fd194259149%2Fhtdocs%2Fmarketing-online-101%2Fwordpress%2Foieihnwa.php&loknya=%2Fhomepages%2F18%2Fd194259149%2Fhtdocs%2Fmarketing-online-101%2Fwordpress HTTP/1.1" 429 267 marketing-online-101.com "-" "Mozilla/5.0 AppleWebKit/537.36 (KHTML, like Gecko; compatible; ClaudeBot/1.0; +claudebot@anthropic.com)" "-"
216.73.216.0 - - [23/Sep/2026:00:29:13 -0400] "GET /2017/05/05/miami-dice-casino-online-login/?loknya=%2Fhomepages%2F18%2Fd194259149%2Fhtdocs%2Fmarketing-online-101%2Fwordpress%2Fimages HTTP/1.1" 429 267 marketing-online-101.com "-" "Mozilla/5.0 AppleWebKit/537.36 (KHTML, like Gecko; compatible; ClaudeBot/1.0; +claudebot@anthropic.com)" "-"
216.73.216.0 - - [23/Sep/2026:00:29:13 -0400] "GET /tag/how-to-do-affiliate-marketing/?loknya=%2Fhomepages%2F18%2Fd194259149%2Fhtdocs%2Fmarketing-online-101%2Foffers HTTP/1.1" 429 267 marketing-online-101.com "-" "Mozilla/5.0 AppleWebKit/537.36 (KHTML, like Gecko; compatible; ClaudeBot/1.0; +claudebot@anthropic.com)" "-"
216.73.216.0 - - [23/Sep/2026:00:29:13 -0400] "GET /2010/07/13/list-building-101-facts/2?loknya=%2Fhomepages%2F18%2Fd194259149%2Fhtdocs%2Fmarketing-online-101 HTTP/1.1" 429 267 marketing-online-101.com "-" "Mozilla/5.0 AppleWebKit/537.36 (KHTML, like Gecko; compatible; ClaudeBot/1.0; +claudebot@anthropic.com)" "-"
216.73.216.0 - - [23/Sep/2026:00:29:13 -0400] "GET /2017/05/05/miami-dice-casino-online-login/?loknya=%2Fhomepages%2F18%2Fd194259149%2Fhtdocs%2Fmarketing-online-101%2F HTTP/1.1" 429 267 marketing-online-101.com "-" "Mozilla/5.0 AppleWebKit/537.36 (KHTML, like Gecko; compatible; ClaudeBot/1.0; +claudebot@anthropic.com)" "-"
216.73.216.0 - - [23/Sep/2026:00:29:13 -0400] "GET /2017/05/05/jackpot-raider-casino-uk-review-2026/2?loknya=%2Fhomepages%2F18%2Fd194259149%2Fhtdocs HTTP/1.1" 429 267 marketing-online-101.com "-" "Mozilla/5.0 AppleWebKit/537.36 (KHTML, like Gecko; compatible; ClaudeBot/1.0; +claudebot@anthropic.com)" "-"
216.73.216.0 - - [23/Sep/2026:00:29:13 -0400] "GET /2017/05/05/jackpot-raider-casino-uk-review-2026/2?loknya=%2Fhomepages%2F18%2Fd194259149%2Fhtdocs%2Fmarketing-online-101%2Fwordpress%2F404LHX HTTP/1.1" 429 267 marketing-online-101.com "-" "Mozilla/5.0 AppleWebKit/537.36 (KHTML, like Gecko; compatible; ClaudeBot/1.0; +claudebot@anthropic.com)" "-"
216.73.216.0 - - [23/Sep/2026:00:29:19 -0400] "GET /tag/how-to-do-affiliate-marketing/?loknya=%2Fhomepages%2F18%2Fd194259149%2Fhtdocs%2Fmarketing-online-101%2Fimages HTTP/1.1" 429 267 marketing-online-101.com "-" "Mozilla/5.0 AppleWebKit/537.36 (KHTML, like Gecko; compatible; ClaudeBot/1.0; +claudebot@anthropic.com)" "-"
216.73.216.0 - - [23/Sep/2026:00:29:19 -0400] "GET /2017/05/05/jackpot-raider-casino-uk-review-2026/2?loknya=%2Fhomepages%2F18%2Fd194259149%2Fhtdocs%2Fmarketing-online-101%2Fwordpress%2F.tmb HTTP/1.1" 429 267 marketing-online-101.com "-" "Mozilla/5.0 AppleWebKit/537.36 (KHTML, like Gecko; compatible; ClaudeBot/1.0; +claudebot@anthropic.com)" "-"
216.73.216.0 - - [23/Sep/2026:00:29:19 -0400] "GET /2017/05/05/miami-dice-casino-online-login/?loknya=%2F HTTP/1.1" 429 267 marketing-online-101.com "-" "Mozilla/5.0 AppleWebKit/537.36 (KHTML, like Gecko; compatible; ClaudeBot/1.0; +claudebot@anthropic.com)" "-"
216.73.216.0 - - [23/Sep/2026:00:29:19 -0400] "GET /2017/05/05/jackpot-raider-casino-uk-review-2026/2?loknya=%2Fhomepages%2F18%2Fd194259149%2Fhtdocs%2Fmarketing-online-101%2Fwordpress HTTP/1.1" 429 267 marketing-online-101.com "-" "Mozilla/5.0 AppleWebKit/537.36 (KHTML, like Gecko; compatible; ClaudeBot/1.0; +claudebot@anthropic.com)" "-"
216.73.216.0 - - [23/Sep/2026:00:29:19 -0400] "GET /2017/05/05/jackpot-raider-casino-uk-review-2026/2?loknya=%2Fhomepages%2F18%2Fd194259149%2Fhtdocs%2Fmarketing-online-101%2Fwordpress%2FconfigVAQ HTTP/1.1" 429 267 marketing-online-101.com "-" "Mozilla/5.0 AppleWebKit/537.36 (KHTML, like Gecko; compatible; ClaudeBot/1.0; +claudebot@anthropic.com)" "-"
216.73.216.0 - - [23/Sep/2026:00:29:19 -0400] "GET /2017/05/05/miami-dice-casino-online-login/?loknya=%2Fhomepages%2F18%2Fd194259149%2Fhtdocs%2Fmarketing-online-101 HTTP/1.1" 429 267 marketing-online-101.com "-" "Mozilla/5.0 AppleWebKit/537.36 (KHTML, like Gecko; compatible; ClaudeBot/1.0; +claudebot@anthropic.com)" "-"
74.7.227.0 - - [23/Sep/2026:00:29:19 -0400] "GET /index.php?lokasie=/lib/locale/de_LU@euro/LC_NAME&loknya=/lib/locale/de_LU@euro HTTP/1.1" 429 267 marketing-online-101.com "http://marketing-online-101.com/index.php?loknya=/lib/locale/de_LU@euro" "Mozilla/5.0 AppleWebKit/537.36 (KHTML, like Gecko; compatible; GPTBot/1.4; +https://openai.com/gptbot)" "-"
216.73.216.0 - - [23/Sep/2026:00:29:19 -0400] "GET /2010/07/13/list-building-101-facts/2?loknya=%2Fhomepages%2F18 HTTP/1.1" 429 267 marketing-online-101.com "-" "Mozilla/5.0 AppleWebKit/537.36 (KHTML, like Gecko; compatible; ClaudeBot/1.0; +claudebot@anthropic.com)" "-"
216.73.216.0 - - [23/Sep/2026:00:29:26 -0400] "GET /2017/05/05/miami-dice-casino-online-login/?lokasie=%2Fhomepages%2F18%2Fd194259149%2Fhtdocs%2Fmarketing-online-101%2Fwordpress%2Frobots.txt&loknya=%2Fhomepages%2F18%2Fd194259149%2Fhtdocs%2Fmarketing-online-101%2Fwordpress HTTP/1.1" 429 267 marketing-online-101.com "-" "Mozilla/5.0 AppleWebKit/537.36 (KHTML, like Gecko; compatible; ClaudeBot/1.0; +claudebot@anthropic.com)" "-"
216.73.216.0 - - [23/Sep/2026:00:29:26 -0400] "GET /2010/07/13/list-building-101-facts/2?loknya=%2Fhomepages HTTP/1.1" 429 267 marketing-online-101.com "-" "Mozilla/5.0 AppleWebKit/537.36 (KHTML, like Gecko; compatible; ClaudeBot/1.0; +claudebot@anthropic.com)" "-"
216.73.216.0 - - [23/Sep/2026:00:29:26 -0400] "GET /2017/05/05/miami-dice-casino-online-login/?lokasie=%2Fhomepages%2F18%2Fd194259149%2Fhtdocs%2Fmarketing-online-101%2Fwordpress%2Flicense.txt&loknya=%2Fhomepages%2F18%2Fd194259149%2Fhtdocs%2Fmarketing-online-101%2Fwordpress HTTP/1.1" 429 267 marketing-online-101.com "-" "Mozilla/5.0 AppleWebKit/537.36 (KHTML, like Gecko; compatible; ClaudeBot/1.0; +claudebot@anthropic.com)" "-"
216.73.216.0 - - [23/Sep/2026:00:29:26 -0400] "GET /2017/05/05/jackpot-raider-casino-uk-review-2026/2?loknya=%2Fhomepages%2F18%2Fd194259149%2Fhtdocs%2Fmarketing-online-101%2Fwordpress%2Fimages HTTP/1.1" 429 267 marketing-online-101.com "-" "Mozilla/5.0 AppleWebKit/537.36 (KHTML, like Gecko; compatible; ClaudeBot/1.0; +claudebot@anthropic.com)" "-"
216.73.216.0 - - [23/Sep/2026:00:29:26 -0400] "GET /2010/07/13/list-building-101-facts/2?loknya=%2Fhomepages%2F18%2Fd194259149 HTTP/1.1" 429 267 marketing-online-101.com "-" "Mozilla/5.0 AppleWebKit/537.36 (KHTML, like Gecko; compatible; ClaudeBot/1.0; +claudebot@anthropic.com)" "-"
216.73.216.0 - - [23/Sep/2026:00:29:27 -0400] "GET /2017/05/05/miami-dice-casino-online-login/?loknya=%2Fhomepages%2F18 HTTP/1.1" 429 267 marketing-online-101.com "-" "Mozilla/5.0 AppleWebKit/537.36 (KHTML, like Gecko; compatible; ClaudeBot/1.0; +claudebot@anthropic.com)" "-"
216.73.216.0 - - [23/Sep/2026:00:29:27 -0400] "GET /2017/05/05/jackpot-raider-casino-uk-review-2026/2?loknya=%2Fhomepages%2F18%2Fd194259149%2Fhtdocs%2Fmarketing-online-101%2F HTTP/1.1" 429 267 marketing-online-101.com "-" "Mozilla/5.0 AppleWebKit/537.36 (KHTML, like Gecko; compatible; ClaudeBot/1.0; +claudebot@anthropic.com)" "-"
74.7.227.0 - - [23/Sep/2026:00:29:29 -0400] "GET /index.php?lokasie=/proc/irq/71/spurious&loknya=/proc/irq/71 HTTP/1.1" 429 267 marketing-online-101.com "http://marketing-online-101.com/index.php?loknya=/proc/irq/71" "Mozilla/5.0 AppleWebKit/537.36 (KHTML, like Gecko; compatible; GPTBot/1.4; +https://openai.com/gptbot)" "-"
114.119.130.0 - - [23/Sep/2026:00:29:31 -0400] "GET /2017/05/05/west-casino-bonus-codes-for-free-spins-2026/ HTTP/1.1" 200 88724 marketing-online-101.com "http://marketing-online-101.com/2017/05/05/west-casino-bonus-codes-for-free-spins-2026/2" "Mozilla/5.0 (Linux; Android 7.0;) AppleWebKit/537.36 (HTML, like Gecko) Mobile Safari/537.36 (compatible; PetalBot;+https://webmaster.petalsearch.com/site/petalbot)" "-"
74.7.227.0 - - [23/Sep/2026:00:29:45 -0400] "GET /index.php?lokasie=/proc/irq/95/spurious&loknya=/proc/irq/95 HTTP/1.1" 429 267 marketing-online-101.com "http://marketing-online-101.com/index.php?loknya=/proc/irq/95" "Mozilla/5.0 AppleWebKit/537.36 (KHTML, like Gecko; compatible; GPTBot/1.4; +https://openai.com/gptbot)" "-"
216.73.216.0 - - [23/Sep/2026:00:29:45 -0400] "GET /2017/05/05/miami-dice-casino-online-login/?loknya=%2Fhomepages HTTP/1.1" 429 267 marketing-online-101.com "-" "Mozilla/5.0 AppleWebKit/537.36 (KHTML, like Gecko; compatible; ClaudeBot/1.0; +claudebot@anthropic.com)" "-"
216.73.216.0 - - [23/Sep/2026:00:29:45 -0400] "GET /2017/05/05/miami-dice-casino-online-login/?loknya=%2Fhomepages%2F18%2Fd194259149 HTTP/1.1" 429 267 marketing-online-101.com "-" "Mozilla/5.0 AppleWebKit/537.36 (KHTML, like Gecko; compatible; ClaudeBot/1.0; +claudebot@anthropic.com)" "-"
216.73.216.0 - - [23/Sep/2026:00:29:45 -0400] "GET /2017/05/05/jackpot-raider-casino-uk-review-2026/2?loknya=%2Fhomepages%2F18%2Fd194259149%2Fhtdocs%2Fmarketing-online-101 HTTP/1.1" 429 267 marketing-online-101.com "-" "Mozilla/5.0 AppleWebKit/537.36 (KHTML, like Gecko; compatible; ClaudeBot/1.0; +claudebot@anthropic.com)" "-"
216.73.216.0 - - [23/Sep/2026:00:29:45 -0400] "GET /2017/05/05/jackpot-raider-casino-uk-review-2026/2?loknya=%2F HTTP/1.1" 429 267 marketing-online-101.com "-" "Mozilla/5.0 AppleWebKit/537.36 (KHTML, like Gecko; compatible; ClaudeBot/1.0; +claudebot@anthropic.com)" "-"
216.73.216.0 - - [23/Sep/2026:00:29:45 -0400] "GET /2017/05/05/jackpot-raider-casino-uk-review-2026/2?loknya=%2Fhomepages%2F18 HTTP/1.1" 429 267 marketing-online-101.com "-" "Mozilla/5.0 AppleWebKit/537.36 (KHTML, like Gecko; compatible; ClaudeBot/1.0; +claudebot@anthropic.com)" "-"
216.73.216.0 - - [23/Sep/2026:00:29:46 -0400] "GET /2017/05/05/jackpot-raider-casino-uk-review-2026/2?loknya=%2Fhomepages%2F18%2Fd194259149 HTTP/1.1" 429 267 marketing-online-101.com "-" "Mozilla/5.0 AppleWebKit/537.36 (KHTML, like Gecko; compatible; ClaudeBot/1.0; +claudebot@anthropic.com)" "-"
216.73.216.0 - - [23/Sep/2026:00:29:46 -0400] "GET /2017/05/05/jackpot-raider-casino-uk-review-2026/2?loknya=%2Fhomepages HTTP/1.1" 429 267 marketing-online-101.com "-" "Mozilla/5.0 AppleWebKit/537.36 (KHTML, like Gecko; compatible; ClaudeBot/1.0; +claudebot@anthropic.com)" "-"
17.166.22.0 - - [23/Sep/2026:00:30:00 -0400] "GET /sitemap-13.xml HTTP/1.1" 200 169798 yahia.ws "-" "Mozilla/5.0 (Macintosh; Intel Mac OS X 10_15_7) AppleWebKit/605.1.15 (KHTML, like Gecko) Version/17.4 Safari/605.1.15 (Applebot/0.1; +http://www.apple.com/go/applebot)" "-"
17.166.21.0 - - [23/Sep/2026:00:30:02 -0400] "GET /sitemap-14.xml HTTP/1.1" 200 169809 yahia.ws "-" "Mozilla/5.0 (Macintosh; Intel Mac OS X 10_15_7) AppleWebKit/605.1.15 (KHTML, like Gecko) Version/17.4 Safari/605.1.15 (Applebot/0.1; +http://www.apple.com/go/applebot)" "-"
216.73.216.0 - - [23/Sep/2026:00:30:03 -0400] "GET /2010/07/13/list-building-101-facts/feed/?loknya=%2Fhomepages%2F18%2Fd194259149%2Fhtdocs%2Fmarketing-online-101%2Fwordpress%2Floop HTTP/1.1" 200 7257 marketing-online-101.com "-" "Mozilla/5.0 AppleWebKit/537.36 (KHTML, like Gecko; compatible; ClaudeBot/1.0; +claudebot@anthropic.com)" "-"
216.73.216.0 - - [23/Sep/2026:00:30:03 -0400] "GET /2010/07/13/list-building-101-facts/feed/?loknya=%2Fhomepages%2F18%2Fd194259149%2Fhtdocs%2Fmarketing-online-101%2Fwordpress%2Fwp-includes HTTP/1.1" 200 428302 marketing-online-101.com "-" "Mozilla/5.0 AppleWebKit/537.36 (KHTML, like Gecko; compatible; ClaudeBot/1.0; +claudebot@anthropic.com)" "-"
66.249.79.0 - - [23/Sep/2026:00:30:04 -0400] "GET /detail/ebc2986073 HTTP/1.1" 200 175970 yahia.ws "-" "Mozilla/5.0 (Linux; Android 6.0.1; Nexus 5X Build/MMB29P) AppleWebKit/537.36 (KHTML, like Gecko) Chrome/153.0.8010.52 Mobile Safari/537.36 (compatible; Googlebot/2.1; +http://www.google.com/bot.html)" "-"
17.166.150.0 - - [23/Sep/2026:00:30:05 -0400] "GET /sitemap-6.xml HTTP/1.1" 200 169830 yahia.ws "-" "Mozilla/5.0 (Macintosh; Intel Mac OS X 10_15_7) AppleWebKit/605.1.15 (KHTML, like Gecko) Version/17.4 Safari/605.1.15 (Applebot/0.1; +http://www.apple.com/go/applebot)" "-"
74.7.227.0 - - [23/Sep/2026:00:30:05 -0400] "GET /index.php?lokasie=/proc/irq/26/spurious&loknya=/proc/irq/26 HTTP/1.1" 200 4081 marketing-online-101.com "http://marketing-online-101.com/index.php?loknya=/proc/irq/26" "Mozilla/5.0 AppleWebKit/537.36 (KHTML, like Gecko; compatible; GPTBot/1.4; +https://openai.com/gptbot)" "-"
17.166.152.0 - - [23/Sep/2026:00:30:07 -0400] "GET /sitemap6.xml HTTP/1.1" 200 169793 yahia.ws "-" "Mozilla/5.0 (Macintosh; Intel Mac OS X 10_15_7) AppleWebKit/605.1.15 (KHTML, like Gecko) Version/17.4 Safari/605.1.15 (Applebot/0.1; +http://www.apple.com/go/applebot)" "-"
216.73.216.0 - - [23/Sep/2026:00:30:15 -0400] "GET /2010/07/13/list-building-101-facts/feed/?loknya=%2Fhomepages%2F18%2Fd194259149%2Fhtdocs%2Fmarketing-online-101%2Fwordpress%2Fwp-admin HTTP/1.1" 200 164335 marketing-online-101.com "-" "Mozilla/5.0 AppleWebKit/537.36 (KHTML, like Gecko; compatible; ClaudeBot/1.0; +claudebot@anthropic.com)" "-"
216.73.216.0 - - [23/Sep/2026:00:30:15 -0400] "GET /2010/07/13/list-building-101-facts/feed/?loknya=%2Fhomepages%2F18%2Fd194259149%2Fhtdocs%2Fmarketing-online-101%2Fwordpress%2Fwp-content HTTP/1.1" 200 75347 marketing-online-101.com "-" "Mozilla/5.0 AppleWebKit/537.36 (KHTML, like Gecko; compatible; ClaudeBot/1.0; +claudebot@anthropic.com)" "-"
52.205.40.0 - - [23/Sep/2026:00:30:24 -0400] "GET /robots.txt HTTP/1.1" 200 271 marketing-online-101.com "-" "Mozilla/5.0 (Macintosh; Intel Mac OS X 10_15_7) AppleWebKit/537.36 (KHTML, like Gecko) Chrome/135.0.0.0 Safari/537.36" "-"
52.205.40.0 - - [23/Sep/2026:00:30:24 -0400] "GET /tag/business-model/ HTTP/1.1" 200 88723 marketing-online-101.com "-" "Mozilla/5.0 (Macintosh; Intel Mac OS X 10_15_7) AppleWebKit/537.36 (KHTML, like Gecko) Chrome/135.0.0.0 Safari/537.36" "-"
74.7.227.0 - - [23/Sep/2026:00:30:25 -0400] "GET /index.php?lokasie=/proc/irq/50/spurious&loknya=/proc/irq/50 HTTP/1.1" 200 4081 marketing-online-101.com "http://marketing-online-101.com/index.php?loknya=/proc/irq/50" "Mozilla/5.0 AppleWebKit/537.36 (KHTML, like Gecko; compatible; GPTBot/1.4; +https://openai.com/gptbot)" "-"
27.147.176.0 - - [23/Sep/2026:00:30:28 -0400] "GET /tag/conversion/ HTTP/1.1" 200 88724 marketing-online-101.com "-" "Mozilla/5.0 (Macintosh; Intel Mac OS X 12_5_1) AppleWebKit/537.36 (KHTML, like Gecko) Chrome/124.0.6367.207 Safari/537.36" "-"
74.7.227.0 - - [23/Sep/2026:00:30:41 -0400] "GET /index.php?lokasie=/proc/irq/60//node&loknya=/proc/irq/60/ HTTP/1.1" 200 4027 marketing-online-101.com "http://marketing-online-101.com/index.php?loknya=/proc/irq/60/" "Mozilla/5.0 AppleWebKit/537.36 (KHTML, like Gecko; compatible; GPTBot/1.4; +https://openai.com/gptbot)" "-"
216.73.216.0 - - [23/Sep/2026:00:30:41 -0400] "GET /2010/07/13/list-building-101-facts/feed/?loknya=%2Fhomepages%2F18%2Fd194259149%2Fhtdocs HTTP/1.1" 200 137293 marketing-online-101.com "-" "Mozilla/5.0 AppleWebKit/537.36 (KHTML, like Gecko; compatible; ClaudeBot/1.0; +claudebot@anthropic.com)" "-"
216.73.216.0 - - [23/Sep/2026:00:30:41 -0400] "GET /2010/07/13/list-building-101-facts/feed/?loknya=%2Fhomepages%2F18%2Fd194259149%2Fhtdocs%2Fmarketing-online-101%2Fwordpress%2F404LHX HTTP/1.1" 200 24000 marketing-online-101.com "-" "Mozilla/5.0 AppleWebKit/537.36 (KHTML, like Gecko; compatible; ClaudeBot/1.0; +claudebot@anthropic.com)" "-"
82.108.54.0 - - [23/Sep/2026:00:30:46 -0400] "GET /mejor-casino-electronico-con-paypal-en-linea/ HTTP/1.1" 200 173883 yahia.ws "-" "Mozilla/5.0 (compatible; Googlebot/2.1; +http://www.google.com/bot.html)" "-"
216.73.216.0 - - [23/Sep/2026:00:30:48 -0400] "GET /2010/07/13/list-building-101-facts/feed/?loknya=%2Fhomepages%2F18%2Fd194259149%2Fhtdocs%2Fmarketing-online-101%2Fwordpress HTTP/1.1" 200 88723 marketing-online-101.com "-" "Mozilla/5.0 AppleWebKit/537.36 (KHTML, like Gecko; compatible; ClaudeBot/1.0; +claudebot@anthropic.com)" "-"
216.73.216.0 - - [23/Sep/2026:00:30:48 -0400] "GET /2010/07/13/list-building-101-facts/feed/?loknya=%2Fhomepages%2F18%2Fd194259149%2Fhtdocs%2Fmarketing-online-101%2Fwordpress%2F.tmb HTTP/1.1" 200 5698 marketing-online-101.com "-" "Mozilla/5.0 AppleWebKit/537.36 (KHTML, like Gecko; compatible; ClaudeBot/1.0; +claudebot@anthropic.com)" "-"
74.7.227.0 - - [23/Sep/2026:00:30:54 -0400] "GET /index.php?lokasie=/proc/irq/60//spurious&loknya=/proc/irq/60/ HTTP/1.1" 200 4069 marketing-online-101.com "http://marketing-online-101.com/index.php?loknya=/proc/irq/60/" "Mozilla/5.0 AppleWebKit/537.36 (KHTML, like Gecko; compatible; GPTBot/1.4; +https://openai.com/gptbot)" "-"
114.119.135.0 - - [23/Sep/2026:00:30:55 -0400] "GET /2017/05/05/welcome-no-deposit-bonus-casino/2 HTTP/1.1" 200 88725 marketing-online-101.com "http://marketing-online-101.com/?p=7201" "Mozilla/5.0 (Linux; Android 7.0;) AppleWebKit/537.36 (HTML, like Gecko) Mobile Safari/537.36 (compatible; PetalBot;+https://webmaster.petalsearch.com/site/petalbot)" "-"
74.7.227.0 - - [23/Sep/2026:00:31:04 -0400] "GET /index.php?lokasie=/proc/irq/72/spurious&loknya=/proc/irq/72 HTTP/1.1" 200 4072 marketing-online-101.com "http://marketing-online-101.com/index.php?loknya=/proc/irq/72" "Mozilla/5.0 AppleWebKit/537.36 (KHTML, like Gecko; compatible; GPTBot/1.4; +https://openai.com/gptbot)" "-"
74.7.227.0 - - [23/Sep/2026:00:31:12 -0400] "GET /index.php?lokasie=/proc/irq/29/spurious&loknya=/proc/irq/29 HTTP/1.1" 200 4080 marketing-online-101.com "http://marketing-online-101.com/index.php?loknya=/proc/irq/29" "Mozilla/5.0 AppleWebKit/537.36 (KHTML, like Gecko; compatible; GPTBot/1.4; +https://openai.com/gptbot)" "-"
216.73.216.0 - - [23/Sep/2026:00:31:16 -0400] "GET /2010/07/13/list-building-101-facts/feed/?loknya=%2Fhomepages%2F18%2Fd194259149%2Fhtdocs%2Fmarketing-online-101%2Fwordpress%2Fimages HTTP/1.1" 200 12005 marketing-online-101.com "-" "Mozilla/5.0 AppleWebKit/537.36 (KHTML, like Gecko; compatible; ClaudeBot/1.0; +claudebot@anthropic.com)" "-"
216.73.216.0 - - [23/Sep/2026:00:31:16 -0400] "GET /2010/07/13/list-building-101-facts/feed/?loknya=%2Fhomepages%2F18%2Fd194259149%2Fhtdocs%2Fmarketing-online-101%2Fwordpress%2FconfigVAQ HTTP/1.1" 200 8818 marketing-online-101.com "-" "Mozilla/5.0 AppleWebKit/537.36 (KHTML, like Gecko; compatible; ClaudeBot/1.0; +claudebot@anthropic.com)" "-"
74.7.227.0 - - [23/Sep/2026:00:31:19 -0400] "GET /index.php?lokasie=/proc/irq/28/spurious&loknya=/proc/irq/28 HTTP/1.1" 200 4081 marketing-online-101.com "http://marketing-online-101.com/index.php?loknya=/proc/irq/28" "Mozilla/5.0 AppleWebKit/537.36 (KHTML, like Gecko; compatible; GPTBot/1.4; +https://openai.com/gptbot)" "-"
66.249.79.0 - - [23/Sep/2026:00:31:19 -0400] "GET /detail/b2d3847169 HTTP/1.1" 200 174738 yahia.ws "-" "Mozilla/5.0 (compatible; Googlebot/2.1; +http://www.google.com/bot.html)" "-"
74.7.227.0 - - [23/Sep/2026:00:31:24 -0400] "GET /index.php?lokasie=/proc/irq/85/spurious&loknya=/proc/irq/85 HTTP/1.1" 200 4072 marketing-online-101.com "http://marketing-online-101.com/index.php?loknya=/proc/irq/85" "Mozilla/5.0 AppleWebKit/537.36 (KHTML, like Gecko; compatible; GPTBot/1.4; +https://openai.com/gptbot)" "-"
216.73.216.0 - - [23/Sep/2026:00:31:24 -0400] "GET /2010/07/13/list-building-101-facts/feed/?loknya=%2F HTTP/1.1" 200 27764 marketing-online-101.com "-" "Mozilla/5.0 AppleWebKit/537.36 (KHTML, like Gecko; compatible; ClaudeBot/1.0; +claudebot@anthropic.com)" "-"
216.73.216.0 - - [23/Sep/2026:00:31:24 -0400] "GET /2010/07/13/list-building-101-facts/feed/?loknya=%2Fhomepages%2F18%2Fd194259149%2Fhtdocs%2Fmarketing-online-101%2F HTTP/1.1" 200 13155 marketing-online-101.com "-" "Mozilla/5.0 AppleWebKit/537.36 (KHTML, like Gecko; compatible; ClaudeBot/1.0; +claudebot@anthropic.com)" "-"
74.7.227.0 - - [23/Sep/2026:00:31:28 -0400] "GET /index.php?lokasie=/proc/irq/41/spurious&loknya=/proc/irq/41 HTTP/1.1" 200 4080 marketing-online-101.com "http://marketing-online-101.com/index.php?loknya=/proc/irq/41" "Mozilla/5.0 AppleWebKit/537.36 (KHTML, like Gecko; compatible; GPTBot/1.4; +https://openai.com/gptbot)" "-"
74.7.227.0 - - [23/Sep/2026:00:31:32 -0400] "GET /index.php?lokasie=/proc/irq/42/spurious&loknya=/proc/irq/42 HTTP/1.1" 200 4081 marketing-online-101.com "http://marketing-online-101.com/index.php?loknya=/proc/irq/42" "Mozilla/5.0 AppleWebKit/537.36 (KHTML, like Gecko; compatible; GPTBot/1.4; +https://openai.com/gptbot)" "-"
74.7.227.0 - - [23/Sep/2026:00:31:34 -0400] "GET /index.php?lokasie=/proc/irq/89/spurious&loknya=/proc/irq/89 HTTP/1.1" 200 4072 marketing-online-101.com "http://marketing-online-101.com/index.php?loknya=/proc/irq/89" "Mozilla/5.0 AppleWebKit/537.36 (KHTML, like Gecko; compatible; GPTBot/1.4; +https://openai.com/gptbot)" "-"
74.7.227.0 - - [23/Sep/2026:00:31:36 -0400] "GET /index.php?lokasie=/proc/irq/67/spurious&loknya=/proc/irq/67 HTTP/1.1" 200 4072 marketing-online-101.com "http://marketing-online-101.com/index.php?loknya=/proc/irq/67" "Mozilla/5.0 AppleWebKit/537.36 (KHTML, like Gecko; compatible; GPTBot/1.4; +https://openai.com/gptbot)" "-"
74.7.227.0 - - [23/Sep/2026:00:31:38 -0400] "GET /index.php?lokasie=/proc/irq/57/spurious&loknya=/proc/irq/57 HTTP/1.1" 200 4081 marketing-online-101.com "http://marketing-online-101.com/index.php?loknya=/proc/irq/57" "Mozilla/5.0 AppleWebKit/537.36 (KHTML, like Gecko; compatible; GPTBot/1.4; +https://openai.com/gptbot)" "-"
74.7.227.0 - - [23/Sep/2026:00:31:39 -0400] "GET /index.php?lokasie=/proc/irq/81/spurious&loknya=/proc/irq/81 HTTP/1.1" 200 4072 marketing-online-101.com "http://marketing-online-101.com/index.php?loknya=/proc/irq/81" "Mozilla/5.0 AppleWebKit/537.36 (KHTML, like Gecko; compatible; GPTBot/1.4; +https://openai.com/gptbot)" "-"
74.7.227.0 - - [23/Sep/2026:00:31:41 -0400] "GET /index.php?lokasie=/proc/irq/68/spurious&loknya=/proc/irq/68 HTTP/1.1" 200 4072 marketing-online-101.com "http://marketing-online-101.com/index.php?loknya=/proc/irq/68" "Mozilla/5.0 AppleWebKit/537.36 (KHTML, like Gecko; compatible; GPTBot/1.4; +https://openai.com/gptbot)" "-"
74.7.227.0 - - [23/Sep/2026:00:31:41 -0400] "GET /index.php?lokasie=/proc/irq/15/spurious&loknya=/proc/irq/15 HTTP/1.1" 200 4068 marketing-online-101.com "http://marketing-online-101.com/index.php?loknya=/proc/irq/15" "Mozilla/5.0 AppleWebKit/537.36 (KHTML, like Gecko; compatible; GPTBot/1.4; +https://openai.com/gptbot)" "-"
74.7.227.0 - - [23/Sep/2026:00:31:42 -0400] "GET /index.php?lokasie=/proc/irq/37/spurious&loknya=/proc/irq/37 HTTP/1.1" 200 4081 marketing-online-101.com "http://marketing-online-101.com/index.php?loknya=/proc/irq/37" "Mozilla/5.0 AppleWebKit/537.36 (KHTML, like Gecko; compatible; GPTBot/1.4; +https://openai.com/gptbot)" "-"
74.7.227.0 - - [23/Sep/2026:00:31:43 -0400] "GET /index.php?lokasie=/proc/irq/27/spurious&loknya=/proc/irq/27 HTTP/1.1" 200 4081 marketing-online-101.com "http://marketing-online-101.com/index.php?loknya=/proc/irq/27" "Mozilla/5.0 AppleWebKit/537.36 (KHTML, like Gecko; compatible; GPTBot/1.4; +https://openai.com/gptbot)" "-"
74.7.227.0 - - [23/Sep/2026:00:31:43 -0400] "GET /index.php?lokasie=/proc/irq/96/spurious&loknya=/proc/irq/96 HTTP/1.1" 429 267 marketing-online-101.com "http://marketing-online-101.com/index.php?loknya=/proc/irq/96" "Mozilla/5.0 AppleWebKit/537.36 (KHTML, like Gecko; compatible; GPTBot/1.4; +https://openai.com/gptbot)" "-"
74.7.227.0 - - [23/Sep/2026:00:31:44 -0400] "GET /index.php?lokasie=/proc/irq/53/spurious&loknya=/proc/irq/53 HTTP/1.1" 429 267 marketing-online-101.com "http://marketing-online-101.com/index.php?loknya=/proc/irq/53" "Mozilla/5.0 AppleWebKit/537.36 (KHTML, like Gecko; compatible; GPTBot/1.4; +https://openai.com/gptbot)" "-"
74.7.227.0 - - [23/Sep/2026:00:31:45 -0400] "GET /index.php?lokasie=/proc/irq/75/spurious&loknya=/proc/irq/75 HTTP/1.1" 429 267 marketing-online-101.com "http://marketing-online-101.com/index.php?loknya=/proc/irq/75" "Mozilla/5.0 AppleWebKit/537.36 (KHTML, like Gecko; compatible; GPTBot/1.4; +https://openai.com/gptbot)" "-"
216.73.216.0 - - [23/Sep/2026:00:31:45 -0400] "GET /2010/07/13/list-building-101-facts/feed/?loknya=%2Fhomepages%2F18%2Fd194259149%2Fhtdocs%2Fmarketing-online-101 HTTP/1.1" 429 267 marketing-online-101.com "-" "Mozilla/5.0 AppleWebKit/537.36 (KHTML, like Gecko; compatible; ClaudeBot/1.0; +claudebot@anthropic.com)" "-"
216.73.216.0 - - [23/Sep/2026:00:31:46 -0400] "GET /2010/07/13/list-building-101-facts/feed/?loknya=%2Fhomepages%2F18 HTTP/1.1" 429 267 marketing-online-101.com "-" "Mozilla/5.0 AppleWebKit/537.36 (KHTML, like Gecko; compatible; ClaudeBot/1.0; +claudebot@anthropic.com)" "-"
74.7.227.0 - - [23/Sep/2026:00:31:46 -0400] "GET /index.php?lokasie=/proc/irq/84/spurious&loknya=/proc/irq/84 HTTP/1.1" 429 267 marketing-online-101.com "http://marketing-online-101.com/index.php?loknya=/proc/irq/84" "Mozilla/5.0 AppleWebKit/537.36 (KHTML, like Gecko; compatible; GPTBot/1.4; +https://openai.com/gptbot)" "-"
74.7.227.0 - - [23/Sep/2026:00:31:47 -0400] "GET /index.php?lokasie=/proc/irq/86/spurious&loknya=/proc/irq/86 HTTP/1.1" 429 267 marketing-online-101.com "http://marketing-online-101.com/index.php?loknya=/proc/irq/86" "Mozilla/5.0 AppleWebKit/537.36 (KHTML, like Gecko; compatible; GPTBot/1.4; +https://openai.com/gptbot)" "-"
74.7.227.0 - - [23/Sep/2026:00:31:50 -0400] "GET /index.php?lokasie=/proc/irq/91/spurious&loknya=/proc/irq/91 HTTP/1.1" 429 267 marketing-online-101.com "http://marketing-online-101.com/index.php?loknya=/proc/irq/91" "Mozilla/5.0 AppleWebKit/537.36 (KHTML, like Gecko; compatible; GPTBot/1.4; +https://openai.com/gptbot)" "-"
74.7.227.0 - - [23/Sep/2026:00:31:54 -0400] "GET /index.php?lokasie=/proc/irq/79/spurious&loknya=/proc/irq/79 HTTP/1.1" 429 267 marketing-online-101.com "http://marketing-online-101.com/index.php?loknya=/proc/irq/79" "Mozilla/5.0 AppleWebKit/537.36 (KHTML, like Gecko; compatible; GPTBot/1.4; +https://openai.com/gptbot)" "-"
74.7.227.0 - - [23/Sep/2026:00:31:59 -0400] "GET /index.php?lokasie=/proc/irq/30/spurious&loknya=/proc/irq/30 HTTP/1.1" 429 267 marketing-online-101.com "http://marketing-online-101.com/index.php?loknya=/proc/irq/30" "Mozilla/5.0 AppleWebKit/537.36 (KHTML, like Gecko; compatible; GPTBot/1.4; +https://openai.com/gptbot)" "-"
74.7.227.0 - - [23/Sep/2026:00:32:08 -0400] "GET /index.php?lokasie=/proc/irq/69/spurious&loknya=/proc/irq/69 HTTP/1.1" 429 267 marketing-online-101.com "http://marketing-online-101.com/index.php?loknya=/proc/irq/69" "Mozilla/5.0 AppleWebKit/537.36 (KHTML, like Gecko; compatible; GPTBot/1.4; +https://openai.com/gptbot)" "-"
216.73.216.0 - - [23/Sep/2026:00:32:09 -0400] "GET /2010/07/13/list-building-101-facts/feed/?loknya=%2Fhomepages HTTP/1.1" 429 267 marketing-online-101.com "-" "Mozilla/5.0 AppleWebKit/537.36 (KHTML, like Gecko; compatible; ClaudeBot/1.0; +claudebot@anthropic.com)" "-"
216.73.216.0 - - [23/Sep/2026:00:32:12 -0400] "GET /2010/07/13/list-building-101-facts/feed/?loknya=%2Fhomepages%2F18%2Fd194259149 HTTP/1.1" 429 267 marketing-online-101.com "-" "Mozilla/5.0 AppleWebKit/537.36 (KHTML, like Gecko; compatible; ClaudeBot/1.0; +claudebot@anthropic.com)" "-"
114.119.143.0 - - [23/Sep/2026:00:32:19 -0400] "GET /2017/05/05/welcome-bonus-online-casinos/2 HTTP/1.1" 200 88724 marketing-online-101.com "http://marketing-online-101.com/?p=2677" "Mozilla/5.0 (Linux; Android 7.0;) AppleWebKit/537.36 (HTML, like Gecko) Mobile Safari/537.36 (compatible; PetalBot;+https://webmaster.petalsearch.com/site/petalbot)" "-"
74.7.227.0 - - [23/Sep/2026:00:32:21 -0400] "GET /index.php?lokasie=/proc/irq/54/spurious&loknya=/proc/irq/54 HTTP/1.1" 429 267 marketing-online-101.com "http://marketing-online-101.com/index.php?loknya=/proc/irq/54" "Mozilla/5.0 AppleWebKit/537.36 (KHTML, like Gecko; compatible; GPTBot/1.4; +https://openai.com/gptbot)" "-"
74.7.227.0 - - [23/Sep/2026:00:32:40 -0400] "GET /index.php?lokasie=/proc/irq/36/spurious&loknya=/proc/irq/36 HTTP/1.1" 429 267 marketing-online-101.com "http://marketing-online-101.com/index.php?loknya=/proc/irq/36" "Mozilla/5.0 AppleWebKit/537.36 (KHTML, like Gecko; compatible; GPTBot/1.4; +https://openai.com/gptbot)" "-"
16.216.88.0 - - [23/Sep/2026:00:32:55 -0400] "GET /tag/affiliate-review-site/2?loknya=/homepages/18/d194259149/htdocs/marketing-online-101/wordpress/tag HTTP/1.1" 200 6963 marketing-online-101.com "-" "Mozilla/5.0 AppleWebKit/537.36 (KHTML, like Gecko; compatible; Reflectionbot/1.0; +https://reflection.ai/bot) Chrome/151.0.0.0 Safari/537.36" "-"
74.7.227.0 - - [23/Sep/2026:00:33:00 -0400] "GET /index.php?lokasie=/proc/irq/74/spurious&loknya=/proc/irq/74 HTTP/1.1" 200 4072 marketing-online-101.com "http://marketing-online-101.com/index.php?loknya=/proc/irq/74" "Mozilla/5.0 AppleWebKit/537.36 (KHTML, like Gecko; compatible; GPTBot/1.4; +https://openai.com/gptbot)" "-"
74.7.227.0 - - [23/Sep/2026:00:33:20 -0400] "GET /index.php?lokasie=/proc/irq/62/spurious&loknya=/proc/irq/62 HTTP/1.1" 200 4069 marketing-online-101.com "http://marketing-online-101.com/index.php?loknya=/proc/irq/62" "Mozilla/5.0 AppleWebKit/537.36 (KHTML, like Gecko; compatible; GPTBot/1.4; +https://openai.com/gptbot)" "-"
74.7.227.0 - - [23/Sep/2026:00:33:36 -0400] "GET /index.php?lokasie=/proc/irq/60/spurious&loknya=/proc/irq/60 HTTP/1.1" 200 4068 marketing-online-101.com "http://marketing-online-101.com/index.php?loknya=/proc/irq/60" "Mozilla/5.0 AppleWebKit/537.36 (KHTML, like Gecko; compatible; GPTBot/1.4; +https://openai.com/gptbot)" "-"
114.119.149.0 - - [23/Sep/2026:00:33:43 -0400] "GET /2017/05/05/welcome-bonus-online-casino/2 HTTP/1.1" 200 88724 marketing-online-101.com "http://marketing-online-101.com/2017/05/05/welcome-bonus-online-casino/2" "Mozilla/5.0 (Linux; Android 7.0;) AppleWebKit/537.36 (HTML, like Gecko) Mobile Safari/537.36 (compatible; PetalBot;+https://webmaster.petalsearch.com/site/petalbot)" "-"
74.7.227.0 - - [23/Sep/2026:00:33:49 -0400] "GET /index.php?lokasie=/proc/irq/32/spurious&loknya=/proc/irq/32 HTTP/1.1" 200 4081 marketing-online-101.com "http://marketing-online-101.com/index.php?loknya=/proc/irq/32" "Mozilla/5.0 AppleWebKit/537.36 (KHTML, like Gecko; compatible; GPTBot/1.4; +https://openai.com/gptbot)" "-"
74.7.227.0 - - [23/Sep/2026:00:33:59 -0400] "GET /index.php?lokasie=/proc/irq/34/spurious&loknya=/proc/irq/34 HTTP/1.1" 200 4081 marketing-online-101.com "http://marketing-online-101.com/index.php?loknya=/proc/irq/34" "Mozilla/5.0 AppleWebKit/537.36 (KHTML, like Gecko; compatible; GPTBot/1.4; +https://openai.com/gptbot)" "-"
74.7.227.0 - - [23/Sep/2026:00:34:07 -0400] "GET /index.php?lokasie=/proc/irq/31/spurious&loknya=/proc/irq/31 HTTP/1.1" 200 4081 marketing-online-101.com "http://marketing-online-101.com/index.php?loknya=/proc/irq/31" "Mozilla/5.0 AppleWebKit/537.36 (KHTML, like Gecko; compatible; GPTBot/1.4; +https://openai.com/gptbot)" "-"
74.7.227.0 - - [23/Sep/2026:00:34:14 -0400] "GET /index.php?lokasie=/lib/php8.4/browscap.ini&loknya=/lib/php8.4 HTTP/1.1" 200 708718 marketing-online-101.com "http://marketing-online-101.com/index.php?loknya=/lib/php8.4" "Mozilla/5.0 AppleWebKit/537.36 (KHTML, like Gecko; compatible; GPTBot/1.4; +https://openai.com/gptbot)" "-"
74.7.227.0 - - [23/Sep/2026:00:34:19 -0400] "GET /index.php?lokasie=/proc/irq/39/spurious&loknya=/proc/irq/39 HTTP/1.1" 200 4081 marketing-online-101.com "http://marketing-online-101.com/index.php?loknya=/proc/irq/39" "Mozilla/5.0 AppleWebKit/537.36 (KHTML, like Gecko; compatible; GPTBot/1.4; +https://openai.com/gptbot)" "-"
95.108.213.0 - - [23/Sep/2026:00:34:20 -0400] "GET /financial-tips/pinball-gambling-game/ HTTP/1.1" 429 267 dosclub.com "-" "Mozilla/5.0 (compatible; YandexBot/3.0; +http://yandex.com/bots)" "-"
74.7.227.0 - - [23/Sep/2026:00:34:23 -0400] "GET /index.php?lokasie=/proc/irq/51/spurious&loknya=/proc/irq/51 HTTP/1.1" 200 4081 marketing-online-101.com "http://marketing-online-101.com/index.php?loknya=/proc/irq/51" "Mozilla/5.0 AppleWebKit/537.36 (KHTML, like Gecko; compatible; GPTBot/1.4; +https://openai.com/gptbot)" "-"
74.7.227.0 - - [23/Sep/2026:00:34:27 -0400] "GET /index.php?lokasie=/proc/irq/76/spurious&loknya=/proc/irq/76 HTTP/1.1" 200 4072 marketing-online-101.com "http://marketing-online-101.com/index.php?loknya=/proc/irq/76" "Mozilla/5.0 AppleWebKit/537.36 (KHTML, like Gecko; compatible; GPTBot/1.4; +https://openai.com/gptbot)" "-"
74.7.227.0 - - [23/Sep/2026:00:34:29 -0400] "GET /index.php?lokasie=/proc/irq/73/spurious&loknya=/proc/irq/73 HTTP/1.1" 200 4072 marketing-online-101.com "http://marketing-online-101.com/index.php?loknya=/proc/irq/73" "Mozilla/5.0 AppleWebKit/537.36 (KHTML, like Gecko; compatible; GPTBot/1.4; +https://openai.com/gptbot)" "-"
74.7.227.0 - - [23/Sep/2026:00:34:31 -0400] "GET /index.php?lokasie=/proc/irq/14/spurious&loknya=/proc/irq/14 HTTP/1.1" 200 4068 marketing-online-101.com "http://marketing-online-101.com/index.php?loknya=/proc/irq/14" "Mozilla/5.0 AppleWebKit/537.36 (KHTML, like Gecko; compatible; GPTBot/1.4; +https://openai.com/gptbot)" "-"
74.7.227.0 - - [23/Sep/2026:00:34:33 -0400] "GET /index.php?lokasie=/proc/irq/63/spurious&loknya=/proc/irq/63 HTTP/1.1" 200 4068 marketing-online-101.com "http://marketing-online-101.com/index.php?loknya=/proc/irq/63" "Mozilla/5.0 AppleWebKit/537.36 (KHTML, like Gecko; compatible; GPTBot/1.4; +https://openai.com/gptbot)" "-"
